CREATE TABLE `migrations` (
  `id` bigint(20) UNSIGNED NOT NULL,
  `version` varchar(255) NOT NULL,
  `class` varchar(255) NOT NULL,
  `group` varchar(255) NOT NULL,
  `namespace` varchar(255) NOT NULL,
  `time` int(11) NOT NULL,
  `batch` int(11) UNSIGNED NOT NULL
) ENGINE=InnoDB DEFAULT CHARSET=utf8mb3 COLLATE=utf8mb3_general_ci;

--
-- Dumping data for table `migrations`
--

INSERT INTO `migrations` (`id`, `version`, `class`, `group`, `namespace`, `time`, `batch`) VALUES
(1, '2023-12-23-055313', 'Modules\\Blocks\\Database\\Migrations\\Queue', 'default', 'Blocks', 1733164861, 1),
(2, '2023-12-23-055313', 'Modules\\Home\\Database\\Migrations\\Settings', 'default', 'Home', 1733164862, 2),
(3, '2023-12-26-040632', 'Modules\\Home\\Database\\Migrations\\FileManager', 'default', 'Home', 1733164862, 2),
(4, '2023-12-27-012628', 'Modules\\Home\\Database\\Migrations\\Payments', 'default', 'Home', 1733164862, 2),
(5, '2024-04-30-042916', 'Modules\\Home\\Database\\Migrations\\Blogs', 'default', 'Home', 1733164862, 2),
(6, '2024-05-15-153103', 'Modules\\Home\\Database\\Migrations\\Addons', 'default', 'Home', 1733164862, 2);

-- --------------------------------------------------------

--
-- Table structure for table `module_data`
--

CREATE TABLE `module_data` (
  `id` int(10) UNSIGNED NOT NULL,
  `tmp_id` text DEFAULT NULL,
  `uid` int(10) UNSIGNED NOT NULL,
  `message` text DEFAULT NULL,
  `address` text DEFAULT NULL,
  `status` tinyint(1) NOT NULL DEFAULT 0 COMMENT '0=pending,1=success',
  `created_at` datetime DEFAULT NULL,
  `updated_at` datetime DEFAULT NULL
) ENGINE=InnoDB DEFAULT CHARSET=utf8mb4 COLLATE=utf8mb4_unicode_ci;

--
-- Dumping data for table `module_data`
--

INSERT INTO `module_data` (`id`, `tmp_id`, `uid`, `message`, `address`, `status`, `created_at`, `updated_at`) VALUES
(15, NULL, 358, 'You have received payment Tk 1,500.00 from 01329503432. Fee Tk 0.00. Balance Tk 1,506.40. TrxID CCE6L9KZ74 at 14/03/2025 20:27', 'bKash', 0, '2025-03-14 20:27:21', NULL),
(16, NULL, 358, 'You have received payment Tk 20.00 from 01783632964. Fee Tk 0.00. Balance Tk 1,526.40. TrxID CCE8LAW19U at 14/03/2025 21:13', 'bKash', 0, '2025-03-14 21:13:41', NULL),
(17, NULL, 358, 'TK 1,500.00 credited to A/C#10531**0001 on 14-03-25 @09:15 PM from OTHER BANK. Balance TK 4,047.24. BRAC Bank.', 'BRAC-BANK', 0, '2025-03-14 21:16:05', NULL),
(18, NULL, 358, 'আজকের অফার ৮০মিনিট ৫৫টাকা ৩০দিন ডায়াল *১২১*৩২০৪# https://mygp.li/oS3', 'GP80MIN55TK', 0, '2025-03-15 09:46:39', NULL),
(19, NULL, 358, 'আজ ৪জিবি ৯০টাকা ৭দিন। ডায়াল *১২১*৫৪৫০# বা https://mygp.li/Rt', 'GP4GB90TK7D', 0, '2025-03-15 10:08:09', NULL),
(20, NULL, 358, 'আজকের অফার! ৮জিবি ১০০টাকা ৩০দিন (১বার)! *১২১*৫০৭১# https://mygp.li/o9', 'GP8GB100TK', 0, '2025-03-15 12:50:30', NULL),
(21, NULL, 358, 'আজ ২জিবি ৪০টাকা ৭দিন। ডায়াল *১২১*৫১৮২# বা https://mygp.li/Xb', 'GP 2GB40TK', 0, '2025-03-16 08:17:39', NULL),
(22, NULL, 358, '৩৫৮টাকা ১৫জিবি+৩০০মিনিট ৩০দিন,ডায়াল *১২১*৫৩৫৮# বা https://mygp.li/3N8', 'GP Bundle', 0, '2025-03-16 11:45:41', NULL),
(23, NULL, 358, 'আজকের অফার! ৮জিবি ১০০টাকা ৩০দিন (১বার)! *১২১*৫০৭১# https://mygp.li/o9', 'GP8GB100TK', 0, '2025-03-16 12:36:25', NULL),
(24, NULL, 358, 'You have received payment Tk 2,000.00 from 01674962416. Fee Tk 0.00. Balance Tk 2,005.55. TrxID CCG1MIY18N at 16/03/2025 14:00', 'bKash', 0, '2025-03-16 14:00:44', NULL),
(25, NULL, 358, '৪জিবি + ১২৫মিনিট ১২৫ টাকা-৭দিন,ডায়াল *১২১*৫৫০৮# বা https://mygp.li/8M', 'GP Bundle', 0, '2025-03-17 09:50:08', NULL),
(26, NULL, 358, 'আজ ৪জিবি ৯০টাকা ৭দিন। ডায়াল *১২১*৫৪৫০# বা https://mygp.li/Rt', 'GP4GB90TK7D', 0, '2025-03-17 09:50:10', NULL),
(27, NULL, 358, 'আজকের অফার! ৮জিবি ১০০টাকা ৩০দিন (১বার)! *১২১*৫০৭১# https://mygp.li/o9', 'GP8GB100TK', 0, '2025-03-17 11:37:38', NULL),
(28, NULL, 358, 'TK 690.00 has been credited to your A/C# 10531**0001 on 17-03-25. Your A/C balance is TK 4,737.24. For Enquiry call: 16221', 'BRAC-BANK', 0, '2025-03-17 13:48:46', NULL),
(29, NULL, 358, 'TK 5,000.00 has been deposited to A/C#10531**0001 on 17-03-25 @01:53 PM at NARAYANGANJ CRM NARAYANGONJ BD. Balance TK 9,737.24. BRAC Bank.', 'BRAC-BANK', 0, '2025-03-17 13:53:15', NULL),
(30, NULL, 358, 'আপনি উপভোগ করছেন ১পয়সা/সেকেন্ড কলরেট, মেয়াদ ২৩ মার্চ ‘২৫ পর্যন্ত', 'GP1Poisha', 0, '2025-03-17 17:23:05', NULL),
(31, NULL, 358, 'TK 3,000.00 credited to A/C#10531**0001 on 17-03-25 @08:36 PM from OTHER BANK. Balance TK 12,737.24. BRAC Bank.', 'BRAC-BANK', 0, '2025-03-17 20:36:56', NULL),
(32, NULL, 358, 'You have received Tk 1,500.00 from M A supershopbd_01645007201 01645007201. Ref . Fee Tk 0.00. Balance Tk 3,505.55. TrxID CCH8NT2TIC at 17/03/2025 22:35', 'bKash', 0, '2025-03-17 22:35:59', NULL),
(33, NULL, 358, 'You have received payment Tk 1,400.00 from 01674962416. Ref bdpaymentgateway and sohelrasel. Fee Tk 0.00. Balance Tk 4,905.55. TrxID CCH9NTW41P at 17/03/2025 23:10', 'bKash', 0, '2025-03-17 23:10:10', NULL),
(34, NULL, 358, 'Send Money Tk 1,000.00 to 01969176234 successful. Ref . Fee Tk 5.00. Balance Tk 3,900.55. TrxID CCI6NWT2K0 at 18/03/2025 04:37', 'bKash', 0, '2025-03-18 04:38:02', NULL),
(35, NULL, 358, 'Cash Out Tk 1,256.30 to Habibur Telecom And Store_01323775746 01323775746 successful. Fee Tk 18.72. Balance Tk 2,625.53. TrxID CCI9O02Y6D at 18/03/2025 09:46', 'bKash', 0, '2025-03-18 09:46:56', NULL),
(36, NULL, 358, 'Merchant Payment Tk 1,938.00 to Ofaex It Solutions_01869430242 01869430242 successful. Ref . Fee Tk 3.88. Balance Tk 683.65. TrxID CCI0O173QE at 18/03/2025 10:23', 'bKash', 0, '2025-03-18 10:23:30', NULL),
(37, NULL, 358, 'আজকের অফার! ৮জিবি ১০০টাকা ৩০দিন (১বার)! *১২১*৫০৭১# https://mygp.li/o9', 'GP8GB100TK', 0, '2025-03-18 11:01:22', NULL),
(38, NULL, 358, '৩৫৮টাকা ১৫জিবি+৩০০মিনিট ৩০দিন,ডায়াল *১২১*৫৩৫৮# বা https://mygp.li/3N8', 'GP Bundle', 0, '2025-03-18 11:50:41', NULL),
(39, NULL, 358, 'আজকের অফার ৮০মিনিট ৫৫টাকা ৩০দিন ডায়াল *১২১*৩২০৪# https://mygp.li/oS3', 'GP80MIN55TK', 0, '2025-03-18 11:56:46', NULL),
(40, NULL, 358, 'আজ ২জিবি ৪০টাকা ৭দিন। ডায়াল *১২১*৫১৮২# বা https://mygp.li/Xb', 'GP 2GB40TK', 0, '2025-03-18 11:56:47', NULL),
(41, NULL, 358, 'You have received payment Tk 900.00 from 01674962416. Fee Tk 0.00. Balance Tk 1,583.65. TrxID CCI2O8HX6Y at 18/03/2025 13:47', 'bKash', 0, '2025-03-18 13:47:41', NULL),
(42, NULL, 358, 'Dear MD Leon  Islam, Your invoice #(invoiceid) was due on 17.03.2025 and is now overdue. Please make the payment at your earliest convenience to avoid service disruption. – HPLink DC  Let me know if you need any modifications! ????HPL DC', '+8809601003407', 0, '2025-03-18 15:00:35', NULL),
(43, NULL, 367, ' bbb', 'bkash', 0, '2026-01-04 15:54:32', NULL);

-- --------------------------------------------------------

--
-- Table structure for table `notifications`
--

CREATE TABLE `notifications` (
  `id` int(10) UNSIGNED NOT NULL,
  `uid` int(10) UNSIGNED NOT NULL,
  `message` text NOT NULL,
  `is_read` tinyint(1) NOT NULL DEFAULT 0,
  `admin_status` tinyint(1) NOT NULL DEFAULT 1,
  `is_admin_read` tinyint(1) NOT NULL DEFAULT 0,
  `created_at` datetime DEFAULT NULL
) ENGINE=InnoDB DEFAULT CHARSET=utf8mb4 COLLATE=utf8mb4_unicode_ci;

--
-- Dumping data for table `notifications`
--

INSERT INTO `notifications` (`id`, `uid`, `message`, `is_read`, `admin_status`, `is_admin_read`, `created_at`) VALUES
(2, 357, 'Hi,Asdfgh, your account is Updated by an Admin', 0, 0, 0, '2025-03-11 20:15:17'),
(3, 358, 'Hi,MD Leon, your account is created Successfully', 0, 0, 0, '2025-03-11 20:16:53'),
(4, 359, 'Hi,Nannu Islam, your account is created Successfully', 0, 0, 0, '2025-03-13 20:38:25'),
(5, 360, 'Hi,Swadhin, your account is created Successfully', 0, 0, 0, '2025-03-18 01:16:11'),
(7, 362, 'Hi,Md Rakibul, your account is created Successfully', 0, 0, 0, '2025-05-09 21:41:18'),
(8, 363, 'Hi,RP DEVELOPER, your account is created Successfully', 0, 0, 0, '2025-05-09 21:45:17'),
(9, 1, 'Hi,R Lab BD, your account is Updated by an Admin', 0, 0, 0, '2025-05-09 21:52:37'),
(10, 364, 'Hi,ridhitopup, your account is created Successfully', 0, 0, 0, '2026-01-02 21:19:43'),
(11, 365, 'Hi,ridhitopup, your account is created Successfully', 0, 0, 0, '2026-01-03 08:59:11'),
(12, 366, 'Hi,mk, your account is created Successfully', 0, 0, 0, '2026-01-03 09:06:08'),
(13, 1, 'Hi,R Lab BD, your Pasword is Updated by an Admin', 0, 0, 0, '2026-01-03 10:27:27'),
(14, 367, 'Hi,Bzhz, your account is created Successfully', 0, 0, 0, '2026-01-03 21:18:54');

-- --------------------------------------------------------

--
-- Table structure for table `options`
--

CREATE TABLE `options` (
  `id` int(9) NOT NULL,
  `name` text DEFAULT NULL,
  `value` text DEFAULT NULL
) ENGINE=InnoDB DEFAULT CHARSET=utf8mb3 COLLATE=utf8mb3_general_ci;

--
-- Dumping data for table `options`
--

INSERT INTO `options` (`id`, `name`, `value`) VALUES
(1, 'is_maintenance_mode', '0'),
(2, 'site_title', 'bdbetterpay.com'),
(3, 'site_description', 'bdbetterpay.com is your one-stop platform for seamless and secure payment automation. We specialise in streamlining payment processes for businesses and individuals, offering features like recurring billing, real-time transaction tracking, and integration with multiple payment gateways. With a focus on efficiency and user-friendliness, Auto Pay Solution ensures your payments are handled effortlessly, giving you more time to focus on growth. Experience the convenience of automated payments with our cutting-edge technology and reliable customer support.'),
(4, 'site_keywords', 'bdbetterpay.com'),
(5, 'site_icon', 'public/uploads/admin/356a192b7913b04c54574d18c28d46e6395428ab/1767413918_e5ac4dc5a0c02f08ad26.jpg'),
(6, 'site_name', 'bdbetterpay.com'),
(7, 'default_limit_per_page', '40'),
(8, 'currency_decimal', '2'),
(9, 'currency_decimal_separator', 'dot'),
(10, 'currency_thousand_separator', 'comma'),
(11, 'currency_symbol', '৳'),
(12, 'maintenance_mode_time', '2024-06-02T20:31'),
(13, 'enable_https', '1'),
(14, 'optimize', '1'),
(15, 'address', 'Jigatola, Dhanmondi, Dhaka'),
(16, 'social_github_link', '#'),
(17, 'social_facebook_link', 'https://www.facebook.com/'),
(18, 'social_instagram_link', '#'),
(19, 'social_pinterest_link', '#'),
(20, 'social_twitter_link', '#'),
(21, 'social_tumblr_link', ''),
(22, 'social_youtube_link', '#'),
(23, 'contact_tel', '+8801783632964(WhatsApp)'),
(24, 'contact_email', 'tuktakpay@gmail.com'),
(25, 'contact_work_hour', 'Sat-Thu 09 am - 10 pm'),
(26, 'copy_right_content', 'BDBetterPay'),
(27, 'update_file', '1'),
(28, 'honeypot', ''),
(29, 'site_logo', 'public/uploads/admin/356a192b7913b04c54574d18c28d46e6395428ab/1767413924_207c9d5267b9409f156e.jpg'),
(30, 'is_clear_ticket', '0'),
(31, 'default_clear_ticket_days', '30'),
(32, 'default_pending_ticket_per_user', '0'),
(33, 'enable_notification_popup', '0'),
(34, 'notification_popup_content', '<p><span style=\"color: #0000ff;\"><strong>টুকটাক পে তে আপনাকে স্বাগত জানাই।</strong></span> <br />টুকটাক পে সম্পর্কিত সমস্যা ও সম্ভাবনা জানান আমাদের-<br />fb.com/tuktakpay<br />Telegram: t.me/paytuktak</p>\r\n<p>ধন্যবাদ<br />টুকটাক পে টিম</p>'),
(35, 'enable_panel_notification_popup', '0'),
(36, 'notification_popup_panel_content', '<p><span style=\"color: #0000ff;\"><strong>টুকটাক পে তে আপনাকে স্বাগত জানাই।</strong></span> <br />টুকটাক পে সম্পর্কিত সমস্যা ও সম্ভাবনা জানান আমাদের-<br />fb.com/tuktakpay<br />Telegram: t.me/paytuktak</p>\r\n<p>ধন্যবাদ<br />টুকটাক পে টিম</p>'),
(37, 'is_verification_new_account', '0'),
(38, 'is_welcome_email', '0'),
(39, 'is_new_user_email', '0'),
(40, 'email_welcome_email_subject', 'Welcome To Our site'),
(41, 'enable_notification', '1'),
(42, 'email_from', 'support@tuktakpay.com'),
(43, 'email_name', 'TukTak Pay'),
(44, 'email_protocol_type', 'php_mail'),
(45, 'is_addfund_bonus', '0'),
(46, 'is_plan_bonus', '0'),
(47, 'is_signup_bonus', '0'),
(48, 'signup_bonus_amount', '0'),
(49, 'affiliate_bonus_type', ''),
(50, 'affiliate_bonus', '0'),
(51, 'min_affiliate_amount', '0'),
(52, 'max_affiliate_time', '0'),
(53, 'currency_code', 'BDT'),
(54, 'auto_rounding_x_decimal_places', '2'),
(55, 'is_auto_currency_convert', '0'),
(56, 'new_currecry_rate', '1'),
(57, 'policy_content', ''),
(58, 'embed_head_javascript', '&lt;!-- Google tag (gtag.js) --&gt;\r\n&lt;script async src=&quot;https://www.googletagmanager.com/gtag/js?id=G-Y94EHHD0L5&quot;&gt;&lt;/script&gt;\r\n&lt;script&gt; window.dataLayer = window.dataLayer || []; function gtag(){dataLayer.push(arguments);} gtag(&#039;js&#039;, new Date()); gtag(&#039;config&#039;, &#039;G-Y94EHHD0L5&#039;);\r\n&lt;/script&gt;\r\n&lt;div id=&quot;myAliceWebChatWA&quot;&gt;&lt;/div&gt;\r\n&lt;!-- Telegram Button --&gt;\r\n&lt;div id=&quot;myAliceWebChatTG&quot;&gt;&lt;/div&gt;\r\n&lt;script&gt;\r\n!function(){ var e, t, n, a; if (!window.MyAliceWebChat) { (t = document.createElement(&quot;div&quot;)).id = &quot;myAliceWebChatLoader&quot;, (n = document.createElement(&quot;script&quot;)).type = &quot;text/javascript&quot;, n.async = !0, n.src = &quot;https://widget.myalice.ai/index.js&quot;, (a = (e = document.body.getElementsByTagName(&quot;script&quot;))[e.length - 1]).parentNode.insertBefore(n, a), a.parentNode.insertBefore(t, a), n.addEventListener(&quot;load&quot;, (function(){ // WhatsApp Button MyAliceWebChat.init({ selector: &quot;myAliceWebChatWA&quot;, number: &quot;+88001625970780&quot;, message: &quot;আসসালাইমুয়ালাইকুম&quot;, color: &quot;#25D366&quot;, channel: &quot;wa&quot;, boxShadow: &quot;none&quot;, text: &quot;Whatsapp&quot;, theme: &quot;light&quot;, position: &quot;left&quot;, mb: &quot;15px&quot;, mx: &quot;20px&quot;, radius: &quot;20px&quot; }); // Telegram Button MyAliceWebChat.init({ selector: &quot;myAliceWebChatTG&quot;, number: &quot;nagorikpay&quot;, message: &quot;&quot;, color: &quot;#2AABEE&quot;, channel: &quot;tg&quot;, boxShadow: &quot;none&quot;, text: &quot;Telegram&quot;, theme: &quot;light&quot;, position: &quot;left&quot;, mt: &quot;40px&quot;, // Top margin mb: &quot;70px&quot;, // Bottom margin mx: &quot;20px&quot;, radius: &quot;20px&quot; }); })); }\r\n}();\r\n&lt;/script&gt;'),
(59, 'embed_javascript', ''),
(60, 'is_payment_notice_email', '0'),
(61, 'is_ticket_notice_email', '0'),
(62, 'is_ticket_notice_email_admin', '0'),
(63, 'is_order_notice_email', '0'),
(64, 'smtp_server', ''),
(65, 'smtp_port', '587'),
(66, 'smtp_encryption', 'tls'),
(67, 'smtp_username', ''),
(68, 'smtp_password', ''),
(69, 'limit_per_page', '10'),
(70, 'terms_content', ''),
(71, 'enable_all_user', '1'),
(72, 'enable_database_cache', '1'),
(73, 'enable_tickets', '1'),
(74, 'affiliate_level', '4'),
(75, 'verification_email_subject', '{{website_name}} - Please validate your account'),
(76, 'verification_email_content', '<p><strong>Welcome to {{website_name}}!&nbsp;</strong></p>\r\n<p>Hello <strong>{{first_name}}</strong>!</p>\r\n<p>&nbsp;Thank you for joining! We\'re glad to have you as community member, and we\'re stocked for you to start exploring our service. &nbsp;If you don\'t verify your address, you won\'t be able to create a&nbsp;User Account.</p>\r\n<p>&nbsp;&nbsp;All you need to do is activate your account&nbsp;by click this link:&nbsp;<br />&nbsp; {{activation_link}}&nbsp;</p>\r\n<p>Thanks and Best Regards!</p>'),
(77, 'email_welcome_email_content', '<p><strong>Welcome to {{website_name}}!&nbsp;</strong></p>\r\n<p>Hello <strong>{{first_name}}</strong>!</p>\r\n<p>Congratulations!&nbsp;<br />You have successfully signed up for our service - {{website_name}}&nbsp;with follow data</p>\r\n<ul>\r\n<li>Firstname: {{first_name}}</li>\r\n<li>Lastname: {{last_name}}</li>\r\n<li>Email: {{email}}</li>\r\n<li>Timezone: {{user_timezone}}</li>\r\n</ul>\r\n<p>We want to exceed your expectations, so please do not&nbsp;hesitate to reach out at any time if you have any questions or concerns. We look to working with you.</p>\r\n<p>Best Regards,</p>'),
(78, 'email_new_registration_subject', '{{website_name}} - New Registration'),
(79, 'email_new_registration_content', '<p>Hi Admin!</p>\r\n<p>Someone signed up in <strong>{{website_name}}</strong> with follow data</p>\r\n<ul>\r\n<li>Firstname {{first_name}}</li>\r\n<li>Lastname: {{last_name}}</li>\r\n<li>Email: {{email}}</li>\r\n<li>Timezone: {{user_timezone}}</li>\r\n</ul>'),
(80, 'email_password_recovery_subject', '{{website_name}} - Password Recovery'),
(81, 'email_password_recovery_content', '<p>Hi<strong> {{first_name}}!&nbsp;</strong></p>\r\n<p>Somebody (hopefully you) requested a new password for your account.&nbsp;</p>\r\n<p>No changes have been made to your account yet.&nbsp;<br />You can reset your password by click this link:&nbsp;<br />{{recovery_password_link}}</p>\r\n<p>If you did not request a password reset, no further action is required.&nbsp;</p>\r\n<p>Thanks and Best Regards!</p>'),
(82, 'admin_email_password_recovery_subject', '{{website_name}} - Password Recovery'),
(83, 'admin_email_password_recovery_content', '<p>Hi<strong> {{first_name}}!&nbsp;</strong></p>\r\n<p>Somebody (hopefully you) requested a new password for your account.&nbsp;</p>\r\n<p>No changes have been made to your account yet.&nbsp;<br />You can reset your password by click this link:&nbsp;<br />{{admin_recovery_password_link}}</p>\r\n<p>If you did not request a password reset, no further action is required.&nbsp;</p>\r\n<p>Thanks and Best Regards!</p>'),
(84, 'email_payment_notice_subject', '{{website_name}} -  Thank You! Deposit Payment Received'),
(85, 'email_payment_notice_content', '<p>Hi<strong> {{first_name}}!&nbsp;</strong></p>\r\n<p>We\'ve just received your final remittance and would like to thank you. We appreciate your diligence in adding funds to your balance in our service.</p>\r\n<p>It has been a pleasure doing business with you. We wish you the best of luck.</p>\r\n<p>Thanks and Best Regards!</p>'),
(86, 'business_name', ''),
(87, 'is_cookie_policy_page', '0'),
(88, 'cookies_policy_page', ''),
(89, 'embed_footee_javascript', ''),
(90, 'home_page', '1'),
(91, 'homepage_code', '\n<section id=\"hero\" class=\"hero d-flex align-items-center\">\n\n    <div class=\"container\">\n        <div class=\"row\">\n            <div class=\"col-lg-6 d-flex flex-column justify-content-center\">\n                <h1 data-aos=\"fade-up\">Automate Your Payments Seamlessly</h1>\n                <h2 data-aos=\"fade-up\" data-aos-delay=\"400\">Join us to experience efficient and secure payment solutions for your business</h2>\n                <div data-aos=\"fade-up\" data-aos-delay=\"600\">\n                    <div class=\"text-center text-lg-start\">\n                        <a href=\"/sign-up\" class=\"btn-get-started scrollto d-inline-flex align-items-center justify-content-center align-self-center\">\n                            <span>Get Started</span>\n                            <i class=\"bi bi-arrow-right\"></i>\n                        </a>\n                    </div>\n                </div>\n            </div>\n            <div class=\"col-lg-6 order-1 order-lg-2 hero-img\" data-aos=\"zoom-out\">\n            \n            <img src=\"<?= base_url(\'public/assets/plat\') ?>/123123-1.png\" class=\"img-fluid animated\" alt=\"\">\n          </div> \n            \n        </div>\n    </div>\n\n</section><!-- End Hero -->\n\n<main id=\"main\">\n\n<section id=\"about\" class=\"values\">\n    <div class=\"container\" data-aos=\"fade-up\">\n        <header class=\"section-header\">\n            <h2>We Offer</h2>\n            <p>Our guiding principles that empower seamless payment solutions</p>\n        </header>\n\n        <div class=\"row\">\n            <div class=\"col-lg-4\" data-aos=\"fade-up\" data-aos-delay=\"200\">\n                <div class=\"box\">\n                    <img src=\"<?= base_url(\'public/assets/plat\') ?>/tt.png\" class=\"img-fluid\" alt=\"\">\n                    <h3>Save Time</h3>\n                    <p>Simplify your payment processes and save valuable time with our integrated MFS API, ensuring fast and efficient transactions.</p>\n                </div>\n            </div>\n\n            <div class=\"col-lg-4 mt-4 mt-lg-0\" data-aos=\"fade-up\" data-aos-delay=\"400\">\n                <div class=\"box\">\n                    <img src=\"<?= base_url(\'public/assets/plat\') ?>/nh.png\" class=\"img-fluid\" alt=\"\">\n                    <h3>Seamless Integration</h3>\n                    <p>Easily connect and integrate with our system. Automate workflows, link applications, and manage data sources effortlessly.</p>\n                </div>\n            </div>\n\n            <div class=\"col-lg-4 mt-4 mt-lg-0\" data-aos=\"fade-up\" data-aos-delay=\"600\">\n                <div class=\"box\">\n                    <img src=\"<?= base_url(\'public/assets/plat\') ?>/mm.png\" class=\"img-fluid\" alt=\"\">\n                    <h3>Automate Personal Accounts</h3>\n                    <p>Streamline your payment reception with NagorikPay\'s automation. Direct payments to your personal account without manual intervention.</p>\n                </div>\n            </div>\n\n            <div class=\"col-lg-4 mt-4 mt-lg-0\" data-aos=\"fade-up\" data-aos-delay=\"800\">\n                <div class=\"box\">\n                    <img src=\"<?= base_url(\'public/assets/plat\') ?>/5644447.png\" class=\"img-fluid\" alt=\"\">\n                    <h3>Invoice Generator</h3>\n                    <p>Create and send personalized payment links via email for quick and easy payments, eliminating the need for a website or online store.</p>\n                </div>\n            </div>\n\n            <div class=\"col-lg-4 mt-4 mt-lg-0\" data-aos=\"fade-up\" data-aos-delay=\"1000\">\n                <div class=\"box\">\n                    <img src=\"<?= base_url(\'public/assets/plat\') ?>/6221918.png\" class=\"img-fluid\" alt=\"\">\n                    <h3>Billing Management</h3>\n                    <p>Simplify billing with NagorikPay\'s automated system. Monitor transactions, generate invoices, and streamline your billing process efficiently.</p>\n                </div>\n            </div>\n\n            <div class=\"col-lg-4 mt-4 mt-lg-0\" data-aos=\"fade-up\" data-aos-delay=\"1200\">\n                <div class=\"box\">\n                    <img src=\"<?= base_url(\'public/assets/plat\') ?>/2903544.png\" class=\"img-fluid\" alt=\"\">\n                    <h3>Multiple Payment Options</h3>\n                    <p>Offer your customers various payment methods, including Mobile Banking and Bank Transfers, through NagorikPay\'s versatile platform.</p>\n                </div>\n            </div>\n\n            \n        </div>\n    </div>\n</section><!-- End Values Section -->\n\n\n\n    <section id=\"counts\" class=\"counts\">\n    <div class=\"container\" data-aos=\"fade-up\">\n\n        <div class=\"row gy-4\">\n\n            <div class=\"col-lg-3 col-md-6\">\n                <div class=\"count-box\">\n                    <!-- Updated icon -->\n                    <i class=\"bi bi-people-fill\"></i>\n                    <div>\n                        <span data-purecounter-start=\"0\" data-purecounter-end=\"1963\" data-purecounter-duration=\"1\" class=\"purecounter\"></span>\n                        <p>Happy Clients</p>\n                    </div>\n                </div>\n            </div>\n\n            <div class=\"col-lg-3 col-md-6\">\n                <div class=\"count-box\">\n                    <!-- Updated icon -->\n                    <i class=\"bi bi-book-half\" style=\"color: #ee6c20;\"></i>\n                    <div>\n                        <span data-purecounter-start=\"0\" data-purecounter-end=\"6\" data-purecounter-duration=\"1\" class=\"purecounter\"></span>\n                        <p>Plans</p>\n                    </div>\n                </div>\n            </div>\n\n            <div class=\"col-lg-3 col-md-6\">\n                <div class=\"count-box\">\n                    <!-- Updated icon -->\n                    <i class=\"bi bi-graph-up\" style=\"color: #15be56;\"></i>\n                    <div>\n                        <span data-purecounter-start=\"0\" data-purecounter-end=\"3287490\" data-purecounter-duration=\"1\" class=\"purecounter\"></span>\n                        <p>Total Amount Transactions</p>\n                    </div>\n                </div>\n            </div>\n\n            <div class=\"col-lg-3 col-md-6\">\n                <div class=\"count-box\">\n                    <!-- Updated icon -->\n                    <i class=\"bi bi-credit-card\" style=\"color: #bb0852;\"></i>\n                    <div>\n                        <span data-purecounter-start=\"0\" data-purecounter-end=\"12\" data-purecounter-duration=\"1\" class=\"purecounter\"></span>\n                        <p>Supported Payment Methods</p>\n                    </div>\n                </div>\n            </div>\n\n        </div>\n\n    </div>\n</section>\n\n    <section id=\"features\" class=\"features\">\n\n    <div class=\"container\" data-aos=\"fade-up\">\n\n        <header class=\"section-header\">\n            <h2>Features</h2>\n            <p>Advanced capabilities for streamlined payments</p>\n        </header>\n\n        <div class=\"row\">\n\n              <div class=\"col-xl-6\" data-aos=\"zoom-out\" data-aos-delay=\"100\">\n            \n            <img src=\"<?= base_url(\'public/assets/plat\') ?>/13429923.jpg\" class=\"img-fluid\" alt=\"\">\n          </div> \n                \n\n            <div class=\"col-lg-6 mt-5 mt-lg-0 d-flex\">\n                <div class=\"row align-self-center gy-4\">\n\n                    <div class=\"col-md-6\" data-aos=\"zoom-out\" data-aos-delay=\"200\">\n                        <div class=\"feature-box d-flex align-items-center\">\n                            <i class=\"bi bi-speedometer2\"></i>\n                            <h3>Real-Time Processing</h3>\n                        </div>\n                    </div>\n\n                    <div class=\"col-md-6\" data-aos=\"zoom-out\" data-aos-delay=\"300\">\n                        <div class=\"feature-box d-flex align-items-center\">\n                            <i class=\"bi bi-shield-lock\"></i>\n                            <h3>High Security</h3>\n                        </div>\n                    </div>\n\n                    <div class=\"col-md-6\" data-aos=\"zoom-out\" data-aos-delay=\"400\">\n                        <div class=\"feature-box d-flex align-items-center\">\n                            <i class=\"bi bi-arrows-expand\"></i>\n                            <h3>Scalability</h3>\n                        </div>\n                    </div>\n\n                  \n\n                    <div class=\"col-md-6\" data-aos=\"zoom-out\" data-aos-delay=\"600\">\n                        <div class=\"feature-box d-flex align-items-center\">\n                            <i class=\"bi bi-link\"></i>\n                            <h3>Seamless Integration</h3>\n                        </div>\n                    </div>\n\n                    <div class=\"col-md-6\" data-aos=\"zoom-out\" data-aos-delay=\"700\">\n                        <div class=\"feature-box d-flex align-items-center\">\n                            <i class=\"bi bi-graph-up\"></i>\n                            <h3>Comprehensive Reporting</h3>\n                        </div>\n                    </div>\n\n                    <div class=\"col-md-6\" data-aos=\"zoom-out\" data-aos-delay=\"800\">\n                        <div class=\"feature-box d-flex align-items-center\">\n                            <i class=\"bi bi-check-circle\"></i>\n                            <h3>Automatic Payment Verification</h3>\n                        </div>\n                    </div>\n\n                    <div class=\"col-md-6\" data-aos=\"zoom-out\" data-aos-delay=\"900\">\n                        <div class=\"feature-box d-flex align-items-center\">\n                            <i class=\"bi bi-cash\"></i>\n                            <h3>No Transaction Fees</h3>\n                        </div>\n                    </div>\n\n                </div>\n            </div>\n\n        </div> <!-- / row -->\n\n    </div>\n\n</section><!-- End Features Section -->\n<section id=\"services\" class=\"services\">\n\n    <div class=\"container\" data-aos=\"fade-up\">\n\n        <header class=\"section-header\">\n            <h2>Services</h2>\n            <p>Explore our range of services</p>\n        </header>\n\n        <div class=\"row mt-5\">\n\n            <div class=\"col-lg-4 col-md-6\" data-aos=\"fade-up\" data-aos-delay=\"200\">\n                <div class=\"service-box blue\">\n                    <i class=\"bi bi-lightning-charge-fill icon\"></i>\n                    <h3>Instant Payment</h3>\n                    <p>After the customer makes the payment through NAGORIKPAY, it will be instantly added to account with automatic verification.</p>\n                      </div>\n            </div>\n\n            <div class=\"col-lg-4 col-md-6\" data-aos=\"fade-up\" data-aos-delay=\"300\">\n                <div class=\"service-box orange\">\n                    <i class=\"bi bi-arrow-repeat icon\"></i>\n                    <h3>Lifetime Updates</h3>\n                    <p>Enjoy free lifetime updates with the desired service.</p>\n                        </div>\n            </div>\n\n            <div class=\"col-lg-4 col-md-6\" data-aos=\"fade-up\" data-aos-delay=\"400\">\n                <div class=\"service-box green\">\n                    <i class=\"bi bi-wallet icon\"></i>\n                    <h3>Unlimited Transactions</h3>\n                    <p>Receive unlimited payments with Nagorikpay without any fees.</p>\n                     </div>\n            </div>\n\n            <div class=\"col-lg-4 col-md-6\" data-aos=\"fade-up\" data-aos-delay=\"500\">\n                <div class=\"service-box red\">\n                    <i class=\"bi bi-chat-dots icon\"></i>\n                    <h3>24/7 Support</h3>\n                    <p>Our support team is available 24/7 to solve any issues, including NagorikPay setup and usage.</p>\n                     </div>\n            </div>\n\n            <div class=\"col-lg-4 col-md-6\" data-aos=\"fade-up\" data-aos-delay=\"600\">\n                <div class=\"service-box purple\">\n                    <i class=\"bi bi-credit-card icon\"></i>\n                    <h3>Payment Processing</h3>\n                    <p>Efficient and secure processing for all your payment needs, ensuring seamless transactions every time.</p>\n                     </div>\n            </div>\n\n            <div class=\"col-lg-4 col-md-6\" data-aos=\"fade-up\" data-aos-delay=\"700\">\n                <div class=\"service-box pink\">\n                    <i class=\"bi bi-shield-check icon\"></i>\n                    <h3>Fraud Prevention</h3>\n                    <p>Advanced fraud prevention measures to protect your business and customers from unauthorized activities.</p>\n                      </div>\n            </div>\n\n        </div>\n\n    </div>\n\n</section><!-- End Services Section -->\n\n</main>\n\n\n\n    <!-- ======= Pricing Section ======= -->\n    <section id=\"pricing\" class=\"pricing\">\n\n        <div class=\"container\" data-aos=\"fade-up\">\n\n            <header class=\"section-header\">\n                <h2>Pricing</h2>\n                <p>Check our Pricing</p>\n            </header>\n\n            <div class=\"row gy-4\" data-aos=\"fade-left\">\n\n                <?php if (!empty($plans)) : foreach ($plans as $plan) :  ?>\n                        <div class=\"col-lg-3 col-md-6\" data-aos=\"zoom-in\" data-aos-delay=\"100\">\n                            <div class=\"box\">\n                                <h3 style=\"color: #07d5c0;\"><?= $plan[\'name\'] ?></h3>\n                                <div class=\"price\"><sup></sup><?= currency_format($plan[\'final_price\']) ?><span> / <?= duration_type($plan[\'name\'], $plan[\'duration_type\'], $plan[\'duration\'], false) ?></span></div>\n                                <p class=\"text-center\"><?= $plan[\'description\'] ?></p>\n\n                                <ul>\n                                    \n                                    <li><?= plan_message(\'brand\', $plan[\'brand\']) ?></li>\n                                    <li><?= plan_message(\'device\', $plan[\'device\']) ?></li>\n                                    <li><?= plan_message(\'transaction\', $plan[\'transaction\']) ?></li>\n                                </ul>\n                                <a href=\"<?= user_url(\'plans\') ?>\" class=\"btn-buy\">Buy Now</a>\n                            </div>\n                        </div>\n                <?php endforeach;\n                endif; ?>\n\n\n\n            </div>\n\n        </div>\n\n        </div>\n\n    </section><!-- End Pricing Section -->\n    \n    <!-- ======= Platform Section ======= -->\n    <section id=\"\" class=\"clients\">\n\n      <div class=\"container\" data-aos=\"fade-up\">\n\n        <header class=\"section-header\">\n          <p>Supported Platforms</p>\n        </header>\n\n        <div class=\"clients-slider swiper\">\n          <div class=\"swiper-wrapper align-items-center\">\n          <div class=\"swiper-slide\"><img src=\"public/assets/plat/smm.png\" class=\"img-fluid\" alt=\"\"></div>\n            <div class=\"swiper-slide\"><img src=\"public/assets/plat/php.png\" class=\"img-fluid\" alt=\"\"></div>\n            <div class=\"swiper-slide\"><img src=\"public/assets/plat/javascript.png\" class=\"img-fluid\" alt=\"\"></div>\n            <div class=\"swiper-slide\"><img src=\"public/assets/plat/jquery.png\" class=\"img-fluid\" alt=\"\"></div>\n            <div class=\"swiper-slide\"><img src=\"public/assets/plat/nodejs.png\" class=\"img-fluid\" alt=\"\"></div>\n            <div class=\"swiper-slide\"><img src=\"public/assets/plat/whmcs-logo.png\" class=\"img-fluid\" alt=\"\"></div>\n            <div class=\"swiper-slide\"><img src=\"public/assets/plat/woocommerce-logo-transparent.png\" class=\"img-fluid\" alt=\"\"></div>\n            <div class=\"swiper-slide\"><img src=\"public/assets/plat/wordpress-logo-stacked-rgb.png\" class=\"img-fluid\" alt=\"\"></div>\n          </div>\n          <div class=\"swiper-pagination\"></div>\n        </div>\n      </div>\n\n    </section><!-- End Section -->\n    \n    \n    <!-- ======= F.A.Q Section ======= -->\n    <section id=\"faq\" class=\"faq\">\n\n        <div class=\"container\" data-aos=\"fade-up\">\n\n            <header class=\"section-header\">\n                <h2>F.A.Q</h2>\n                <p>Frequently Asked Questions</p>\n            </header>\n            <?php if (!empty($items)) : ?>\n                <div class=\"row\">\n                    <div class=\"col-lg-6\">\n                        <!-- F.A.Q List 1-->\n                        <div class=\"accordion accordion-flush\" id=\"faqlist1\">\n                            <?php\n                            // Split items for the first column\n                            $firstColumnItems = array_slice($items, 0, ceil(count($items) / 2));\n                            foreach ($firstColumnItems as $key => $item) : ?>\n                                <div class=\"accordion-item wow fadeInUp\" data-wow-delay=\"0.1s\">\n                                    <h2 class=\"accordion-header\" id=\"m<?= $item[\'id\'] ?>\">\n                                        <button class=\"accordion-button <?= $key == 0 ? \'\' : \'collapsed\' ?>\" type=\"button\" data-bs-toggle=\"collapse\" data-bs-target=\"#kkk<?= $item[\'id\'] ?>\" aria-expanded=\"<?= $key == 0 ? \'true\' : \'false\' ?>\" aria-controls=\"kkk<?= $item[\'id\'] ?>\">\n                                            <?= $item[\'question\'] ?>\n                                        </button>\n                                    </h2>\n                                    <div id=\"kkk<?= $item[\'id\'] ?>\" class=\"accordion-collapse collapse <?= $key == 0 ? \'show\' : \'\' ?>\" aria-labelledby=\"m<?= $item[\'id\'] ?>\" data-bs-parent=\"#faqlist1\">\n                                        <div class=\"accordion-body\">\n                                            <?= $item[\'answer\'] ?>\n                                        </div>\n                                    </div>\n                                </div>\n                            <?php endforeach; ?>\n                        </div>\n                    </div>\n\n                    <div class=\"col-lg-6\">\n                        <!-- F.A.Q List 2-->\n                        <div class=\"accordion accordion-flush\" id=\"faqlist2\">\n                            <?php\n                            // Split items for the second column\n                            $secondColumnItems = array_slice($items, ceil(count($items) / 2));\n                            foreach ($secondColumnItems as $key => $item) : ?>\n                                <div class=\"accordion-item wow fadeInUp\" data-wow-delay=\"0.1s\">\n                                    <h2 class=\"accordion-header\" id=\"m<?= $item[\'id\'] ?>\">\n                                        <button class=\"accordion-button collapsed\" type=\"button\" data-bs-toggle=\"collapse\" data-bs-target=\"#kkk<?= $item[\'id\'] ?>\" aria-expanded=\"false\" aria-controls=\"kkk<?= $item[\'id\'] ?>\">\n                                            <?= $item[\'question\'] ?>\n                                        </button>\n                                    </h2>\n                                    <div id=\"kkk<?= $item[\'id\'] ?>\" class=\"accordion-collapse collapse\" aria-labelledby=\"m<?= $item[\'id\'] ?>\" data-bs-parent=\"#faqlist2\">\n                                        <div class=\"accordion-body\">\n                                            <?= $item[\'answer\'] ?>\n                                        </div>\n                                    </div>\n                                </div>\n                            <?php endforeach; ?>\n                        </div>\n                    </div>\n                </div>\n            <?php endif; ?>\n\n\n        </div>\n\n    </section><!-- End F.A.Q Section -->\n\n    <section id=\"clients\" class=\"clients\">\n\n        <div class=\"container\" data-aos=\"fade-up\">\n\n            <header class=\"section-header\">\n                <p>Supported Gateways</p>\n            </header>\n\n            <div class=\"clients-slider swiper\">\n                <div class=\"swiper-wrapper align-items-center\">\n                    <?php if (!empty($payments)) : foreach ($payments as $payment) : ?>\n                            <div class=\"swiper-slide\"><img src=\"<?= base_url() . @get_value(get_value($payment[\'params\'], \'option\'), \'logo\'); ?>\" class=\"img-fluid\" alt=\"\"></div>\n                    <?php endforeach;\n                    endif; ?>\n                </div>\n                <div class=\"swiper-pagination\"></div>\n            </div>\n        </div>\n\n    </section><!-- End Clients Section -->\n    \n<section id=\"contact\" class=\"contact\">\n\n      <div class=\"container\" data-aos=\"fade-up\">\n\n        <header class=\"section-header\">\n          <p>Contact US</p>\n        </header>\n\n        <div class=\"row gy-4\">\n\n          <div class=\"col-lg-6\">\n\n            <div class=\"row gy-4\">\n              <div class=\"col-md-6\">\n                <div class=\"info-box\">\n                  <i class=\"bi bi-geo-alt\"></i>\n                  <h3>Address</h3>\n                  <p><?= site_config(\'address\') ?></p>\n                </div>\n              </div>\n              <div class=\"col-md-6\">\n                <div class=\"info-box\">\n                  <i class=\"bi bi-telephone\"></i>\n                  <h3>Call Us</h3>\n                  <p><?= site_config(\'contact_tel\') ?></p>\n                </div>\n              </div>\n              <div class=\"col-md-6\">\n                <div class=\"info-box\">\n                  <i class=\"bi bi-envelope\"></i>\n                  <h3>Email Us</h3>\n                  <p><?= site_config(\'contact_email\') ?></p>\n                </div>\n              </div>\n              <div class=\"col-md-6\">\n                <div class=\"info-box\">\n                  <i class=\"bi bi-clock\"></i>\n                  <h3>Open Hours</h3>\n                  <p><?= site_config(\'contact_work_hour\') ?></p>\n                </div>\n              </div>\n            </div>\n\n          </div>\n\n          \n\n        </div>\n\n      </div>\n\n    </section><!-- End Contact Section -->\n\n\n\n</main><!-- End #main -->'),
(92, 'google_login', '1'),
(93, 'google_auth_clientId', 'Google Auth Client Id'),
(94, 'google_auth_clientSecret', 'Google Auth ClientSecret'),
(95, 'enable_google_recaptcha', '0'),
(96, 'google_capcha_site_key', ''),
(97, 'google_capcha_secret_key', ''),
(98, 'enable_kyc', '1'),
(99, 'preloader', '0'),
(100, 'enable_google_translator', '1'),
(101, 'enable_goolge_translator', '0'),
(102, 'preoloader', '1'),
(103, 'enable_goolge_recapcha', '0'),
(104, 'enable_google_recapcha', '1'),
(105, 'sms_api_char_length', ''),
(106, 'sms_api_o_char_length', ''),
(107, 'sms_api_cost', ''),
(108, 'sms_api_header_data', ''),
(109, 'sms_api_params', ''),
(110, 'sms_api_formdata', 'h'),
(111, 'sms_api_success_key', 'response_code'),
(112, 'sms_api_success_value', '202'),
(113, 'is_user_trx_sms', '0'),
(114, 'is_user_customer_trx_sms', '0'),
(115, 'is_user_plan_sms', '0'),
(116, 'is_user_addon_sms', '0'),
(117, 'sms_api_method', 'POST'),
(118, 'sms_api_url', 'https://rest.nexmo.com/sms/json'),
(119, 'theme', 'custom'),
(120, 'user_plan_sms', 'Hi<strong> {{first_name}}!</strong>A plan of {{pay_amount}} tk has been added to your account successfully!</p>'),
(124, 'site_paymentform', 'V2'),
(125, 'website_name', 'Your Site'),
(126, 'website_favicon', 'https://trustpaybd.com/assets/images/favicon.png'),
(127, 'website_logo', ''),
(128, 'site_form', 'V4');

-- --------------------------------------------------------

--
-- Table structure for table `payments`
--

CREATE TABLE `payments` (
  `id` int(10) UNSIGNED NOT NULL,
  `type` varchar(255) DEFAULT NULL,
  `name` varchar(225) NOT NULL,
  `sort` int(3) DEFAULT NULL,
  `status` varchar(10) NOT NULL DEFAULT '0' COMMENT '1=on, 0=off',
  `params` text NOT NULL
) ENGINE=InnoDB DEFAULT CHARSET=utf8mb4 COLLATE=utf8mb4_unicode_ci;

--
-- Dumping data for table `payments`
--

INSERT INTO `payments` (`id`, `type`, `name`, `sort`, `status`, `params`) VALUES
(1, 'BDBetterPay', 'BD Better Pay', 1, '1', '{\"type\":\"BDBetterPay\",\"option\":{\"logo\":\"public\\/uploads\\/admin\\/356a192b7913b04c54574d18c28d46e6395428ab\\/1734519128_69d5a090b9b3df244e02.jpg\"},\"name\":\"BD Better Pay\",\"status\":\"1\"}'),
(13, 'bkash', 'Bkash', 2, '1', '{\"type\":\"bkash\",\"option\":{\"logo\":\"public\\/uploads\\/admin\\/356a192b7913b04c54574d18c28d46e6395428ab\\/1720001734_bed271b1089aa12b9887.png\"},\"name\":\"Bkash\",\"status\":\"1\"}'),
(20, 'nagad', 'Nagad', 3, '1', '{\"type\":\"nagad\",\"option\":{\"logo\":\"public\\/uploads\\/admin\\/356a192b7913b04c54574d18c28d46e6395428ab\\/1717231942_d63fe41b5e42176d4936.png\"},\"name\":\"Nagad\",\"status\":\"1\"}'),
(21, 'rocket', 'Rocket', 4, '1', '{\"type\":\"rocket\",\"option\":{\"logo\":\"public\\/uploads\\/admin\\/356a192b7913b04c54574d18c28d46e6395428ab\\/1717239532_10348cc78dc0b990a8e5.png\"},\"name\":\"Rocket\",\"status\":\"1\"}'),
(22, 'upay', 'Upay', 5, '1', '{\"type\":\"upay\",\"option\":{\"logo\":\"public\\/uploads\\/admin\\/356a192b7913b04c54574d18c28d46e6395428ab\\/1717239551_f0b3a097df92d481e17f.png\"},\"name\":\"Upay\",\"status\":\"1\"}'),
(23, 'cellfin', 'Cellfin', 6, '1', '{\"type\":\"cellfin\",\"option\":{\"logo\":\"public\\/uploads\\/admin\\/356a192b7913b04c54574d18c28d46e6395428ab\\/1717239575_607da191972f326bb061.png\"},\"name\":\"Cellfin\",\"status\":\"1\"}'),
(24, 'ibl', 'Islamic Bank', 8, '1', '{\"type\":\"ibl\",\"option\":{\"logo\":\"public\\/uploads\\/admin\\/356a192b7913b04c54574d18c28d46e6395428ab\\/1719310270_cf7aa34e989a1c87b73b.png\"},\"name\":\"Islamic Bank\",\"status\":\"1\"}'),
(25, 'bbrac', 'Brac Bank', 15, '1', '{\"type\":\"bbrac\",\"option\":{\"logo\":\"public\\/uploads\\/admin\\/356a192b7913b04c54574d18c28d46e6395428ab\\/1717513007_a36d41cb85a2daa5c0d7.png\"},\"name\":\"Brac Bank\",\"status\":\"1\"}'),
(26, 'basia', 'Bank Asia', 16, '1', '{\"type\":\"basia\",\"option\":{\"logo\":\"public\\/uploads\\/admin\\/356a192b7913b04c54574d18c28d46e6395428ab\\/1717513044_27c3590d4bdfcf8e000f.png\"},\"name\":\"Bank Asia\",\"status\":\"1\"}'),
(27, 'dbbl', 'DBBL Bank', 12, '1', '{\"type\":\"dbbl\",\"option\":{\"logo\":\"public\\/uploads\\/admin\\/356a192b7913b04c54574d18c28d46e6395428ab\\/1719309653_65205cb7a54698f09f34.png\"},\"name\":\"DBBL Bank\",\"status\":\"1\"}'),
(28, 'agrani', 'Agrani Bank', 17, '1', '{\"type\":\"agrani\",\"option\":{\"logo\":\"public\\/uploads\\/admin\\/356a192b7913b04c54574d18c28d46e6395428ab\\/1719309709_13101fe233cfc95bb28b.png\"},\"name\":\"Agrani Bank\",\"status\":\"1\"}'),
(29, 'ebl', 'EBL Bank', 14, '1', '{\"type\":\"ebl\",\"option\":{\"logo\":\"public\\/uploads\\/admin\\/356a192b7913b04c54574d18c28d46e6395428ab\\/1719310018_5321255676af2e28a190.png\"},\"name\":\"EBL Bank\",\"status\":\"1\"}'),
(30, 'basic', 'Basic Bank', 13, '1', '{\"type\":\"basic\",\"option\":{\"logo\":\"public\\/uploads\\/admin\\/356a192b7913b04c54574d18c28d46e6395428ab\\/1719309961_62ead36f575ac147ac18.png\"},\"name\":\"Basic Bank\",\"status\":\"1\"}'),
(31, 'jamuna', 'Jamuna Bank', 18, '1', '{\"type\":\"jamuna\",\"option\":{\"logo\":\"public\\/uploads\\/admin\\/356a192b7913b04c54574d18c28d46e6395428ab\\/1719309764_ecf6e5b30fb0d31dd0f2.png\"},\"name\":\"Jamuna Bank\",\"status\":\"1\"}'),
(32, 'ific', 'IFIC Bank', 19, '1', '{\"type\":\"ific\",\"option\":{\"logo\":\"public\\/uploads\\/admin\\/356a192b7913b04c54574d18c28d46e6395428ab\\/1719309900_b9fed4d4912f17f8f310.png\"},\"name\":\"IFIC Bank\",\"status\":\"1\"}'),
(33, 'sonali', 'Sonali Bank', 11, '1', '{\"type\":\"sonali\",\"option\":{\"logo\":\"public\\/uploads\\/admin\\/356a192b7913b04c54574d18c28d46e6395428ab\\/1717512472_49287598d04a98036bd3.png\"},\"name\":\"Sonali Bank\",\"status\":\"1\"}'),
(34, 'Ipay', 'Ipay', 24, '1', '{\"type\":\"Ipay\",\"option\":{\"logo\":\"public\\/uploads\\/admin\\/356a192b7913b04c54574d18c28d46e6395428ab\\/1720105981_89786069962c9b386204.webp\"},\"name\":\"Ipay\",\"status\":\"1\"}'),
(35, 'tap', 'tap', 7, '1', '{\"type\":\"tap\",\"option\":{\"logo\":\"public\\/uploads\\/admin\\/356a192b7913b04c54574d18c28d46e6395428ab\\/1717239652_9e61829d743ec04049e5.png\"},\"name\":\"tap\",\"status\":\"1\"}'),
(36, 'paypal', 'Paypal', 25, '0', '{\"type\":\"paypal\",\"option\":{\"logo\":\"public\\/uploads\\/admin\\/356a192b7913b04c54574d18c28d46e6395428ab\\/1717513660_56a478dea2bf98f3e022.png\"},\"name\":\"Paypal\",\"status\":\"0\"}'),
(37, '2checkout', '2checkout', 26, '0', '{\"type\":\"2checkout\",\"option\":{\"logo\":\"public\\/uploads\\/admin\\/356a192b7913b04c54574d18c28d46e6395428ab\\/1720100844_1656c9ab1694ae2459f7.png\"},\"name\":\"2checkout\",\"status\":\"1\"}'),
(39, 'binance', 'Binance', 20, '1', '{\"type\":\"binance\",\"option\":{\"logo\":\"public\\/uploads\\/admin\\/356a192b7913b04c54574d18c28d46e6395428ab\\/1717513584_d7ff0294bf6b6c98db7b.png\"},\"name\":\"Binance\",\"status\":\"1\"}'),
(40, 'abbank', 'AB Bank', 9, '1', '{\"type\":\"abbank\",\"option\":{\"logo\":\"public\\/uploads\\/admin\\/356a192b7913b04c54574d18c28d46e6395428ab\\/1719309599_b6aac1ea1fb6fa57ffb2.png\"},\"name\":\"AB Bank\",\"status\":\"1\"}'),
(41, 'citybank', 'City Bank', 10, '1', '{\"type\":\"citybank\",\"option\":{\"logo\":\"public\\/uploads\\/admin\\/356a192b7913b04c54574d18c28d46e6395428ab\\/1717512423_12782dab3a9f260e0c5d.png\"},\"name\":\"City Bank\",\"status\":\"1\"}'),
(42, 'mastercard', 'Mastercard', 23, '0', '{\"type\":\"mastercard\",\"option\":{\"logo\":\"public\\/uploads\\/admin\\/356a192b7913b04c54574d18c28d46e6395428ab\\/1720100801_cffe430721df95dae74b.png\"},\"name\":\"Mastercard\",\"status\":\"1\"}'),
(43, 'coinbase', 'Coinbase', 22, '0', '{\"type\":\"coinbase\",\"option\":{\"logo\":\"public\\/uploads\\/admin\\/356a192b7913b04c54574d18c28d46e6395428ab\\/1719311214_11838c32962f35810b58.png\"},\"name\":\"Coinbase\",\"status\":\"1\"}'),
(44, 'payeer', 'Payeer', 21, '1', '{\"type\":\"payeer\",\"option\":{\"logo\":\"public\\/uploads\\/admin\\/356a192b7913b04c54574d18c28d46e6395428ab\\/1717513731_81f4435ab5365e24f0b6.png\"},\"name\":\"Payeer\",\"status\":\"0\"}'),
(45, 'surecash', 'Sure Cash', 31, '1', '{\"type\":\"surecash\",\"option\":{\"logo\":\"public\\/uploads\\/admin\\/356a192b7913b04c54574d18c28d46e6395428ab\\/1719306582_f4ec8dc3e2a7da47151a.png\"},\"name\":\"Sure Cash\",\"status\":\"1\"}'),
(46, 'okwallet', 'Ok Wallet', 29, '1', '{\"type\":\"okwallet\",\"option\":{\"logo\":\"public\\/uploads\\/admin\\/356a192b7913b04c54574d18c28d46e6395428ab\\/1719306339_29c6b8d2a1d36349a356.png\"},\"name\":\"Ok Wallet\",\"status\":\"1\"}'),
(47, 'perfectmoney', 'Perfect Money', 34, '0', '{\"type\":\"perfectmoney\",\"option\":{\"logo\":\"public\\/uploads\\/admin\\/356a192b7913b04c54574d18c28d46e6395428ab\\/1719311265_24bcdf2b9be294a3c28b.png\"},\"name\":\"Perfect Money\",\"status\":\"1\"}'),
(48, 'coinpayments', 'Coinpayments', 30, '0', '{\"type\":\"coinpayments\",\"option\":{\"logo\":\"public\\/uploads\\/admin\\/356a192b7913b04c54574d18c28d46e6395428ab\\/1720100760_f9e19f2550433c2aa06a.png\"},\"name\":\"Coinpayments\",\"status\":\"1\"}'),
(49, 'mcash', 'MCash', 44, '1', '{\"type\":\"mcash\",\"option\":{\"logo\":\"public\\/uploads\\/admin\\/356a192b7913b04c54574d18c28d46e6395428ab\\/1720096138_9c15f75876952675f8a0.webp\"},\"name\":\"MCash\",\"status\":\"1\"}'),
(51, 'easypaisa', 'Easy Paisa', 45, '0', '{\"type\":\"easypaisa\",\"option\":{\"logo\":\"public\\/uploads\\/admin\\/356a192b7913b04c54574d18c28d46e6395428ab\\/1720096060_9cb999b4a54c789d3cea.png\"},\"name\":\"Easy Paisa\",\"status\":\"1\"}'),
(52, 'mycash', 'myCash', 46, '1', '{\"type\":\"mycash\",\"option\":{\"logo\":\"public\\/uploads\\/admin\\/356a192b7913b04c54574d18c28d46e6395428ab\\/1720097170_0d54ea45149671627510.jpeg\"},\"name\":\"myCash\",\"status\":\"1\"}');

-- --------------------------------------------------------

--
-- Table structure for table `plans`
--

CREATE TABLE `plans` (
  `id` int(10) UNSIGNED NOT NULL,
  `ids` varchar(50) NOT NULL,
  `name` varchar(50) NOT NULL,
  `description` text NOT NULL,
  `brand` int(10) NOT NULL,
  `device` int(10) NOT NULL,
  `transaction` int(10) NOT NULL,
  `price` decimal(10,3) NOT NULL DEFAULT 0.000,
  `final_price` decimal(10,3) NOT NULL DEFAULT 0.000,
  `duration` int(3) NOT NULL COMMENT 'number of unit -1 for lifetime',
  `duration_type` int(3) NOT NULL COMMENT '1=day,2=month, 3=year',
  `sort` int(10) NOT NULL,
  `status` int(2) NOT NULL DEFAULT 1,
  `created_at` datetime DEFAULT NULL,
  `deleted_at` datetime DEFAULT NULL
) ENGINE=InnoDB DEFAULT CHARSET=utf8mb4 COLLATE=utf8mb4_unicode_ci;

--
-- Dumping data for table `plans`
--

INSERT INTO `plans` (`id`, `ids`, `name`, `description`, `brand`, `device`, `transaction`, `price`, `final_price`, `duration`, `duration_type`, `sort`, `status`, `created_at`, `deleted_at`) VALUES
(13, '2c7130a39b77eecb03d96e8db85a84b4', '15 Days', '15 Days', 1, 1, -1, 50.000, 30.000, 15, 1, 2, 0, '2024-12-18 17:48:41', NULL),
(14, '52cfbba9fbd2eb03b6896fa6604b04f9', 'ফ্রি ৭ দিন!', '১টি ওয়েবসাইট ও ১টি ডিভাইসে ব্যবহার করুন', 1, 1, -1, 30.000, 0.000, 7, 1, 1, 1, '2024-12-18 17:56:35', NULL),
(15, 'd9733681d4a03e8a645c84f83e24434a', '30 Days', '২টি ওয়েবসাইট ও ২টি ডিভাইসে ব্যবহার করুন', 2, 2, -1, 150.000, 99.000, 1, 2, 3, 1, '2024-12-18 18:24:30', NULL),
(17, '4a77b6ef1822b0ec677b524abea2356c', '6 Months', '২টি ওয়েবসাইট ও ২টি ডিভাইসে ব্যবহার করুন', 2, 2, -1, 600.000, 499.000, 6, 2, 4, 1, '2024-12-18 21:07:22', NULL),
(19, 'd0ae1261dd32af22894975a51fb860c3', '12 Months', '২টি ওয়েবসাইট ও ৪টি ডিভাইসে ব্যবহার করুন', 2, 4, -1, 1200.000, 799.000, 1, 3, 5, 1, '2024-12-18 21:23:07', NULL);

-- --------------------------------------------------------

--
-- Table structure for table `queue`
--

CREATE TABLE `queue` (
  `id` int(9) NOT NULL,
  `task_type` text DEFAULT NULL,
  `task_data` text DEFAULT NULL,
  `status` varchar(16) NOT NULL,
  `created_at` datetime NOT NULL
) ENGINE=InnoDB DEFAULT CHARSET=utf8mb3 COLLATE=utf8mb3_general_ci;

-- --------------------------------------------------------

--
-- Table structure for table `staffs`
--

CREATE TABLE `staffs` (
  `id` int(10) UNSIGNED NOT NULL,
  `ids` varchar(50) NOT NULL,
  `role_id` int(50) DEFAULT NULL,
  `email` varchar(100) NOT NULL,
  `first_name` text DEFAULT NULL,
  `last_name` text DEFAULT NULL,
  `balance` decimal(10,3) NOT NULL DEFAULT 0.000,
  `more_information` text DEFAULT NULL,
  `avatar` varchar(255) DEFAULT NULL,
  `password` varchar(255) NOT NULL,
  `status` tinyint(1) NOT NULL DEFAULT 1,
  `activation_key` varchar(50) DEFAULT NULL,
  `reset_key` varchar(50) DEFAULT NULL,
  `created_at` datetime NOT NULL,
  `updated_at` datetime DEFAULT NULL,
  `deleted_at` datetime DEFAULT NULL
) ENGINE=InnoDB DEFAULT CHARSET=utf8mb3 COLLATE=utf8mb3_general_ci;

--
-- Dumping data for table `staffs`
--

INSERT INTO `staffs` (`id`, `ids`, `role_id`, `email`, `first_name`, `last_name`, `balance`, `more_information`, `avatar`, `password`, `status`, `activation_key`, `reset_key`, `created_at`, `updated_at`, `deleted_at`) VALUES
(1, 'admin', 1, 'admin@gmail.com', 'MD', 'Tomij', 0.000, '', 'public/uploads/admin/356a192b7913b04c54574d18c28d46e6395428ab/1734519891_d9639631de1634bf18bc.png', '$2y$12$V75Qkcn7NVQ9PwUUAPhC0e/MT8bTS1VWMZldCJQdj4h5sa8tnotZ6', 1, 'NO7zqZ9Izd1CO3GPtxx3Ju9kc', 'BtBWimwV5jesBg1DqWhxJmaO26BaC8Og', '2024-06-01 14:33:05', NULL, NULL);

-- --------------------------------------------------------

--
-- Table structure for table `templates`
--

CREATE TABLE `templates` (
  `id` int(11) UNSIGNED NOT NULL,
  `uid` int(11) DEFAULT NULL,
  `template_key` varchar(120) DEFAULT NULL,
  `email_from` varchar(191) NOT NULL DEFAULT 'support@example.com',
  `name` varchar(191) NOT NULL,
  `subject` varchar(191) NOT NULL,
  `template` text DEFAULT NULL,
  `sms_body` text DEFAULT NULL,
  `mail_status` tinyint(1) NOT NULL DEFAULT 0,
  `sms_status` tinyint(1) NOT NULL DEFAULT 0,
  `created_at` timestamp NULL DEFAULT NULL,
  `updated_at` timestamp NULL DEFAULT NULL,
  `deleted_at` timestamp NULL DEFAULT NULL
) ENGINE=InnoDB DEFAULT CHARSET=utf8mb3 COLLATE=utf8mb3_general_ci;

-- --------------------------------------------------------

--
-- Table structure for table `temp_transactions`
--

CREATE TABLE `temp_transactions` (
  `id` int(10) UNSIGNED NOT NULL,
  `ids` text NOT NULL,
  `uid` int(10) UNSIGNED NOT NULL,
  `brand_id` int(10) UNSIGNED NOT NULL,
  `params` text NOT NULL,
  `meta` text DEFAULT NULL,
  `amount` decimal(10,3) NOT NULL DEFAULT 0.000,
  `currency` varchar(10) NOT NULL DEFAULT 'BDT',
  `request` varchar(10) NOT NULL DEFAULT 'GET' COMMENT 'GET or POST',
  `status` tinyint(1) NOT NULL DEFAULT 0 COMMENT '0=pending,1=initiated,2=success,3=cancel',
  `transaction_id` varchar(20) DEFAULT NULL,
  `created_at` datetime DEFAULT NULL,
  `updated_at` datetime DEFAULT NULL
) ENGINE=InnoDB DEFAULT CHARSET=utf8mb4 COLLATE=utf8mb4_unicode_ci;

--
-- Dumping data for table `temp_transactions`
--

INSERT INTO `temp_transactions` (`id`, `ids`, `uid`, `brand_id`, `params`, `meta`, `amount`, `currency`, `request`, `status`, `transaction_id`, `created_at`, `updated_at`) VALUES
(168, '79406051a6f42cc821fba0d6a673b568', 358, 19, '{\"cus_name\":\"MD Leon  Islam\",\"cus_email\":\"bdbosstv@gmail.com\",\"success_url\":\"https:\\/\\/panel.hostreset.com\\/viewinvoice.php?id=31\",\"cancel_url\":\"https:\\/\\/panel.hostreset.com\\/viewinvoice.php?id=31\",\"webhook_url\":\"https:\\/\\/panel.hostreset.com\\/modules\\/gateways\\/callback\\/bdbetterpayv1.php?api=fXB5o17G3eregnsoB266sxelC5qBZGysKo4emeNP9bAEknZf04&invoice=31\"}', '[73QMPG6G]', 10.000, 'BDT', 'GET', 0, 'GJO9DC886298', '2025-03-13 23:18:18', NULL),
(169, '800378da44a0f67761f894fb7854f2a1', 358, 19, '{\"cus_name\":\"MD Leon  Islam\",\"cus_email\":\"bdbosstv@gmail.com\",\"success_url\":\"http:\\/\\/\\/viewinvoice.php?id=31\",\"cancel_url\":\"http:\\/\\/\\/viewinvoice.php?id=31\",\"webhook_url\":\"http:\\/\\/\\/modules\\/gateways\\/callback\\/bdbetterpayv1.php?api=fXB5o17G3eregnsoB266sxelC5qBZGysKo4emeNP9bAEknZf04&invoice=31\"}', '[]', 11.000, 'BDT', 'GET', 0, 'SHCMYH942806', '2025-03-14 15:00:06', NULL),
(170, 'befd0d8f78ea94213c5b67f99c69c29e', 358, 19, '{\"cus_name\":\"MD Leon  Islam\",\"cus_email\":\"bdbosstv@gmail.com\",\"success_url\":\"https:\\/\\/panel.hostreset.com\\/viewinvoice.php?id=31\",\"cancel_url\":\"https:\\/\\/panel.hostreset.com\\/viewinvoice.php?id=31\",\"webhook_url\":\"https:\\/\\/panel.hostreset.com\\/modules\\/gateways\\/callback\\/bdbetterpayv1.php?api=fXB5o17G3eregnsoB266sxelC5qBZGysKo4emeNP9bAEknZf04&invoice=31\"}', '[]', 11.000, 'BDT', 'GET', 2, 'RBP7AJ949243', '2025-03-14 16:47:23', NULL),
(171, 'a995fd5ba7b51aadee6dd9cedb19fc5c', 358, 19, '{\"cus_name\":\"dsfsdf sfds\",\"cus_email\":\"purplekamillah@indigobook.com\",\"success_url\":\"https:\\/\\/panel.hostreset.com\\/viewinvoice.php?id=53\",\"cancel_url\":\"https:\\/\\/panel.hostreset.com\\/viewinvoice.php?id=53\",\"webhook_url\":\"https:\\/\\/panel.hostreset.com\\/modules\\/gateways\\/callback\\/bdbetterpayv1.php?api=fXB5o17G3eregnsoB266sxelC5qBZGysKo4emeNP9bAEknZf04&invoice=53\"}', '[]', 830.000, 'BDT', 'GET', 0, 'ZVUQ6F101804', '2025-03-16 11:10:04', NULL),
(172, '6089597754e3856a3bc188afa5af7b0e', 1, 8, '{\"cus_name\":\"MD LeonIslam\",\"cus_email\":\"bdbosstv@gmail.com\",\"success_url\":\"https:\\/\\/dev.bdbetterpay.com\\/user\\/add_funds\\/complete\\/success\",\"cancel_url\":\"https:\\/\\/dev.bdbetterpay.com\\/user\\/add_funds\\/complete\\/unsuccess\",\"webhook_url\":\"https:\\/\\/dev.bdbetterpay.com\\/user\\/add_funds\\/complete\\/validate\"}', '{\"phone\":\"01710604946\",\"uid\":\"358\"}', 222.000, 'BDT', 'GET', 0, '3BLHNR162921', '2025-03-17 04:08:41', NULL),
(173, '9a17e8c7833706d5cf98bbf9c28af50c', 358, 19, '{\"cus_name\":\"dsfsdf sfds\",\"cus_email\":\"purplekamillah@indigobook.com\",\"success_url\":\"http:\\/\\/\\/viewinvoice.php?id=53\",\"cancel_url\":\"http:\\/\\/\\/viewinvoice.php?id=53\",\"webhook_url\":\"http:\\/\\/\\/modules\\/gateways\\/callback\\/bdbetterpayv1.php?api=fXB5o17G3eregnsoB266sxelC5qBZGysKo4emeNP9bAEknZf04&invoice=53\"}', '[]', 830.000, 'BDT', 'GET', 0, 'IIL9EA202006', '2025-03-17 15:00:06', NULL),
(174, '06f9a9f752ce7abb56d35b251ab9f0f1', 358, 19, '{\"cus_name\":\"dsfsdf sfds\",\"cus_email\":\"purplekamillah@indigobook.com\",\"success_url\":\"http:\\/\\/\\/viewinvoice.php?id=53\",\"cancel_url\":\"http:\\/\\/\\/viewinvoice.php?id=53\",\"webhook_url\":\"http:\\/\\/\\/modules\\/gateways\\/callback\\/bdbetterpayv1.php?api=fXB5o17G3eregnsoB266sxelC5qBZGysKo4emeNP9bAEknZf04&invoice=53\"}', '[]', 830.000, 'BDT', 'GET', 0, 'HULS1P202006', '2025-03-17 15:00:06', NULL),
(175, 'b10eadbe682154fd5643bf6ea025ca9c', 1, 8, '{\"cus_name\":\"SwadhinKhan\",\"cus_email\":\"khan.swadhin@gmail.com\",\"success_url\":\"https:\\/\\/dev.bdbetterpay.com\\/user\\/add_funds\\/complete\\/success\",\"cancel_url\":\"https:\\/\\/dev.bdbetterpay.com\\/user\\/add_funds\\/complete\\/unsuccess\",\"webhook_url\":\"https:\\/\\/dev.bdbetterpay.com\\/user\\/add_funds\\/complete\\/validate\"}', '{\"phone\":\"01823662233\",\"uid\":\"360\"}', 99999.000, 'BDT', 'GET', 0, 'N54763248720', '2025-03-18 03:58:40', NULL),
(176, 'a96f7c58b9b556f237174a034631b78f', 1, 8, '{\"cus_name\":\"MD LeonIslam\",\"cus_email\":\"bdbosstv@gmail.com\",\"success_url\":\"https:\\/\\/dev.bdbetterpay.com\\/user\\/add_funds\\/complete\\/success\",\"cancel_url\":\"https:\\/\\/dev.bdbetterpay.com\\/user\\/add_funds\\/complete\\/unsuccess\",\"webhook_url\":\"https:\\/\\/dev.bdbetterpay.com\\/user\\/add_funds\\/complete\\/validate\"}', '{\"phone\":\"01710604946\",\"uid\":\"358\"}', 777.000, 'BDT', 'GET', 0, 'Q9LLD6254806', '2025-03-18 05:40:06', NULL),
(177, '3f9f443c1c0462807157280984cbb0c5', 358, 19, '{\"cus_name\":\"AAA\",\"cus_email\":\"a@app.com\",\"success_url\":\"https:\\/\\/dev.bdbetterpay.com\\/invoice\\/9547f957938e1166cc015eb3d91e9db8\",\"cancel_url\":\"https:\\/\\/dev.bdbetterpay.com\\/invoice\\/9547f957938e1166cc015eb3d91e9db8\",\"webhook_url\":\"https:\\/\\/dev.bdbetterpay.com\\/invoice\\/9547f957938e1166cc015eb3d91e9db8?complete=9547f957938e1166cc015eb3d91e9db8\"}', '[]', 777.000, 'BDT', 'GET', 0, 'Q0YMA2254930', '2025-03-18 05:42:10', NULL),
(178, '6d48fbb0b9d7e5967a05b216edf030a3', 358, 19, '{\"cus_name\":\"AAA\",\"cus_email\":\"a@app.com\",\"success_url\":\"https:\\/\\/dev.bdbetterpay.com\\/invoice\\/9547f957938e1166cc015eb3d91e9db8\",\"cancel_url\":\"https:\\/\\/dev.bdbetterpay.com\\/invoice\\/9547f957938e1166cc015eb3d91e9db8\",\"webhook_url\":\"https:\\/\\/dev.bdbetterpay.com\\/invoice\\/9547f957938e1166cc015eb3d91e9db8?complete=9547f957938e1166cc015eb3d91e9db8\"}', '[]', 777.000, 'BDT', 'GET', 0, 'VC7UU4254942', '2025-03-18 05:42:22', NULL),
(179, '5cc394b1b81ffcb8139c045841c0a920', 358, 19, '{\"cus_name\":\"MD Leon  Islam\",\"cus_email\":\"bdbosstv@gmail.com\",\"success_url\":\"https:\\/\\/panel.hostreset.com\\/viewinvoice.php?id=39\",\"cancel_url\":\"https:\\/\\/panel.hostreset.com\\/viewinvoice.php?id=39\",\"webhook_url\":\"https:\\/\\/panel.hostreset.com\\/modules\\/gateways\\/callback\\/bdbetterpayv1.php?api=fXB5o17G3eregnsoB266sxelC5qBZGysKo4emeNP9bAEknZf04&invoice=39\"}', '[]', 300.000, 'BDT', 'GET', 0, 'BHQ8U7255222', '2025-03-18 05:47:02', NULL),
(180, '9b07f59a7ce6f9922a9a8148ffce9f87', 1, 8, '{\"cus_name\":\"Md RakibulIslam\",\"cus_email\":\"md0942479@gmail.com\",\"success_url\":\"https:\\/\\/egpay.io\\/user\\/add_funds\\/complete\\/success\",\"cancel_url\":\"https:\\/\\/egpay.io\\/user\\/add_funds\\/complete\\/unsuccess\",\"webhook_url\":\"https:\\/\\/egpay.io\\/user\\/add_funds\\/complete\\/validate\"}', '{\"phone\":\"01825607861\",\"uid\":\"362\"}', 50.000, 'BDT', 'GET', 0, 'IMG3AJ805661', '2025-05-09 21:47:41', NULL),
(181, 'da1d72115347c3f5fc4bcb6ea6ef27d7', 1, 8, '{\"cus_name\":\"Md RakibulIslam\",\"cus_email\":\"md0942479@gmail.com\",\"success_url\":\"https:\\/\\/egpay.io\\/user\\/add_funds\\/complete\\/success\",\"cancel_url\":\"https:\\/\\/egpay.io\\/user\\/add_funds\\/complete\\/unsuccess\",\"webhook_url\":\"https:\\/\\/egpay.io\\/user\\/add_funds\\/complete\\/validate\"}', '{\"phone\":\"01825607861\",\"uid\":\"362\"}', 50.000, 'BDT', 'GET', 0, '0YP0EK805793', '2025-05-09 21:49:53', NULL),
(182, '6ad4d6b8b345765cca5586b7e9b78315', 1, 8, '{\"cus_name\":\"R Lab BDDigital\",\"cus_email\":\"admin@gmail.com\",\"success_url\":\"https:\\/\\/egpay.io\\/user\\/add_funds\\/complete\\/success\",\"cancel_url\":\"https:\\/\\/egpay.io\\/user\\/add_funds\\/complete\\/unsuccess\",\"webhook_url\":\"https:\\/\\/egpay.io\\/user\\/add_funds\\/complete\\/validate\"}', '{\"phone\":\"01889298798\",\"uid\":\"1\"}', 50.000, 'BDT', 'GET', 0, 'P9X4NC806304', '2025-05-09 21:58:24', NULL),
(183, '3c689b32e85c81202173cb3d39f18e9a', 1, 8, '{\"cus_name\":\"R Lab BDDigital\",\"cus_email\":\"admin@gmail.com\",\"success_url\":\"https:\\/\\/1.ridhitopup.xyz\\/user\\/add_funds\\/complete\\/success\",\"cancel_url\":\"https:\\/\\/1.ridhitopup.xyz\\/user\\/add_funds\\/complete\\/unsuccess\",\"webhook_url\":\"https:\\/\\/1.ridhitopup.xyz\\/user\\/add_funds\\/complete\\/validate\"}', '{\"phone\":\"01889298798\",\"uid\":\"1\"}', 50.000, 'BDT', 'GET', 0, 'TXGGXA409333', '2026-01-03 09:02:13', NULL),
(184, '83c160762cac714bb5c8e053ccf154dd', 1, 8, '{\"cus_name\":\"Munna\",\"cus_email\":\"m60937558@gmail.com\",\"success_url\":\"https:\\/\\/ridhitopup.xyz\\/deposit\\/SSF5A9KOD5D1\\/uddoktapay\",\"cancel_url\":\"https:\\/\\/ridhitopup.xyz\\/deposit\\/cancel\",\"webhook_url\":\"https:\\/\\/ridhitopup.xyz\\/deposit\\/SSF5A9KOD5D1\\/uddoktapay\"}', '{\"track_id\":\"SSF5A9KOD5D1\"}', 20.000, 'BDT', 'GET', 0, 'DO06I2410454', '2026-01-03 09:20:54', NULL),
(185, '7e396a7d3481d23eea85dde960a312dc', 1, 8, '{\"cus_name\":\"MkKajol\",\"cus_email\":\"sakajolh84h@gmail.com\",\"success_url\":\"https:\\/\\/1.ridhitopup.xyz\\/user\\/add_funds\\/complete\\/success\",\"cancel_url\":\"https:\\/\\/1.ridhitopup.xyz\\/user\\/add_funds\\/complete\\/unsuccess\",\"webhook_url\":\"https:\\/\\/1.ridhitopup.xyz\\/user\\/add_funds\\/complete\\/validate\"}', '{\"phone\":\"01611251721\",\"uid\":\"366\"}', 10.000, 'BDT', 'GET', 0, '5DJYOC411303', '2026-01-03 09:35:03', NULL),
(186, '063a65fc52ccd99bf7962ab0c866979d', 1, 8, '{\"cus_name\":\"Munna\",\"cus_email\":\"m60937558@gmail.com\",\"success_url\":\"https:\\/\\/ridhitopup.xyz\\/deposit\\/SSF5A9KOD5D1\\/uddoktapay\",\"cancel_url\":\"https:\\/\\/ridhitopup.xyz\\/deposit\\/cancel\",\"webhook_url\":\"https:\\/\\/ridhitopup.xyz\\/deposit\\/SSF5A9KOD5D1\\/uddoktapay\"}', '{\"track_id\":\"SSF5A9KOD5D1\"}', 20.000, 'BDT', 'GET', 0, 'Q1A1DU413976', '2026-01-03 10:19:36', NULL),
(187, '6abc7f4248c330029e1522bcaf685926', 1, 8, '{\"cus_name\":\"MK Kajol\",\"cus_email\":\"sakajolh84h@gmail.com\",\"success_url\":\"https:\\/\\/ridhitopup.xyz\\/deposit\\/ZGVGA2HCV2HK\\/uddoktapay\",\"cancel_url\":\"https:\\/\\/ridhitopup.xyz\\/deposit\\/cancel\",\"webhook_url\":\"https:\\/\\/ridhitopup.xyz\\/deposit\\/ZGVGA2HCV2HK\\/uddoktapay\"}', '{\"track_id\":\"ZGVGA2HCV2HK\"}', 100.000, 'BDT', 'GET', 0, 'BU90NC420405', '2026-01-03 12:06:45', NULL),
(188, '10a11fd71df13d9577ca8835963b1b77', 1, 8, '{\"cus_name\":\"Ashraf Haker\",\"cus_email\":\"mdrakibbay490@gmail.com\",\"success_url\":\"https:\\/\\/ridhitopup.xyz\\/deposit\\/Z7FFSGFB3N7Z\\/uddoktapay\",\"cancel_url\":\"https:\\/\\/ridhitopup.xyz\\/deposit\\/cancel\",\"webhook_url\":\"https:\\/\\/ridhitopup.xyz\\/deposit\\/Z7FFSGFB3N7Z\\/uddoktapay\"}', '{\"track_id\":\"Z7FFSGFB3N7Z\"}', 10.000, 'BDT', 'GET', 0, 'YGSF0A423064', '2026-01-03 12:51:04', NULL),
(189, 'd346fdfd14a7eb74ed26916b772a22bd', 1, 8, '{\"cus_name\":\"Munna\",\"cus_email\":\"m60937558@gmail.com\",\"success_url\":\"https:\\/\\/ridhitopup.xyz\\/order\\/BE98RSZNRMO1\\/uddoktapay\",\"cancel_url\":\"https:\\/\\/ridhitopup.xyz\\/order\\/cancel\",\"webhook_url\":\"https:\\/\\/ridhitopup.xyz\\/order\\/BE98RSZNRMO1\\/uddoktapay\"}', '{\"order_id\":173,\"track_id\":\"BE98RSZNRMO1\"}', 22.000, 'BDT', 'GET', 0, '1PE5LZ453436', '2026-01-03 21:17:16', NULL),
(190, 'cb2dfcb923f55d28737d7a7720577b33', 1, 8, '{\"cus_name\":\"Name\",\"cus_email\":\"admin@gmail.com\",\"success_url\":\"https:\\/\\/1.ridhitopup.xyz\\/success.php\",\"cancel_url\":\"https:\\/\\/pay.ridhitopup.xyz\\/cancel.php\",\"webhook_url\":\" https:\\/\\/pay.ridhitopup.xyz\\/webhook.php\"}', '[]', 10.000, 'BDT', 'GET', 0, 'SZED7S549850', '2026-01-05 00:04:10', NULL),
(191, '251cbf57974494ea9d93cdea02c3aa2b', 1, 8, '{\"cus_name\":\"Name\",\"cus_email\":\"admin@gmail.com\",\"success_url\":\"https:\\/\\/1.ridhitopup.xyz\\/success.php\",\"cancel_url\":\"https:\\/\\/pay.ridhitopup.xyz\\/cancel.php\",\"webhook_url\":\" https:\\/\\/pay.ridhitopup.xyz\\/webhook.php\"}', '[]', 100.000, 'BDT', 'GET', 0, 'IDIB1P549858', '2026-01-05 00:04:18', NULL),
(192, '1cc6bb827dd6d6d06d6baeef48da02db', 1, 8, '{\"cus_name\":\"Name\",\"cus_email\":\"admin@gmail.com\",\"success_url\":\"https:\\/\\/1.ridhitopup.xyz\\/success.php\",\"cancel_url\":\"https:\\/\\/pay.ridhitopup.xyz\\/cancel.php\",\"webhook_url\":\" https:\\/\\/pay.ridhitopup.xyz\\/webhook.php\"}', '[]', 10.000, 'BDT', 'GET', 0, 'L4LETX573179', '2026-01-05 06:32:59', NULL),
(193, 'ba8b761d00efe58f803ade72d9ec7527', 1, 8, '{\"cus_name\":\"Name\",\"cus_email\":\"admin@gmail.com\",\"success_url\":\"https:\\/\\/1.ridhitopup.xyz\\/success.php\",\"cancel_url\":\"https:\\/\\/pay.ridhitopup.xyz\\/cancel.php\",\"webhook_url\":\" https:\\/\\/pay.ridhitopup.xyz\\/webhook.php\"}', '[]', 1000000.000, 'BDT', 'GET', 0, 'C9IYNA573195', '2026-01-05 06:33:15', NULL),
(194, 'e8c41faa8b008787647fbcc7b18462b1', 1, 8, '{\"cus_name\":\"Name\",\"cus_email\":\"admin@gmail.com\",\"success_url\":\"https:\\/\\/1.ridhitopup.xyz\\/success.php\",\"cancel_url\":\"https:\\/\\/pay.ridhitopup.xyz\\/cancel.php\",\"webhook_url\":\" https:\\/\\/pay.ridhitopup.xyz\\/webhook.php\"}', '[]', 200.000, 'BDT', 'GET', 0, 'I5MC5J573206', '2026-01-05 06:33:26', NULL),
(195, '2b836c0424e92ece58906f1e64c983f9', 1, 8, '{\"cus_name\":\"Name\",\"cus_email\":\"admin@gmail.com\",\"success_url\":\"https:\\/\\/1.ridhitopup.xyz\\/success.php\",\"cancel_url\":\"https:\\/\\/pay.ridhitopup.xyz\\/cancel.php\",\"webhook_url\":\" https:\\/\\/pay.ridhitopup.xyz\\/webhook.php\"}', '[]', 10.000, 'BDT', 'GET', 0, 'G3I1OT621332', '2026-01-05 19:55:32', NULL),
(196, 'cea0f7bd68e5a45d2279f8da3c5c94a6', 1, 8, '{\"cus_name\":\"Name\",\"cus_email\":\"admin@gmail.com\",\"success_url\":\"https:\\/\\/1.ridhitopup.xyz\\/success.php\",\"cancel_url\":\"https:\\/\\/pay.ridhitopup.xyz\\/cancel.php\",\"webhook_url\":\" https:\\/\\/pay.ridhitopup.xyz\\/webhook.php\"}', '[]', 10000.000, 'BDT', 'GET', 0, 'Q06BAK621345', '2026-01-05 19:55:45', NULL),
(197, 'dba1ddd156c322b37dfc8234385b374a', 1, 8, '{\"cus_name\":\"Name\",\"cus_email\":\"admin@gmail.com\",\"success_url\":\"https:\\/\\/1.ridhitopup.xyz\\/success.php\",\"cancel_url\":\"https:\\/\\/pay.ridhitopup.xyz\\/cancel.php\",\"webhook_url\":\" https:\\/\\/pay.ridhitopup.xyz\\/webhook.php\"}', '[]', 10000.000, 'BDT', 'GET', 0, 'HTD319621350', '2026-01-05 19:55:50', NULL),
(198, 'ceeafbbbf854efcdc363912c14b18e67', 1, 8, '{\"cus_name\":\"Name\",\"cus_email\":\"admin@gmail.com\",\"success_url\":\"https:\\/\\/1.ridhitopup.xyz\\/success.php\",\"cancel_url\":\"https:\\/\\/pay.ridhitopup.xyz\\/cancel.php\",\"webhook_url\":\" https:\\/\\/pay.ridhitopup.xyz\\/webhook.php\"}', '[]', 1000000.000, 'BDT', 'GET', 0, 'LY6ES6621354', '2026-01-05 19:55:54', NULL),
(199, '1483d9d656339e75f4c2a775c832abe4', 1, 8, '{\"cus_name\":\"Name\",\"cus_email\":\"admin@gmail.com\",\"success_url\":\"https:\\/\\/1.ridhitopup.xyz\\/success.php\",\"cancel_url\":\"https:\\/\\/pay.ridhitopup.xyz\\/cancel.php\",\"webhook_url\":\" https:\\/\\/pay.ridhitopup.xyz\\/webhook.php\"}', '[]', 20.000, 'BDT', 'GET', 0, 'PHLFWH209935', '2026-01-12 15:25:35', NULL),
(200, '0a7a52dae340eaf09fd4bc9e4122c8f4', 1, 8, '{\"cus_name\":\"Name\",\"cus_email\":\"admin@gmail.com\",\"success_url\":\"https:\\/\\/1.ridhitopup.xyz\\/success.php\",\"cancel_url\":\"https:\\/\\/pay.ridhitopup.xyz\\/cancel.php\",\"webhook_url\":\" https:\\/\\/pay.ridhitopup.xyz\\/webhook.php\"}', '[]', 20.000, 'BDT', 'GET', 0, '4ADLAM209935', '2026-01-12 15:25:35', NULL),
(201, '2247200bfe7a49fff81ba04ca055b66e', 1, 8, '{\"cus_name\":\"Name\",\"cus_email\":\"admin@gmail.com\",\"success_url\":\"https:\\/\\/1.ridhitopup.xyz\\/success.php\",\"cancel_url\":\"https:\\/\\/pay.ridhitopup.xyz\\/cancel.php\",\"webhook_url\":\" https:\\/\\/pay.ridhitopup.xyz\\/webhook.php\"}', '[]', 500.000, 'BDT', 'GET', 0, 'JV0C1U215183', '2026-01-12 16:53:03', NULL),
(202, '94b0581f7dd64ca9712b246a7ac86f11', 1, 8, '{\"cus_name\":\"Name\",\"cus_email\":\"admin@gmail.com\",\"success_url\":\"https:\\/\\/1.ridhitopup.xyz\\/success.php\",\"cancel_url\":\"https:\\/\\/pay.ridhitopup.xyz\\/cancel.php\",\"webhook_url\":\" https:\\/\\/pay.ridhitopup.xyz\\/webhook.php\"}', '[]', 500.000, 'BDT', 'GET', 0, '691O95236249', '2026-01-12 22:44:09', NULL),
(203, 'ce535d3da434a18071fdbec26bff9928', 1, 8, '{\"cus_name\":\"Name\",\"cus_email\":\"admin@gmail.com\",\"success_url\":\"https:\\/\\/1.ridhitopup.xyz\\/success.php\",\"cancel_url\":\"https:\\/\\/pay.ridhitopup.xyz\\/cancel.php\",\"webhook_url\":\" https:\\/\\/pay.ridhitopup.xyz\\/webhook.php\"}', '[]', 10.000, 'BDT', 'GET', 0, '59NB6D326885', '2026-01-13 23:54:45', NULL);

-- --------------------------------------------------------

--
-- Table structure for table `tickets`
--

CREATE TABLE `tickets` (
  `id` int(10) UNSIGNED NOT NULL,
  `ids` text NOT NULL,
  `uid` int(10) UNSIGNED NOT NULL,
  `description` text NOT NULL,
  `subject` text NOT NULL,
  `status` varchar(10) NOT NULL DEFAULT 'pending',
  `is_user_read` tinyint(1) NOT NULL DEFAULT 0,
  `is_admin_read` tinyint(1) NOT NULL DEFAULT 0,
  `created_at` datetime DEFAULT NULL,
  `updated_at` datetime DEFAULT NULL,
  `deleted_at` datetime DEFAULT NULL
) ENGINE=InnoDB DEFAULT CHARSET=utf8mb4 COLLATE=utf8mb4_unicode_ci;

-- --------------------------------------------------------

--
-- Table structure for table `ticket_messages`
--

CREATE TABLE `ticket_messages` (
  `id` int(10) UNSIGNED NOT NULL,
  `ids` text NOT NULL,
  `ticket_id` int(10) UNSIGNED NOT NULL,
  `message` text NOT NULL,
  `author` varchar(20) NOT NULL,
  `support` tinyint(4) NOT NULL COMMENT '1=support, 0=client',
  `created_at` datetime DEFAULT NULL,
  `updated_at` datetime DEFAULT NULL
) ENGINE=InnoDB DEFAULT CHARSET=utf8mb4 COLLATE=utf8mb4_unicode_ci;

-- --------------------------------------------------------

--
-- Table structure for table `transactions`
--

CREATE TABLE `transactions` (
  `id` int(11) UNSIGNED NOT NULL,
  `ids` text NOT NULL,
  `uid` int(10) UNSIGNED NOT NULL,
  `brand_id` int(10) DEFAULT NULL,
  `message` text DEFAULT NULL,
  `type` varchar(10) DEFAULT NULL,
  `amount` decimal(10,3) NOT NULL DEFAULT 0.000,
  `currency` varchar(10) NOT NULL,
  `status` tinyint(1) NOT NULL DEFAULT 0 COMMENT '0=pending,1=initiated,2=success,3=cancel',
  `transaction_id` varchar(20) NOT NULL,
  `created_at` datetime DEFAULT NULL,
  `updated_at` datetime DEFAULT NULL
) ENGINE=InnoDB DEFAULT CHARSET=utf8mb4 COLLATE=utf8mb4_unicode_ci;

--
-- Dumping data for table `transactions`
--

INSERT INTO `transactions` (`id`, `ids`, `uid`, `brand_id`, `message`, `type`, `amount`, `currency`, `status`, `transaction_id`, `created_at`, `updated_at`) VALUES
(3, 'befd0d8f78ea94213c5b67f99c69c29e', 358, 19, 'Money Received. Amount: Tk 11.00 Sender: 01716458399 Ref: N/A TxnID: 73QOF3OE Balance: Tk 2799.27 14/03/2025 16:48', 'nagad', 11.000, 'BDT', 2, 'RBP7AJ949243', '2025-03-14 16:49:24', NULL);

-- --------------------------------------------------------

--
-- Table structure for table `users`
--

CREATE TABLE `users` (
  `id` int(10) UNSIGNED NOT NULL,
  `ids` varchar(50) NOT NULL,
  `email` varchar(100) NOT NULL,
  `password` varchar(255) NOT NULL,
  `first_name` text DEFAULT NULL,
  `last_name` text DEFAULT NULL,
  `phone` varchar(20) NOT NULL,
  `balance` decimal(10,3) NOT NULL DEFAULT 0.000,
  `more_information` text DEFAULT NULL,
  `avatar` varchar(255) DEFAULT NULL,
  `api_credentials` text DEFAULT NULL,
  `timezone` text DEFAULT NULL,
  `ref_id` int(10) NOT NULL,
  `ref_key` text DEFAULT NULL,
  `addons` text DEFAULT NULL,
  `status` tinyint(1) NOT NULL DEFAULT 1,
  `activation_key` varchar(50) DEFAULT NULL,
  `reset_key` varchar(50) DEFAULT NULL,
  `created_at` datetime NOT NULL,
  `updated_at` datetime DEFAULT NULL,
  `deleted_at` datetime DEFAULT NULL
) ENGINE=InnoDB DEFAULT CHARSET=utf8mb3 COLLATE=utf8mb3_general_ci;

--
-- Dumping data for table `users`
--

INSERT INTO `users` (`id`, `ids`, `email`, `password`, `first_name`, `last_name`, `phone`, `balance`, `more_information`, `avatar`, `api_credentials`, `timezone`, `ref_id`, `ref_key`, `addons`, `status`, `activation_key`, `reset_key`, `created_at`, `updated_at`, `deleted_at`) VALUES
(1, '1d8b34f05b1f18ef7c00f290cdfd199a', 'admin@gmail.com', '$2y$10$DONeB1ORDlCAbl6niEX3g..5/Fv50MNyk3OGxbbNHNGFQNaFCAZb6', 'Ridhi topup', 'Topup', '01889298798', 7701.000, NULL, 'public/uploads/user/356a192b7913b04c54574d18c28d46e6395428ab/1767420149_427030e528b16476d5da.jpg', NULL, NULL, 0, 'bdfae46efb101d38f5f9d1bc7a9c2fca', NULL, 1, 'AUhPqfygS0d5pP3xCKLHdZAL4', '3ca6RLgKkqIUOjOiJBr4lmVfnNJKEdVJ', '2024-12-07 11:12:50', '2024-12-07 11:15:58', NULL),
(357, '7686c9c4741af5324a5e44895ef0ef37', 'asfv@gmail.com', '$2y$10$u4yyqN8r1tOY9kg8i8e1xODlUlC10aLD7IStfdbkTa/.3jgHS6p4e', 'Asdfgh', 'Asdfgh', '01987654321', 0.000, NULL, NULL, NULL, NULL, 0, 'bc9342f1c6370e6deaeaed72ebe10bdb', NULL, 0, 'n7oc9cHfGl6vPx1ns41lvcpEg', 'IhWePJTKsyLBsKQK7vvxnO3pllyRSxBW', '2025-03-11 04:49:30', '2025-03-11 04:49:30', '2025-03-11 20:15:28'),
(358, '66910a2996ae1ac782ee55e100155e09', 'bdbosstv@gmail.com', '$2y$10$7ZZGxTLKredSCswh1d9lOeN/2o4dHwpNHL5WLV2jv8QW5nPdccVRC', 'MD Leon', 'Islam', '01710604946', 0.000, NULL, NULL, NULL, NULL, 0, '589aea72d0e950e97b4a623192b35871', NULL, 1, 'h5CTlRJ0GCUlyK4V48tsnkeov', 'ImKFiVIzNaTOWsxE3VASUk7N3zWnx0d5', '2025-03-11 20:16:53', '2025-03-11 20:16:53', NULL),
(359, '0da1f6bd87768711d7654507a185cba8', 'hm8846888@gmail.com', '$2y$10$qrJJatCdf1YE/4kwnAhU4u268G1TJLK.0t7iO1wsXqDNx713awqa6', 'Nannu Islam', 'Maglin', '01400756900', 0.000, NULL, NULL, NULL, NULL, 0, 'a4e53acf544f0ed15495cd794e6e2610', NULL, 1, 'csL0vxqLOSKWUaHnp9MeGoRkz', 'CAXpcWLPWFdLnCJuDxqJ8gv7tcRVMCXH', '2025-03-13 20:38:25', '2025-03-13 20:38:25', NULL),
(360, 'ac38bc44a3899c0612ca2ea7514db5c3', 'khan.swadhin@gmail.com', '$2y$10$PvKFn/REIONkclnLX2ccs.1H5n2Jr5kH3lnxlyK1qS1VS2RrddAkS', 'Swadhin', 'Khan', '01823662233', 0.000, NULL, NULL, NULL, NULL, 0, 'c22f267d8da54c98ab68212783e35d00', NULL, 1, 'wlSfF1VnfCuezKReITKrDmyqo', 'HFPKQfRI3o2L3CBzVyGAtwAw8vbl0ENp', '2025-03-18 01:16:11', '2025-03-18 01:16:11', NULL),
(362, '86d114b24ddab0968c7789919a68f084', 'md0942479@gmail.com', '$2y$10$TOv6pUM8zN6flQ4l/3BxA.9RP9HBsDrpuBzDlPDLe0vzHIaMYiNHa', 'Md Rakibul', 'Islam', '01825607861', 0.000, NULL, NULL, NULL, NULL, 0, '34677716d253a3b044b9009bb9d3f5d2', NULL, 1, '7IrURblk9IsLQV9TLQZ7Ey427', 'jyYZK6bq5MXov7eAkLE9uU0Mjb2llP1r', '2025-05-09 21:41:18', '2025-05-09 21:41:18', NULL),
(363, 'b926bf58df40b4bed9baf459b44a96c8', 'rpdeveloperbd@gmail.com', '$2y$10$KIvv6LnCjkEUGlhyAGB6UObJmJczIQW/0593.a62Sw0iAvA0l8SSm', 'RP DEVELOPER', 'BD', '01871787476', 0.000, NULL, NULL, NULL, NULL, 0, '5bc09a3194ae129ee7bcd754666b82c1', NULL, 1, '4Y5NcFhDlOAQ8TKgfqdMaOXd4', 'ncCty3UUYgxcFwYCt5mRsXj7YsjftJhe', '2025-05-09 21:45:17', '2025-05-09 21:45:17', NULL),
(364, '2e1ddd8ce509b4ef7b84955dc2fa4ea0', 'ridhitopup@gmail.com', '$2y$10$yP.E2RlRR2lmATQGcklNieRwJWhTqB9O4OhGQG74ujPSe2vujuW6G', 'Ridhitopup', 'M', '01740776320', 0.000, NULL, NULL, NULL, NULL, 0, 'ca846eadd28999a43f8feb5c0cc6aca0', NULL, 1, 'VsFC00ljqhn3txuNvcrpqst1J', 'L1gYMMjZ1rl0FP3I531p14ycHPb02ozQ', '2026-01-02 21:19:43', '2026-01-02 21:19:43', NULL),
(365, 'bf25e8eab942801806a18b1f09042df5', 'ridhitopup1@gmail.com', '$2y$10$zkFzGFCEom3ULXOCiWHRTuJqjQf1S8xB/5lkrtlLz4MkhJCt4004a', 'Ridhitopup', 'Bd', '01740776328', 0.000, NULL, NULL, NULL, NULL, 0, '476142a6911589380e3acae9cefec9f4', NULL, 1, 'QaeXMDjX8GbIFkxC9cvw0eHiw', '90F8PPXOd9ySG1RdIQCby6MS7CS47zOt', '2026-01-03 08:59:11', '2026-01-03 08:59:11', NULL),
(366, 'de66d99911734258a327db3adc34de58', 'sakajolh84h@gmail.com', '$2y$10$pNS85S208BMf3lhJSge52OMTjNF6O1oDLk/LPHxT26OyOQ1COR8qS', 'Mk', 'Kajol', '01611251721', 0.000, NULL, NULL, NULL, NULL, 0, '3b6e6da68e1880f036691a4d7c7ce67b', NULL, 1, 'D5SoJbuKKaLYebrFWol5JG7jH', 'UhUnCEqesuAx2XBtGdsUCD5ZmYXMXeRc', '2026-01-03 09:06:08', '2026-01-03 09:06:08', NULL),
(367, '8bae8741061de056f47810ca0afe5295', 'znbzb@gamil.com', '$2y$10$DmowAmans4noOTBXRaBFyOnHJ61qrDj5RhIP.sA6KWmS5iAAlq5rq', 'Bzhz', 'Zhzh', '01740778569', 0.000, NULL, NULL, NULL, NULL, 0, '20b0a1feb3604eab202a41f7bed79167', NULL, 1, 'iTmXrrAPohlMxg0LBQvtJHbhG', 'jfjmAH5WLgZmF2FpiwcOQClY6aDzkIwA', '2026-01-03 21:18:54', '2026-01-03 21:18:54', NULL);

-- --------------------------------------------------------

--
-- Table structure for table `user_coupons`
--

CREATE TABLE `user_coupons` (
  `id` int(11) UNSIGNED NOT NULL,
  `uid` int(10) UNSIGNED NOT NULL,
  `coupon_id` int(11) DEFAULT NULL,
  `plan_id` int(11) DEFAULT NULL,
  `price` decimal(10,3) NOT NULL DEFAULT 0.000,
  `discount` decimal(10,3) NOT NULL DEFAULT 0.000,
  `created_at` datetime DEFAULT NULL,
  `updated_at` datetime DEFAULT NULL,
  `deleted_at` datetime DEFAULT NULL
) ENGINE=InnoDB DEFAULT CHARSET=utf8mb3 COLLATE=utf8mb3_general_ci;

-- --------------------------------------------------------

--
-- Table structure for table `user_notifier`
--

CREATE TABLE `user_notifier` (
  `id` int(11) UNSIGNED NOT NULL,
  `uid` int(10) UNSIGNED NOT NULL,
  `message` text DEFAULT NULL,
  `response` text DEFAULT NULL,
  `type` tinyint(4) NOT NULL DEFAULT 1 COMMENT '0=>mail, 1=>sms',
  `medium` varchar(50) NOT NULL COMMENT 'Mobile number or email',
  `status` tinyint(4) DEFAULT NULL,
  `charge` float DEFAULT NULL,
  `created_at` datetime NOT NULL,
  `deleted_at` text DEFAULT NULL
) ENGINE=InnoDB DEFAULT CHARSET=utf8mb4 COLLATE=utf8mb4_unicode_ci;

-- --------------------------------------------------------

--
-- Table structure for table `user_payment_settings`
--

CREATE TABLE `user_payment_settings` (
  `id` int(11) UNSIGNED NOT NULL,
  `uid` int(10) UNSIGNED NOT NULL,
  `brand_id` int(10) NOT NULL,
  `g_type` varchar(255) DEFAULT NULL,
  `t_type` varchar(255) DEFAULT NULL,
  `status` int(2) NOT NULL DEFAULT 0,
  `params` text NOT NULL,
  `created_at` text DEFAULT NULL,
  `deleted_at` text DEFAULT NULL
) ENGINE=InnoDB DEFAULT CHARSET=utf8mb4 COLLATE=utf8mb4_unicode_ci;

--
-- Dumping data for table `user_payment_settings`
--

INSERT INTO `user_payment_settings` (`id`, `uid`, `brand_id`, `g_type`, `t_type`, `status`, `params`, `created_at`, `deleted_at`) VALUES
(21, 1, 8, 'bkash', 'mobile', 1, '{\"status\":\"1\",\"brand_id\":\"8\",\"active_payments\":{\"personal\":\"1\",\"agent\":\"0\",\"merchant\":\"0\",\"payment\":\"0\"},\"personal_number\":\"01611251721\",\"payment_number\":\"\",\"agent_number\":\"\",\"sandbox\":\"0\",\"logs\":\"0\",\"username\":\"\",\"password\":\"\",\"app_key\":\"\",\"app_secret\":\"\"}', '2024-12-07 11:37:06', NULL),
(22, 1, 8, 'nagad', 'mobile', 1, '{\"status\":\"1\",\"brand_id\":\"8\",\"active_payments\":{\"personal\":\"1\",\"agent\":\"0\",\"merchant\":\"0\"},\"personal_number\":\"01611251721\",\"agent_number\":\"\",\"nagad_mode\":\"live\",\"merchant_id\":\"\",\"private_key\":\"\",\"public_key\":\"\"}', '2024-12-07 11:37:17', NULL),
(23, 1, 8, 'rocket', 'mobile', 1, '{\"status\":\"1\",\"brand_id\":\"8\",\"active_payments\":{\"personal\":\"1\",\"agent\":\"0\"},\"personal_number\":\"01611251721\",\"agent_number\":\"\",\"merchant_url\":\"\"}', '2024-12-07 11:37:25', NULL),
(24, 1, 8, 'upay', 'mobile', 1, '{\"status\":\"1\",\"brand_id\":\"8\",\"active_payments\":{\"personal\":\"1\",\"agent\":\"0\",\"merchant\":\"0\"},\"personal_number\":\"01611251721\",\"agent_number\":\"\",\"merchant_id\":\"\",\"merchant_key\":\"\",\"merchant_code\":\"\",\"merchant_name\":\"\"}', '2024-12-07 11:37:34', NULL),
(41, 358, 19, 'bkash', 'mobile', 1, '{\"status\":\"1\",\"brand_id\":\"19\",\"active_payments\":{\"personal\":\"1\",\"agent\":\"0\",\"merchant\":\"0\",\"payment\":\"0\"},\"personal_number\":\"01783632964\",\"payment_number\":\"\",\"agent_number\":\"\",\"sandbox\":\"0\",\"logs\":\"0\",\"username\":\"\",\"password\":\"\",\"app_key\":\"\",\"app_secret\":\"\"}', '2025-03-13 14:00:59', NULL),
(42, 358, 19, 'nagad', 'mobile', 1, '{\"status\":\"1\",\"brand_id\":\"19\",\"active_payments\":{\"personal\":\"1\",\"agent\":\"0\",\"merchant\":\"0\"},\"personal_number\":\"01710604946\",\"agent_number\":\"\",\"nagad_mode\":\"live\",\"merchant_id\":\"\",\"private_key\":\"\",\"public_key\":\"\"}', '2025-03-13 14:01:10', NULL);

-- --------------------------------------------------------

--
-- Table structure for table `user_payouts`
--

CREATE TABLE `user_payouts` (
  `id` int(10) UNSIGNED NOT NULL,
  `ids` text NOT NULL,
  `uid` int(10) UNSIGNED NOT NULL,
  `g_type` varchar(30) DEFAULT NULL,
  `params` text DEFAULT NULL,
  `amount` decimal(10,3) NOT NULL DEFAULT 0.000,
  `charge` decimal(10,3) NOT NULL DEFAULT 0.000,
  `net_amount` decimal(10,3) NOT NULL DEFAULT 0.000,
  `status` tinyint(1) NOT NULL DEFAULT 0 COMMENT '0=pending,1=initiated,2=success,3=cancel',
  `created_at` datetime DEFAULT NULL,
  `updated_at` datetime DEFAULT NULL
) ENGINE=InnoDB DEFAULT CHARSET=utf8mb4 COLLATE=utf8mb4_unicode_ci;

-- --------------------------------------------------------

--
-- Table structure for table `user_plans`
--

CREATE TABLE `user_plans` (
  `id` int(10) UNSIGNED NOT NULL,
  `uid` int(10) UNSIGNED NOT NULL,
  `plan_id` int(10) NOT NULL,
  `price` decimal(10,3) NOT NULL DEFAULT 0.000,
  `brand` int(10) NOT NULL,
  `device` int(10) NOT NULL,
  `transaction` int(10) NOT NULL,
  `key` varchar(100) NOT NULL,
  `expire` datetime DEFAULT NULL,
  `created_at` datetime DEFAULT NULL,
  `updated_at` datetime DEFAULT NULL,
  `deleted_at` datetime DEFAULT NULL
) ENGINE=InnoDB DEFAULT CHARSET=utf8mb4 COLLATE=utf8mb4_unicode_ci;

--
-- Dumping data for table `user_plans`
--

INSERT INTO `user_plans` (`id`, `uid`, `plan_id`, `price`, `brand`, `device`, `transaction`, `key`, `expire`, `created_at`, `updated_at`, `deleted_at`) VALUES
(20, 1, 7, 1500.000, 10, 15, -1, '', '2025-12-07 11:17:25', '2024-12-07 11:17:25', '2024-12-07 11:17:25', NULL),
(33, 358, 14, 0.000, 1, 1, -1, '', '2025-03-18 20:17:04', '2025-03-11 20:17:04', '2025-03-11 20:17:04', NULL),
(34, 360, 14, 0.000, 1, 1, -1, '', '2025-03-25 03:59:32', '2025-03-18 03:59:32', '2025-03-18 03:59:32', NULL),
(35, 1, 19, 799.000, 2, 4, -1, '', '2027-01-03 09:02:02', '2026-01-03 09:02:02', '2026-01-03 09:02:02', NULL),
(36, 367, 14, 0.000, 1, 1, -1, '', '2026-01-10 21:19:06', '2026-01-03 21:19:06', '2026-01-03 21:19:06', NULL);

-- --------------------------------------------------------

--
-- Table structure for table `user_roles`
--

CREATE TABLE `user_roles` (
  `id` int(10) UNSIGNED NOT NULL,
  `name` varchar(50) NOT NULL,
  `permissions` text DEFAULT NULL,
  `created_at` datetime DEFAULT NULL
) ENGINE=InnoDB DEFAULT CHARSET=utf8mb3 COLLATE=utf8mb3_general_ci;

--
-- Dumping data for table `user_roles`
--

INSERT INTO `user_roles` (`id`, `name`, `permissions`, `created_at`) VALUES
(1, 'Admin', '{\"id\":\"14\",\"name\":\"Admin\",\"dashboard_statistics\":\"on\",\"dashboard_bar_chart\":\"on\",\"dashboard_latest_transactions\":\"on\",\"user_access_user\":\"on\",\"user_add_user\":\"on\",\"user_edit_user\":\"on\",\"user_add_fund_user\":\"on\",\"user_send_mail_user\":\"on\",\"user_detail_user\":\"on\",\"user_access_transaction\":\"on\",\"invoice_access_invoice\":\"on\",\"invoice_view_invoice\":\"on\",\"invoice_add_invoice\":\"on\",\"invoice_edit_invoice\":\"on\",\"domain_access_domain\":\"on\",\"domain_edit_domain\":\"on\",\"device_access_device\":\"on\",\"device_edit_device\":\"on\",\"plan_access_plan\":\"on\",\"plan_access_user_plan\":\"on\",\"plan_add_plan\":\"on\",\"plan_edit_plan\":\"on\",\"setting_access_setting\":\"on\",\"setting_access_payment_setting\":\"on\",\"setting_access_faq\":\"on\",\"setting_access_coupon\":\"on\",\"setting_add_coupon\":\"on\",\"setting_edit_coupon\":\"on\",\"setting_access_blog\":\"on\",\"setting_developer\":\"on\",\"setting_access_tickets\":\"on\",\"setting_databackup\":\"on\"}', NULL),
(2, 'Owner', '{\"id\":\"\",\"name\":\"Owner\",\"dashboard_statistics\":\"on\",\"dashboard_bar_chart\":\"on\",\"dashboard_latest_transactions\":\"on\",\"user_access_user\":\"on\",\"user_add_user\":\"on\",\"user_edit_user\":\"on\",\"user_delete_user\":\"on\",\"user_view_user\":\"on\",\"user_add_fund_user\":\"on\",\"user_send_mail_user\":\"on\",\"user_set_password_user\":\"on\",\"user_detail_user\":\"on\",\"user_access_transaction\":\"on\",\"invoice_access_invoice\":\"on\",\"invoice_view_invoice\":\"on\",\"invoice_add_invoice\":\"on\",\"invoice_edit_invoice\":\"on\",\"invoice_delete_invoice\":\"on\",\"domain_access_domain\":\"on\",\"domain_edit_domain\":\"on\",\"domain_delete_domain\":\"on\",\"device_access_device\":\"on\",\"device_edit_device\":\"on\",\"device_delete_device\":\"on\",\"plan_access_plan\":\"on\",\"plan_access_user_plan\":\"on\",\"plan_add_plan\":\"on\",\"plan_edit_plan\":\"on\",\"plan_delete_plan\":\"on\",\"setting_access_setting\":\"on\",\"setting_access_payment_setting\":\"on\",\"setting_access_staff\":\"on\",\"setting_access_role\":\"on\",\"setting_acess_activity\":\"on\",\"setting_access_faq\":\"on\",\"setting_access_coupon\":\"on\",\"setting_add_coupon\":\"on\",\"setting_edit_coupon\":\"on\",\"setting_delete_coupon\":\"on\",\"setting_access_blog\":\"on\",\"setting_developer\":\"on\",\"setting_access_tickets\":\"on\",\"setting_databackup\":\"on\"}', NULL),
(3, 'Support Operator', '{\"id\":\"17\",\"name\":\"Support Operator\",\"user_access_user\":\"on\",\"user_add_user\":\"on\",\"user_add_fund_user\":\"on\",\"invoice_access_invoice\":\"on\",\"invoice_view_invoice\":\"on\",\"invoice_add_invoice\":\"on\",\"domain_access_domain\":\"on\",\"domain_edit_domain\":\"on\",\"device_access_device\":\"on\",\"plan_access_user_plan\":\"on\"}', NULL);

-- --------------------------------------------------------

--
-- Table structure for table `user_transactions`
--

CREATE TABLE `user_transactions` (
  `id` int(10) UNSIGNED NOT NULL,
  `ids` text NOT NULL,
  `uid` int(10) UNSIGNED NOT NULL,
  `information` text DEFAULT NULL,
  `type` varchar(20) DEFAULT NULL,
  `amount` decimal(10,3) NOT NULL DEFAULT 0.000,
  `currency` varchar(10) NOT NULL,
  `status` tinyint(1) NOT NULL DEFAULT 0 COMMENT '0=pending,1=initiated,2=success,3=cancel',
  `transaction_id` varchar(20) NOT NULL,
  `created_at` datetime DEFAULT NULL,
  `updated_at` datetime DEFAULT NULL
) ENGINE=InnoDB DEFAULT CHARSET=utf8mb4 COLLATE=utf8mb4_unicode_ci;

--
-- Dumping data for table `user_transactions`
--

INSERT INTO `user_transactions` (`id`, `ids`, `uid`, `information`, `type`, `amount`, `currency`, `status`, `transaction_id`, `created_at`, `updated_at`) VALUES
(38, '45de7e1acdda017a2b7794a60ccb916c', 358, '{\"message\":\"Your purchase of plan \\u09ab\\u09cd\\u09b0\\u09bf \\u09ed \\u09a6\\u09bf\\u09a8! for\\u09f30.00 taka with a discount of \\u09f30.00 is successful\"}', 'plan', 0.000, 'BDT', 2, 'CT85UT702624', '2025-03-11 20:17:04', '2025-03-11 20:17:04'),
(39, '060439d59cecae58a70efc676403d99f', 360, '{\"message\":\"Your purchase of plan \\u09ab\\u09cd\\u09b0\\u09bf \\u09ed \\u09a6\\u09bf\\u09a8! for\\u09f30.00 taka with a discount of \\u09f30.00 is successful\"}', 'plan', 0.000, 'BDT', 2, '3HPD5M248772', '2025-03-18 03:59:32', '2025-03-18 03:59:32'),
(40, '48b28df2df8672e6deffe1245ed5e326', 1, '{\"message\":\"Your purchase of plan 12 Months for\\u09f3799.00 taka with a discount of \\u09f30.00 is successful\"}', 'plan', 799.000, 'BDT', 2, 'DT0MR2409322', '2026-01-03 09:02:02', '2026-01-03 09:02:02'),
(41, 'd637a10602d83e8f391070ad17922515', 367, '{\"message\":\"Your purchase of plan \\u09ab\\u09cd\\u09b0\\u09bf \\u09ed \\u09a6\\u09bf\\u09a8! for\\u09f30.00 taka with a discount of \\u09f30.00 is successful\"}', 'plan', 0.000, 'BDT', 2, 'OTNNSS453546', '2026-01-03 21:19:06', '2026-01-03 21:19:06');

--
-- Indexes for dumped tables
--

--
-- Indexes for table `activity_logs`
--
ALTER TABLE `activity_logs`
  ADD PRIMARY KEY (`id`),
  ADD KEY `activity_logs_uid_foreign` (`uid`);

--
-- Indexes for table `addons`
--
ALTER TABLE `addons`
  ADD PRIMARY KEY (`id`);

--
-- Indexes for table `admin_activity_logs`
--
ALTER TABLE `admin_activity_logs`
  ADD PRIMARY KEY (`id`),
  ADD KEY `admin_activity_logs_uid_foreign` (`uid`);

--
-- Indexes for table `affiliates`
--
ALTER TABLE `affiliates`
  ADD PRIMARY KEY (`id`),
  ADD KEY `affiliates_uid_foreign` (`uid`),
  ADD KEY `affiliates_ref_id_foreign` (`ref_id`);

--
-- Indexes for table `bank_transaction_logs`
--
ALTER TABLE `bank_transaction_logs`
  ADD PRIMARY KEY (`id`),
  ADD KEY `bank_transaction_logs_uid_foreign` (`uid`);

--
-- Indexes for table `blogs`
--
ALTER TABLE `blogs`
  ADD PRIMARY KEY (`id`);

--
-- Indexes for table `brands`
--
ALTER TABLE `brands`
  ADD PRIMARY KEY (`id`),
  ADD KEY `brands_uid_foreign` (`uid`);

--
-- Indexes for table `coupons`
--
ALTER TABLE `coupons`
  ADD PRIMARY KEY (`id`);

--
-- Indexes for table `devices`
--
ALTER TABLE `devices`
  ADD PRIMARY KEY (`id`),
  ADD KEY `devices_uid_foreign` (`uid`);

--
-- Indexes for table `faqs`
--
ALTER TABLE `faqs`
  ADD PRIMARY KEY (`id`);

--
-- Indexes for table `file_managers`
--
ALTER TABLE `file_managers`
  ADD PRIMARY KEY (`id`);

--
-- Indexes for table `invoice`
--
ALTER TABLE `invoice`
  ADD PRIMARY KEY (`id`),
  ADD KEY `invoice_uid_foreign` (`uid`);

--
-- Indexes for table `kyc`
--
ALTER TABLE `kyc`
  ADD PRIMARY KEY (`id`),
  ADD KEY `kyc_uid_foreign` (`uid`);

--
-- Indexes for table `migrations`
--
ALTER TABLE `migrations`
  ADD PRIMARY KEY (`id`);

--
-- Indexes for table `module_data`
--
ALTER TABLE `module_data`
  ADD PRIMARY KEY (`id`),
  ADD KEY `module_data_uid_foreign` (`uid`);

--
-- Indexes for table `notifications`
--
ALTER TABLE `notifications`
  ADD PRIMARY KEY (`id`),
  ADD KEY `notifications_uid_foreign` (`uid`);

--
-- Indexes for table `options`
--
ALTER TABLE `options`
  ADD PRIMARY KEY (`id`);

--
-- Indexes for table `payments`
--
ALTER TABLE `payments`
  ADD PRIMARY KEY (`id`);

--
-- Indexes for table `plans`
--
ALTER TABLE `plans`
  ADD PRIMARY KEY (`id`);

--
-- Indexes for table `queue`
--
ALTER TABLE `queue`
  ADD PRIMARY KEY (`id`);

--
-- Indexes for table `staffs`
--
ALTER TABLE `staffs`
  ADD PRIMARY KEY (`id`),
  ADD UNIQUE KEY `ids` (`ids`),
  ADD UNIQUE KEY `email` (`email`);

--
-- Indexes for table `templates`
--
ALTER TABLE `templates`
  ADD PRIMARY KEY (`id`);

--
-- Indexes for table `temp_transactions`
--
ALTER TABLE `temp_transactions`
  ADD PRIMARY KEY (`id`),
  ADD KEY `temp_transactions_uid_foreign` (`uid`);

--
-- Indexes for table `tickets`
--
ALTER TABLE `tickets`
  ADD PRIMARY KEY (`id`),
  ADD KEY `tickets_uid_foreign` (`uid`);

--
-- Indexes for table `ticket_messages`
--
ALTER TABLE `ticket_messages`
  ADD PRIMARY KEY (`id`);

--
-- Indexes for table `transactions`
--
ALTER TABLE `transactions`
  ADD PRIMARY KEY (`id`),
  ADD KEY `transactions_uid_foreign` (`uid`);

--
-- Indexes for table `users`
--
ALTER TABLE `users`
  ADD PRIMARY KEY (`id`),
  ADD UNIQUE KEY `ids` (`ids`),
  ADD UNIQUE KEY `email` (`email`),
  ADD UNIQUE KEY `phone` (`phone`);

--
-- Indexes for table `user_coupons`
--
ALTER TABLE `user_coupons`
  ADD PRIMARY KEY (`id`);

--
-- Indexes for table `user_notifier`
--
ALTER TABLE `user_notifier`
  ADD PRIMARY KEY (`id`),
  ADD KEY `user_notifier_uid_foreign` (`uid`);

--
-- Indexes for table `user_payment_settings`
--
ALTER TABLE `user_payment_settings`
  ADD PRIMARY KEY (`id`),
  ADD KEY `user_payment_settings_uid_foreign` (`uid`);

--
-- Indexes for table `user_payouts`
--
ALTER TABLE `user_payouts`
  ADD PRIMARY KEY (`id`),
  ADD KEY `user_payouts_uid_foreign` (`uid`);

--
-- Indexes for table `user_plans`
--
ALTER TABLE `user_plans`
  ADD PRIMARY KEY (`id`),
  ADD KEY `user_plans_uid_foreign` (`uid`);

--
-- Indexes for table `user_roles`
--
ALTER TABLE `user_roles`
  ADD PRIMARY KEY (`id`);

--
-- Indexes for table `user_transactions`
--
ALTER TABLE `user_transactions`
  ADD PRIMARY KEY (`id`),
  ADD KEY `user_transactions_uid_foreign` (`uid`);

--
-- AUTO_INCREMENT for dumped tables
--

--
-- AUTO_INCREMENT for table `activity_logs`
--
ALTER TABLE `activity_logs`
  MODIFY `id` int(10) UNSIGNED NOT NULL AUTO_INCREMENT, AUTO_INCREMENT=82;

--
-- AUTO_INCREMENT for table `addons`
--
ALTER TABLE `addons`
  MODIFY `id` int(10) UNSIGNED NOT NULL AUTO_INCREMENT;

--
-- AUTO_INCREMENT for table `admin_activity_logs`
--
ALTER TABLE `admin_activity_logs`
  MODIFY `id` int(10) UNSIGNED NOT NULL AUTO_INCREMENT, AUTO_INCREMENT=88;

--
-- AUTO_INCREMENT for table `affiliates`
--
ALTER TABLE `affiliates`
  MODIFY `id` int(10) UNSIGNED NOT NULL AUTO_INCREMENT;

--
-- AUTO_INCREMENT for table `bank_transaction_logs`
--
ALTER TABLE `bank_transaction_logs`
  MODIFY `id` int(11) UNSIGNED NOT NULL AUTO_INCREMENT;

--
-- AUTO_INCREMENT for table `blogs`
--
ALTER TABLE `blogs`
  MODIFY `id` int(10) UNSIGNED NOT NULL AUTO_INCREMENT;

--
-- AUTO_INCREMENT for table `brands`
--
ALTER TABLE `brands`
  MODIFY `id` int(10) UNSIGNED NOT NULL AUTO_INCREMENT, AUTO_INCREMENT=21;

--
-- AUTO_INCREMENT for table `coupons`
--
ALTER TABLE `coupons`
  MODIFY `id` int(11) UNSIGNED NOT NULL AUTO_INCREMENT;

--
-- AUTO_INCREMENT for table `devices`
--
ALTER TABLE `devices`
  MODIFY `id` int(11) UNSIGNED NOT NULL AUTO_INCREMENT, AUTO_INCREMENT=18;

--
-- AUTO_INCREMENT for table `faqs`
--
ALTER TABLE `faqs`
  MODIFY `id` int(11) UNSIGNED NOT NULL AUTO_INCREMENT, AUTO_INCREMENT=3;

--
-- AUTO_INCREMENT for table `file_managers`
--
ALTER TABLE `file_managers`
  MODIFY `id` int(9) NOT NULL AUTO_INCREMENT, AUTO_INCREMENT=76;

--
-- AUTO_INCREMENT for table `invoice`
--
ALTER TABLE `invoice`
  MODIFY `id` int(11) UNSIGNED NOT NULL AUTO_INCREMENT, AUTO_INCREMENT=18;

--
-- AUTO_INCREMENT for table `kyc`
--
ALTER TABLE `kyc`
  MODIFY `id` int(11) UNSIGNED NOT NULL AUTO_INCREMENT;

--
-- AUTO_INCREMENT for table `migrations`
--
ALTER TABLE `migrations`
  MODIFY `id` bigint(20) UNSIGNED NOT NULL AUTO_INCREMENT, AUTO_INCREMENT=7;

--
-- AUTO_INCREMENT for table `module_data`
--
ALTER TABLE `module_data`
  MODIFY `id` int(10) UNSIGNED NOT NULL AUTO_INCREMENT, AUTO_INCREMENT=44;

--
-- AUTO_INCREMENT for table `notifications`
--
ALTER TABLE `notifications`
  MODIFY `id` int(10) UNSIGNED NOT NULL AUTO_INCREMENT, AUTO_INCREMENT=15;

--
-- AUTO_INCREMENT for table `options`
--
ALTER TABLE `options`
  MODIFY `id` int(9) NOT NULL AUTO_INCREMENT, AUTO_INCREMENT=129;

--
-- AUTO_INCREMENT for table `payments`
--
ALTER TABLE `payments`
  MODIFY `id` int(10) UNSIGNED NOT NULL AUTO_INCREMENT, AUTO_INCREMENT=53;

--
-- AUTO_INCREMENT for table `plans`
--
ALTER TABLE `plans`
  MODIFY `id` int(10) UNSIGNED NOT NULL AUTO_INCREMENT, AUTO_INCREMENT=24;

--
-- AUTO_INCREMENT for table `queue`
--
ALTER TABLE `queue`
  MODIFY `id` int(9) NOT NULL AUTO_INCREMENT;

--
-- AUTO_INCREMENT for table `staffs`
--
ALTER TABLE `staffs`
  MODIFY `id` int(10) UNSIGNED NOT NULL AUTO_INCREMENT, AUTO_INCREMENT=7;

--
-- AUTO_INCREMENT for table `templates`
--
ALTER TABLE `templates`
  MODIFY `id` int(11) UNSIGNED NOT NULL AUTO_INCREMENT;

--
-- AUTO_INCREMENT for table `temp_transactions`
--
ALTER TABLE `temp_transactions`
  MODIFY `id` int(10) UNSIGNED NOT NULL AUTO_INCREMENT, AUTO_INCREMENT=204;

--
-- AUTO_INCREMENT for table `tickets`
--
ALTER TABLE `tickets`
  MODIFY `id` int(10) UNSIGNED NOT NULL AUTO_INCREMENT;

--
-- AUTO_INCREMENT for table `ticket_messages`
--
ALTER TABLE `ticket_messages`
  MODIFY `id` int(10) UNSIGNED NOT NULL AUTO_INCREMENT;

--
-- AUTO_INCREMENT for table `transactions`
--
ALTER TABLE `transactions`
  MODIFY `id` int(11) UNSIGNED NOT NULL AUTO_INCREMENT, AUTO_INCREMENT=4;

--
-- AUTO_INCREMENT for table `users`
--
ALTER TABLE `users`
  MODIFY `id` int(10) UNSIGNED NOT NULL AUTO_INCREMENT, AUTO_INCREMENT=368;

--
-- AUTO_INCREMENT for table `user_coupons`
--
ALTER TABLE `user_coupons`
  MODIFY `id` int(11) UNSIGNED NOT NULL AUTO_INCREMENT;

--
-- AUTO_INCREMENT for table `user_notifier`
--
ALTER TABLE `user_notifier`
  MODIFY `id` int(11) UNSIGNED NOT NULL AUTO_INCREMENT;

--
-- AUTO_INCREMENT for table `user_payment_settings`
--
ALTER TABLE `user_payment_settings`
  MODIFY `id` int(11) UNSIGNED NOT NULL AUTO_INCREMENT, AUTO_INCREMENT=43;

--
-- AUTO_INCREMENT for table `user_payouts`
--
ALTER TABLE `user_payouts`
  MODIFY `id` int(10) UNSIGNED NOT NULL AUTO_INCREMENT;

--
-- AUTO_INCREMENT for table `user_plans`
--
ALTER TABLE `user_plans`
  MODIFY `id` int(10) UNSIGNED NOT NULL AUTO_INCREMENT, AUTO_INCREMENT=37;

--
-- AUTO_INCREMENT for table `user_roles`
--
ALTER TABLE `user_roles`
  MODIFY `id` int(10) UNSIGNED NOT NULL AUTO_INCREMENT, AUTO_INCREMENT=4;

--
-- AUTO_INCREMENT for table `user_transactions`
--
ALTER TABLE `user_transactions`
  MODIFY `id` int(10) UNSIGNED NOT NULL AUTO_INCREMENT, AUTO_INCREMENT=42;

--
-- Constraints for dumped tables
--

--
-- Constraints for table `activity_logs`
--
ALTER TABLE `activity_logs`
  ADD CONSTRAINT `activity_logs_uid_foreign` FOREIGN KEY (`uid`) REFERENCES `users` (`id`) ON DELETE CASCADE;

--
-- Constraints for table `admin_activity_logs`
--
ALTER TABLE `admin_activity_logs`
  ADD CONSTRAINT `admin_activity_logs_uid_foreign` FOREIGN KEY (`uid`) REFERENCES `staffs` (`id`) ON DELETE CASCADE;

--
-- Constraints for table `affiliates`
--
ALTER TABLE `affiliates`
  ADD CONSTRAINT `affiliates_ref_id_foreign` FOREIGN KEY (`ref_id`) REFERENCES `users` (`id`) ON DELETE CASCADE,
  ADD CONSTRAINT `affiliates_uid_foreign` FOREIGN KEY (`uid`) REFERENCES `users` (`id`) ON DELETE CASCADE;

--
-- Constraints for table `bank_transaction_logs`
--
ALTER TABLE `bank_transaction_logs`
  ADD CONSTRAINT `bank_transaction_logs_uid_foreign` FOREIGN KEY (`uid`) REFERENCES `users` (`id`) ON DELETE CASCADE;

--
-- Constraints for table `brands`
--
ALTER TABLE `brands`
  ADD CONSTRAINT `brands_uid_foreign` FOREIGN KEY (`uid`) REFERENCES `users` (`id`) ON DELETE CASCADE;

--
-- Constraints for table `devices`
--
ALTER TABLE `devices`
  ADD CONSTRAINT `devices_uid_foreign` FOREIGN KEY (`uid`) REFERENCES `users` (`id`) ON DELETE CASCADE;

--
-- Constraints for table `invoice`
--
ALTER TABLE `invoice`
  ADD CONSTRAINT `invoice_uid_foreign` FOREIGN KEY (`uid`) REFERENCES `users` (`id`) ON DELETE CASCADE;

--
-- Constraints for table `kyc`
--
ALTER TABLE `kyc`
  ADD CONSTRAINT `kyc_uid_foreign` FOREIGN KEY (`uid`) REFERENCES `users` (`id`) ON DELETE CASCADE;

--
-- Constraints for table `module_data`
--
ALTER TABLE `module_data`
  ADD CONSTRAINT `module_data_uid_foreign` FOREIGN KEY (`uid`) REFERENCES `users` (`id`) ON DELETE CASCADE;

--
-- Constraints for table `notifications`
--
ALTER TABLE `notifications`
  ADD CONSTRAINT `notifications_uid_foreign` FOREIGN KEY (`uid`) REFERENCES `users` (`id`) ON DELETE CASCADE;

--
-- Constraints for table `temp_transactions`
--
ALTER TABLE `temp_transactions`
  ADD CONSTRAINT `temp_transactions_uid_foreign` FOREIGN KEY (`uid`) REFERENCES `users` (`id`) ON DELETE CASCADE;

--
-- Constraints for table `tickets`
--
ALTER TABLE `tickets`
  ADD CONSTRAINT `tickets_uid_foreign` FOREIGN KEY (`uid`) REFERENCES `users` (`id`) ON DELETE CASCADE;

--
-- Constraints for table `transactions`
--
ALTER TABLE `transactions`
  ADD CONSTRAINT `transactions_uid_foreign` FOREIGN KEY (`uid`) REFERENCES `users` (`id`) ON DELETE CASCADE;

--
-- Constraints for table `user_notifier`
--
ALTER TABLE `user_notifier`
  ADD CONSTRAINT `user_notifier_uid_foreign` FOREIGN KEY (`uid`) REFERENCES `users` (`id`) ON DELETE CASCADE;

--
-- Constraints for table `user_payment_settings`
--
ALTER TABLE `user_payment_settings`
  ADD CONSTRAINT `user_payment_settings_uid_foreign` FOREIGN KEY (`uid`) REFERENCES `users` (`id`) ON DELETE CASCADE;

--
-- Constraints for table `user_payouts`
--
ALTER TABLE `user_payouts`
  ADD CONSTRAINT `user_payouts_uid_foreign` FOREIGN KEY (`uid`) REFERENCES `users` (`id`) ON DELETE CASCADE;

--
-- Constraints for table `user_plans`
--
ALTER TABLE `user_plans`
  ADD CONSTRAINT `user_plans_uid_foreign` FOREIGN KEY (`uid`) REFERENCES `users` (`id`) ON DELETE CASCADE;

--
-- Constraints for table `user_transactions`
--
ALTER TABLE `user_transactions`
  ADD CONSTRAINT `user_transactions_uid_foreign` FOREIGN KEY (`uid`) REFERENCES `users` (`id`) ON DELETE CASCADE;
--
-- Database: `ridhitop_Topup`
--
CREATE DATABASE IF NOT EXISTS `ridhitop_Topup` DEFAULT CHARACTER SET latin1 COLLATE latin1_swedish_ci;
USE `ridhitop_Topup`;

-- --------------------------------------------------------

--
-- Table structure for table `auto_vouchers`
--

CREATE TABLE `auto_vouchers` (
  `id` bigint(20) UNSIGNED NOT NULL,
  `variation_id` bigint(20) UNSIGNED NOT NULL,
  `order_id` bigint(20) UNSIGNED DEFAULT NULL,
  `code` varchar(255) NOT NULL,
  `status` tinyint(1) NOT NULL DEFAULT 1,
  `created_at` timestamp NULL DEFAULT NULL,
  `updated_at` timestamp NULL DEFAULT NULL,
  `transaction_id` varchar(55) DEFAULT NULL
) ENGINE=InnoDB DEFAULT CHARSET=utf8mb4 COLLATE=utf8mb4_unicode_ci;

--
-- Dumping data for table `auto_vouchers`
--

INSERT INTO `auto_vouchers` (`id`, `variation_id`, `order_id`, `code`, `status`, `created_at`, `updated_at`, `transaction_id`) VALUES
(1, 167, 117, '[\"UPBD-Q-S-01078150 8564-6979-1137-2133\"]', 0, '2025-08-20 07:09:41', '2025-08-20 09:00:57', NULL),
(2, 184, 113, '[\"UPBD-Q-S-01076196 1244-4597-7744-9134\"]', 0, '2025-08-20 08:42:42', '2025-08-20 08:44:28', NULL),
(3, 177, NULL, '[\"UPBD-Q-S-01076196 1244-4597-7744-9134\"]', 1, '2025-08-20 08:48:42', '2025-08-20 08:48:42', NULL);

-- --------------------------------------------------------

--
-- Table structure for table `categories`
--

CREATE TABLE `categories` (
  `id` bigint(20) NOT NULL,
  `name` varchar(255) NOT NULL,
  `slug` varchar(255) NOT NULL,
  `status` tinyint(1) NOT NULL DEFAULT 1,
  `created_at` timestamp NULL DEFAULT NULL,
  `updated_at` timestamp NULL DEFAULT NULL
) ENGINE=InnoDB DEFAULT CHARSET=latin1 COLLATE=latin1_swedish_ci;

--
-- Dumping data for table `categories`
--

INSERT INTO `categories` (`id`, `name`, `slug`, `status`, `created_at`, `updated_at`) VALUES
(1, 'GAME ITEM', 'game-item', 1, '2025-07-23 19:57:15', '2025-08-08 20:06:19');

-- --------------------------------------------------------

--
-- Table structure for table `deposits`
--

CREATE TABLE `deposits` (
  `id` bigint(20) UNSIGNED NOT NULL,
  `user_id` bigint(20) UNSIGNED NOT NULL,
  `amount` decimal(16,2) NOT NULL DEFAULT 0.00,
  `track_id` varchar(25) NOT NULL,
  `status` enum('unpaid','paid') NOT NULL DEFAULT 'unpaid',
  `created_at` timestamp NULL DEFAULT NULL,
  `updated_at` timestamp NULL DEFAULT NULL
) ENGINE=InnoDB DEFAULT CHARSET=utf8mb4 COLLATE=utf8mb4_unicode_ci;

--
-- Dumping data for table `deposits`
--

INSERT INTO `deposits` (`id`, `user_id`, `amount`, `track_id`, `status`, `created_at`, `updated_at`) VALUES
(104, 3970, 508.00, '62EK8F6QGCP5', 'unpaid', '2025-08-20 05:42:30', '2025-08-20 05:42:30');

-- --------------------------------------------------------

--
-- Table structure for table `failed_jobs`
--

CREATE TABLE `failed_jobs` (
  `id` bigint(20) UNSIGNED NOT NULL,
  `uuid` varchar(255) NOT NULL,
  `connection` text NOT NULL,
  `queue` text NOT NULL,
  `payload` longtext NOT NULL,
  `exception` longtext NOT NULL,
  `failed_at` timestamp NOT NULL DEFAULT current_timestamp()
) ENGINE=InnoDB DEFAULT CHARSET=utf8mb4 COLLATE=utf8mb4_unicode_ci;

--
-- Dumping data for table `failed_jobs`
--

INSERT INTO `failed_jobs` (`id`, `uuid`, `connection`, `queue`, `payload`, `exception`, `failed_at`) VALUES
(81, '580dbc37-7823-4b51-a3df-d78031bbdd5b', 'database', 'default', '{\"uuid\":\"580dbc37-7823-4b51-a3df-d78031bbdd5b\",\"displayName\":\"App\\\\Mail\\\\OrderPlaced\",\"job\":\"Illuminate\\\\Queue\\\\CallQueuedHandler@call\",\"maxTries\":null,\"maxExceptions\":null,\"failOnTimeout\":false,\"backoff\":null,\"timeout\":null,\"retryUntil\":null,\"data\":{\"commandName\":\"Illuminate\\\\Mail\\\\SendQueuedMailable\",\"command\":\"O:34:\\\"Illuminate\\\\Mail\\\\SendQueuedMailable\\\":15:{s:8:\\\"mailable\\\";O:20:\\\"App\\\\Mail\\\\OrderPlaced\\\":3:{s:5:\\\"order\\\";O:45:\\\"Illuminate\\\\Contracts\\\\Database\\\\ModelIdentifier\\\":5:{s:5:\\\"class\\\";s:16:\\\"App\\\\Models\\\\Order\\\";s:2:\\\"id\\\";i:29;s:9:\\\"relations\\\";a:3:{i:0;s:4:\\\"user\\\";i:1;s:9:\\\"variation\\\";i:2;s:7:\\\"product\\\";}s:10:\\\"connection\\\";s:5:\\\"mysql\\\";s:15:\\\"collectionClass\\\";N;}s:2:\\\"to\\\";a:1:{i:0;a:2:{s:4:\\\"name\\\";N;s:7:\\\"address\\\";s:12:\\\"rx@gmail.com\\\";}}s:6:\\\"mailer\\\";s:4:\\\"smtp\\\";}s:5:\\\"tries\\\";N;s:7:\\\"timeout\\\";N;s:13:\\\"maxExceptions\\\";N;s:17:\\\"shouldBeEncrypted\\\";b:0;s:10:\\\"connection\\\";N;s:5:\\\"queue\\\";N;s:15:\\\"chainConnection\\\";N;s:10:\\\"chainQueue\\\";N;s:19:\\\"chainCatchCallbacks\\\";N;s:5:\\\"delay\\\";N;s:11:\\\"afterCommit\\\";N;s:10:\\\"middleware\\\";a:0:{}s:7:\\\"chained\\\";a:0:{}s:3:\\\"job\\\";N;}\"}}', 'Symfony\\Component\\Mime\\Exception\\RfcComplianceException: Email \"demo\" does not comply with addr-spec of RFC 2822. in /home/nexttopu/pay.nexttopup.com/core/vendor/symfony/mime/Address.php:54\nStack trace:\n#0 /home/nexttopu/pay.nexttopup.com/core/vendor/laravel/framework/src/Illuminate/Mail/Message.php(58): Symfony\\Component\\Mime\\Address->__construct()\n#1 /home/nexttopu/pay.nexttopup.com/core/vendor/laravel/framework/src/Illuminate/Mail/Mailer.php(547): Illuminate\\Mail\\Message->from()\n#2 /home/nexttopu/pay.nexttopup.com/core/vendor/laravel/framework/src/Illuminate/Mail/Mailer.php(311): Illuminate\\Mail\\Mailer->createMessage()\n#3 /home/nexttopu/pay.nexttopup.com/core/vendor/laravel/framework/src/Illuminate/Mail/Mailable.php(213): Illuminate\\Mail\\Mailer->send()\n#4 /home/nexttopu/pay.nexttopup.com/core/vendor/laravel/framework/src/Illuminate/Support/Traits/Localizable.php(19): Illuminate\\Mail\\Mailable->Illuminate\\Mail\\{closure}()\n#5 /home/nexttopu/pay.nexttopup.com/core/vendor/laravel/framework/src/Illuminate/Mail/Mailable.php(214): Illuminate\\Mail\\Mailable->withLocale()\n#6 /home/nexttopu/pay.nexttopup.com/core/vendor/laravel/framework/src/Illuminate/Mail/SendQueuedMailable.php(83): Illuminate\\Mail\\Mailable->send()\n#7 /home/nexttopu/pay.nexttopup.com/core/vendor/laravel/framework/src/Illuminate/Container/BoundMethod.php(36): Illuminate\\Mail\\SendQueuedMailable->handle()\n#8 /home/nexttopu/pay.nexttopup.com/core/vendor/laravel/framework/src/Illuminate/Container/Util.php(41): Illuminate\\Container\\BoundMethod::Illuminate\\Container\\{closure}()\n#9 /home/nexttopu/pay.nexttopup.com/core/vendor/laravel/framework/src/Illuminate/Container/BoundMethod.php(93): Illuminate\\Container\\Util::unwrapIfClosure()\n#10 /home/nexttopu/pay.nexttopup.com/core/vendor/laravel/framework/src/Illuminate/Container/BoundMethod.php(37): Illuminate\\Container\\BoundMethod::callBoundMethod()\n#11 /home/nexttopu/pay.nexttopup.com/core/vendor/laravel/framework/src/Illuminate/Container/Container.php(662): Illuminate\\Container\\BoundMethod::call()\n#12 /home/nexttopu/pay.nexttopup.com/core/vendor/laravel/framework/src/Illuminate/Bus/Dispatcher.php(128): Illuminate\\Container\\Container->call()\n#13 /home/nexttopu/pay.nexttopup.com/core/vendor/laravel/framework/src/Illuminate/Pipeline/Pipeline.php(144): Illuminate\\Bus\\Dispatcher->Illuminate\\Bus\\{closure}()\n#14 /home/nexttopu/pay.nexttopup.com/core/vendor/laravel/framework/src/Illuminate/Pipeline/Pipeline.php(119): Illuminate\\Pipeline\\Pipeline->Illuminate\\Pipeline\\{closure}()\n#15 /home/nexttopu/pay.nexttopup.com/core/vendor/laravel/framework/src/Illuminate/Bus/Dispatcher.php(132): Illuminate\\Pipeline\\Pipeline->then()\n#16 /home/nexttopu/pay.nexttopup.com/core/vendor/laravel/framework/src/Illuminate/Queue/CallQueuedHandler.php(124): Illuminate\\Bus\\Dispatcher->dispatchNow()\n#17 /home/nexttopu/pay.nexttopup.com/core/vendor/laravel/framework/src/Illuminate/Pipeline/Pipeline.php(144): Illuminate\\Queue\\CallQueuedHandler->Illuminate\\Queue\\{closure}()\n#18 /home/nexttopu/pay.nexttopup.com/core/vendor/laravel/framework/src/Illuminate/Pipeline/Pipeline.php(119): Illuminate\\Pipeline\\Pipeline->Illuminate\\Pipeline\\{closure}()\n#19 /home/nexttopu/pay.nexttopup.com/core/vendor/laravel/framework/src/Illuminate/Queue/CallQueuedHandler.php(126): Illuminate\\Pipeline\\Pipeline->then()\n#20 /home/nexttopu/pay.nexttopup.com/core/vendor/laravel/framework/src/Illuminate/Queue/CallQueuedHandler.php(70): Illuminate\\Queue\\CallQueuedHandler->dispatchThroughMiddleware()\n#21 /home/nexttopu/pay.nexttopup.com/core/vendor/laravel/framework/src/Illuminate/Queue/Jobs/Job.php(102): Illuminate\\Queue\\CallQueuedHandler->call()\n#22 /home/nexttopu/pay.nexttopup.com/core/vendor/laravel/framework/src/Illuminate/Queue/Worker.php(439): Illuminate\\Queue\\Jobs\\Job->fire()\n#23 /home/nexttopu/pay.nexttopup.com/core/vendor/laravel/framework/src/Illuminate/Queue/Worker.php(389): Illuminate\\Queue\\Worker->process()\n#24 /home/nexttopu/pay.nexttopup.com/core/vendor/laravel/framework/src/Illuminate/Queue/Worker.php(176): Illuminate\\Queue\\Worker->runJob()\n#25 /home/nexttopu/pay.nexttopup.com/core/vendor/laravel/framework/src/Illuminate/Queue/Console/WorkCommand.php(138): Illuminate\\Queue\\Worker->daemon()\n#26 /home/nexttopu/pay.nexttopup.com/core/vendor/laravel/framework/src/Illuminate/Queue/Console/WorkCommand.php(121): Illuminate\\Queue\\Console\\WorkCommand->runWorker()\n#27 /home/nexttopu/pay.nexttopup.com/core/vendor/laravel/framework/src/Illuminate/Container/BoundMethod.php(36): Illuminate\\Queue\\Console\\WorkCommand->handle()\n#28 /home/nexttopu/pay.nexttopup.com/core/vendor/laravel/framework/src/Illuminate/Container/Util.php(41): Illuminate\\Container\\BoundMethod::Illuminate\\Container\\{closure}()\n#29 /home/nexttopu/pay.nexttopup.com/core/vendor/laravel/framework/src/Illuminate/Container/BoundMethod.php(93): Illuminate\\Container\\Util::unwrapIfClosure()\n#30 /home/nexttopu/pay.nexttopup.com/core/vendor/laravel/framework/src/Illuminate/Container/BoundMethod.php(37): Illuminate\\Container\\BoundMethod::callBoundMethod()\n#31 /home/nexttopu/pay.nexttopup.com/core/vendor/laravel/framework/src/Illuminate/Container/Container.php(662): Illuminate\\Container\\BoundMethod::call()\n#32 /home/nexttopu/pay.nexttopup.com/core/vendor/laravel/framework/src/Illuminate/Console/Command.php(211): Illuminate\\Container\\Container->call()\n#33 /home/nexttopu/pay.nexttopup.com/core/vendor/symfony/console/Command/Command.php(326): Illuminate\\Console\\Command->execute()\n#34 /home/nexttopu/pay.nexttopup.com/core/vendor/laravel/framework/src/Illuminate/Console/Command.php(181): Symfony\\Component\\Console\\Command\\Command->run()\n#35 /home/nexttopu/pay.nexttopup.com/core/vendor/symfony/console/Application.php(1096): Illuminate\\Console\\Command->run()\n#36 /home/nexttopu/pay.nexttopup.com/core/vendor/symfony/console/Application.php(324): Symfony\\Component\\Console\\Application->doRunCommand()\n#37 /home/nexttopu/pay.nexttopup.com/core/vendor/symfony/console/Application.php(175): Symfony\\Component\\Console\\Application->doRun()\n#38 /home/nexttopu/pay.nexttopup.com/core/vendor/laravel/framework/src/Illuminate/Console/Application.php(163): Symfony\\Component\\Console\\Application->run()\n#39 /home/nexttopu/pay.nexttopup.com/core/vendor/laravel/framework/src/Illuminate/Foundation/Console/Kernel.php(400): Illuminate\\Console\\Application->call()\n#40 /home/nexttopu/pay.nexttopup.com/core/vendor/laravel/framework/src/Illuminate/Support/Facades/Facade.php(355): Illuminate\\Foundation\\Console\\Kernel->call()\n#41 /home/nexttopu/pay.nexttopup.com/core/app/Console/Kernel.php(35): Illuminate\\Support\\Facades\\Facade::__callStatic()\n#42 /home/nexttopu/pay.nexttopup.com/core/vendor/laravel/framework/src/Illuminate/Container/BoundMethod.php(36): App\\Console\\Kernel->App\\Console\\{closure}()\n#43 /home/nexttopu/pay.nexttopup.com/core/vendor/laravel/framework/src/Illuminate/Container/BoundMethod.php(36): Closure->__invoke()\n#44 /home/nexttopu/pay.nexttopup.com/core/vendor/laravel/framework/src/Illuminate/Container/Util.php(41): Illuminate\\Container\\BoundMethod::Illuminate\\Container\\{closure}()\n#45 /home/nexttopu/pay.nexttopup.com/core/vendor/laravel/framework/src/Illuminate/Container/BoundMethod.php(93): Illuminate\\Container\\Util::unwrapIfClosure()\n#46 /home/nexttopu/pay.nexttopup.com/core/vendor/laravel/framework/src/Illuminate/Container/BoundMethod.php(37): Illuminate\\Container\\BoundMethod::callBoundMethod()\n#47 /home/nexttopu/pay.nexttopup.com/core/vendor/laravel/framework/src/Illuminate/Container/Container.php(662): Illuminate\\Container\\BoundMethod::call()\n#48 /home/nexttopu/pay.nexttopup.com/core/vendor/laravel/framework/src/Illuminate/Console/Scheduling/CallbackEvent.php(118): Illuminate\\Container\\Container->call()\n#49 /home/nexttopu/pay.nexttopup.com/core/vendor/laravel/framework/src/Illuminate/Console/Scheduling/Event.php(274): Illuminate\\Console\\Scheduling\\CallbackEvent->execute()\n#50 /home/nexttopu/pay.nexttopup.com/core/vendor/laravel/framework/src/Illuminate/Console/Scheduling/Event.php(223): Illuminate\\Console\\Scheduling\\Event->start()\n#51 /home/nexttopu/pay.nexttopup.com/core/vendor/laravel/framework/src/Illuminate/Console/Scheduling/CallbackEvent.php(77): Illuminate\\Console\\Scheduling\\Event->run()\n#52 /home/nexttopu/pay.nexttopup.com/core/vendor/laravel/framework/src/Illuminate/Console/Scheduling/ScheduleRunCommand.php(192): Illuminate\\Console\\Scheduling\\CallbackEvent->run()\n#53 /home/nexttopu/pay.nexttopup.com/core/vendor/laravel/framework/src/Illuminate/Console/View/Components/Task.php(37): Illuminate\\Console\\Scheduling\\ScheduleRunCommand->Illuminate\\Console\\Scheduling\\{closure}()\n#54 /home/nexttopu/pay.nexttopup.com/core/vendor/laravel/framework/src/Illuminate/Console/View/Components/Factory.php(58): Illuminate\\Console\\View\\Components\\Task->render()\n#55 /home/nexttopu/pay.nexttopup.com/core/vendor/laravel/framework/src/Illuminate/Console/Scheduling/ScheduleRunCommand.php(207): Illuminate\\Console\\View\\Components\\Factory->__call()\n#56 /home/nexttopu/pay.nexttopup.com/core/vendor/laravel/framework/src/Illuminate/Console/Scheduling/ScheduleRunCommand.php(131): Illuminate\\Console\\Scheduling\\ScheduleRunCommand->runEvent()\n#57 /home/nexttopu/pay.nexttopup.com/core/vendor/laravel/framework/src/Illuminate/Container/BoundMethod.php(36): Illuminate\\Console\\Scheduling\\ScheduleRunCommand->handle()\n#58 /home/nexttopu/pay.nexttopup.com/core/vendor/laravel/framework/src/Illuminate/Container/Util.php(41): Illuminate\\Container\\BoundMethod::Illuminate\\Container\\{closure}()\n#59 /home/nexttopu/pay.nexttopup.com/core/vendor/laravel/framework/src/Illuminate/Container/BoundMethod.php(93): Illuminate\\Container\\Util::unwrapIfClosure()\n#60 /home/nexttopu/pay.nexttopup.com/core/vendor/laravel/framework/src/Illuminate/Container/BoundMethod.php(37): Illuminate\\Container\\BoundMethod::callBoundMethod()\n#61 /home/nexttopu/pay.nexttopup.com/core/vendor/laravel/framework/src/Illuminate/Container/Container.php(662): Illuminate\\Container\\BoundMethod::call()\n#62 /home/nexttopu/pay.nexttopup.com/core/vendor/laravel/framework/src/Illuminate/Console/Command.php(211): Illuminate\\Container\\Container->call()\n#63 /home/nexttopu/pay.nexttopup.com/core/vendor/symfony/console/Command/Command.php(326): Illuminate\\Console\\Command->execute()\n#64 /home/nexttopu/pay.nexttopup.com/core/vendor/laravel/framework/src/Illuminate/Console/Command.php(181): Symfony\\Component\\Console\\Command\\Command->run()\n#65 /home/nexttopu/pay.nexttopup.com/core/vendor/symfony/console/Application.php(1096): Illuminate\\Console\\Command->run()\n#66 /home/nexttopu/pay.nexttopup.com/core/vendor/symfony/console/Application.php(324): Symfony\\Component\\Console\\Application->doRunCommand()\n#67 /home/nexttopu/pay.nexttopup.com/core/vendor/symfony/console/Application.php(175): Symfony\\Component\\Console\\Application->doRun()\n#68 /home/nexttopu/pay.nexttopup.com/core/vendor/laravel/framework/src/Illuminate/Console/Application.php(163): Symfony\\Component\\Console\\Application->run()\n#69 /home/nexttopu/pay.nexttopup.com/core/vendor/laravel/framework/src/Illuminate/Foundation/Console/Kernel.php(400): Illuminate\\Console\\Application->call()\n#70 /home/nexttopu/pay.nexttopup.com/core/vendor/laravel/framework/src/Illuminate/Support/Facades/Facade.php(355): Illuminate\\Foundation\\Console\\Kernel->call()\n#71 /home/nexttopu/pay.nexttopup.com/core/routes/web.php(25): Illuminate\\Support\\Facades\\Facade::__callStatic()\n#72 /home/nexttopu/pay.nexttopup.com/core/vendor/laravel/framework/src/Illuminate/Routing/CallableDispatcher.php(40): Illuminate\\Routing\\RouteFileRegistrar->{closure}()\n#73 /home/nexttopu/pay.nexttopup.com/core/vendor/laravel/framework/src/Illuminate/Routing/Route.php(237): Illuminate\\Routing\\CallableDispatcher->dispatch()\n#74 /home/nexttopu/pay.nexttopup.com/core/vendor/laravel/framework/src/Illuminate/Routing/Route.php(208): Illuminate\\Routing\\Route->runCallable()\n#75 /home/nexttopu/pay.nexttopup.com/core/vendor/laravel/framework/src/Illuminate/Routing/Router.php(806): Illuminate\\Routing\\Route->run()\n#76 /home/nexttopu/pay.nexttopup.com/core/vendor/laravel/framework/src/Illuminate/Pipeline/Pipeline.php(144): Illuminate\\Routing\\Router->Illuminate\\Routing\\{closure}()\n#77 /home/nexttopu/pay.nexttopup.com/core/vendor/rtraselbd/laravel-installer/src/Middleware/CheckInstallation.php(0): Illuminate\\Pipeline\\Pipeline->Illuminate\\Pipeline\\{closure}()\n#78 /home/nexttopu/pay.nexttopup.com/core/vendor/laravel/framework/src/Illuminate/Pipeline/Pipeline.php(183): RtRasel\\LaravelInstaller\\Middleware\\CheckInstallation->handle()\n#79 /home/nexttopu/pay.nexttopup.com/core/vendor/laravel/framework/src/Illuminate/Routing/Middleware/SubstituteBindings.php(50): Illuminate\\Pipeline\\Pipeline->Illuminate\\Pipeline\\{closure}()\n#80 /home/nexttopu/pay.nexttopup.com/core/vendor/laravel/framework/src/Illuminate/Pipeline/Pipeline.php(183): Illuminate\\Routing\\Middleware\\SubstituteBindings->handle()\n#81 /home/nexttopu/pay.nexttopup.com/core/vendor/laravel/framework/src/Illuminate/Foundation/Http/Middleware/VerifyCsrfToken.php(78): Illuminate\\Pipeline\\Pipeline->Illuminate\\Pipeline\\{closure}()\n#82 /home/nexttopu/pay.nexttopup.com/core/vendor/laravel/framework/src/Illuminate/Pipeline/Pipeline.php(183): Illuminate\\Foundation\\Http\\Middleware\\VerifyCsrfToken->handle()\n#83 /home/nexttopu/pay.nexttopup.com/core/vendor/laravel/framework/src/Illuminate/View/Middleware/ShareErrorsFromSession.php(49): Illuminate\\Pipeline\\Pipeline->Illuminate\\Pipeline\\{closure}()\n#84 /home/nexttopu/pay.nexttopup.com/core/vendor/laravel/framework/src/Illuminate/Pipeline/Pipeline.php(183): Illuminate\\View\\Middleware\\ShareErrorsFromSession->handle()\n#85 /home/nexttopu/pay.nexttopup.com/core/vendor/laravel/framework/src/Illuminate/Session/Middleware/StartSession.php(121): Illuminate\\Pipeline\\Pipeline->Illuminate\\Pipeline\\{closure}()\n#86 /home/nexttopu/pay.nexttopup.com/core/vendor/laravel/framework/src/Illuminate/Session/Middleware/StartSession.php(64): Illuminate\\Session\\Middleware\\StartSession->handleStatefulRequest()\n#87 /home/nexttopu/pay.nexttopup.com/core/vendor/laravel/framework/src/Illuminate/Pipeline/Pipeline.php(183): Illuminate\\Session\\Middleware\\StartSession->handle()\n#88 /home/nexttopu/pay.nexttopup.com/core/vendor/laravel/framework/src/Illuminate/Cookie/Middleware/AddQueuedCookiesToResponse.php(37): Illuminate\\Pipeline\\Pipeline->Illuminate\\Pipeline\\{closure}()\n#89 /home/nexttopu/pay.nexttopup.com/core/vendor/laravel/framework/src/Illuminate/Pipeline/Pipeline.php(183): Illuminate\\Cookie\\Middleware\\AddQueuedCookiesToResponse->handle()\n#90 /home/nexttopu/pay.nexttopup.com/core/vendor/laravel/framework/src/Illuminate/Cookie/Middleware/EncryptCookies.php(67): Illuminate\\Pipeline\\Pipeline->Illuminate\\Pipeline\\{closure}()\n#91 /home/nexttopu/pay.nexttopup.com/core/vendor/laravel/framework/src/Illuminate/Pipeline/Pipeline.php(183): Illuminate\\Cookie\\Middleware\\EncryptCookies->handle()\n#92 /home/nexttopu/pay.nexttopup.com/core/vendor/laravel/framework/src/Illuminate/Pipeline/Pipeline.php(119): Illuminate\\Pipeline\\Pipeline->Illuminate\\Pipeline\\{closure}()\n#93 /home/nexttopu/pay.nexttopup.com/core/vendor/laravel/framework/src/Illuminate/Routing/Router.php(807): Illuminate\\Pipeline\\Pipeline->then()\n#94 /home/nexttopu/pay.nexttopup.com/core/vendor/laravel/framework/src/Illuminate/Routing/Router.php(784): Illuminate\\Routing\\Router->runRouteWithinStack()\n#95 /home/nexttopu/pay.nexttopup.com/core/vendor/laravel/framework/src/Illuminate/Routing/Router.php(748): Illuminate\\Routing\\Router->runRoute()\n#96 /home/nexttopu/pay.nexttopup.com/core/vendor/laravel/framework/src/Illuminate/Routing/Router.php(737): Illuminate\\Routing\\Router->dispatchToRoute()\n#97 /home/nexttopu/pay.nexttopup.com/core/vendor/laravel/framework/src/Illuminate/Foundation/Http/Kernel.php(200): Illuminate\\Routing\\Router->dispatch()\n#98 /home/nexttopu/pay.nexttopup.com/core/vendor/laravel/framework/src/Illuminate/Pipeline/Pipeline.php(144): Illuminate\\Foundation\\Http\\Kernel->Illuminate\\Foundation\\Http\\{closure}()\n#99 /home/nexttopu/pay.nexttopup.com/core/vendor/livewire/livewire/src/Features/SupportDisablingBackButtonCache/DisableBackButtonCacheMiddleware.php(19): Illuminate\\Pipeline\\Pipeline->Illuminate\\Pipeline\\{closure}()\n#100 /home/nexttopu/pay.nexttopup.com/core/vendor/laravel/framework/src/Illuminate/Pipeline/Pipeline.php(183): Livewire\\Features\\SupportDisablingBackButtonCache\\DisableBackButtonCacheMiddleware->handle()\n#101 /home/nexttopu/pay.nexttopup.com/core/vendor/barryvdh/laravel-debugbar/src/Middleware/InjectDebugbar.php(59): Illuminate\\Pipeline\\Pipeline->Illuminate\\Pipeline\\{closure}()\n#102 /home/nexttopu/pay.nexttopup.com/core/vendor/laravel/framework/src/Illuminate/Pipeline/Pipeline.php(183): Barryvdh\\Debugbar\\Middleware\\InjectDebugbar->handle()\n#103 /home/nexttopu/pay.nexttopup.com/core/app/Http/Middleware/LogVisitor.php(27): Illuminate\\Pipeline\\Pipeline->Illuminate\\Pipeline\\{closure}()\n#104 /home/nexttopu/pay.nexttopup.com/core/vendor/laravel/framework/src/Illuminate/Pipeline/Pipeline.php(183): App\\Http\\Middleware\\LogVisitor->handle()\n#105 /home/nexttopu/pay.nexttopup.com/core/vendor/laravel/framework/src/Illuminate/Foundation/Http/Middleware/TransformsRequest.php(21): Illuminate\\Pipeline\\Pipeline->Illuminate\\Pipeline\\{closure}()\n#106 /home/nexttopu/pay.nexttopup.com/core/vendor/laravel/framework/src/Illuminate/Foundation/Http/Middleware/ConvertEmptyStringsToNull.php(31): Illuminate\\Foundation\\Http\\Middleware\\TransformsRequest->handle()\n#107 /home/nexttopu/pay.nexttopup.com/core/vendor/laravel/framework/src/Illuminate/Pipeline/Pipeline.php(183): Illuminate\\Foundation\\Http\\Middleware\\ConvertEmptyStringsToNull->handle()\n#108 /home/nexttopu/pay.nexttopup.com/core/vendor/laravel/framework/src/Illuminate/Foundation/Http/Middleware/TransformsRequest.php(21): Illuminate\\Pipeline\\Pipeline->Illuminate\\Pipeline\\{closure}()\n#109 /home/nexttopu/pay.nexttopup.com/core/vendor/laravel/framework/src/Illuminate/Foundation/Http/Middleware/TrimStrings.php(40): Illuminate\\Foundation\\Http\\Middleware\\TransformsRequest->handle()\n#110 /home/nexttopu/pay.nexttopup.com/core/vendor/laravel/framework/src/Illuminate/Pipeline/Pipeline.php(183): Illuminate\\Foundation\\Http\\Middleware\\TrimStrings->handle()\n#111 /home/nexttopu/pay.nexttopup.com/core/vendor/laravel/framework/src/Illuminate/Foundation/Http/Middleware/ValidatePostSize.php(27): Illuminate\\Pipeline\\Pipeline->Illuminate\\Pipeline\\{closure}()\n#112 /home/nexttopu/pay.nexttopup.com/core/vendor/laravel/framework/src/Illuminate/Pipeline/Pipeline.php(183): Illuminate\\Foundation\\Http\\Middleware\\ValidatePostSize->handle()\n#113 /home/nexttopu/pay.nexttopup.com/core/vendor/laravel/framework/src/Illuminate/Foundation/Http/Middleware/PreventRequestsDuringMaintenance.php(99): Illuminate\\Pipeline\\Pipeline->Illuminate\\Pipeline\\{closure}()\n#114 /home/nexttopu/pay.nexttopup.com/core/vendor/laravel/framework/src/Illuminate/Pipeline/Pipeline.php(183): Illuminate\\Foundation\\Http\\Middleware\\PreventRequestsDuringMaintenance->handle()\n#115 /home/nexttopu/pay.nexttopup.com/core/vendor/laravel/framework/src/Illuminate/Http/Middleware/HandleCors.php(49): Illuminate\\Pipeline\\Pipeline->Illuminate\\Pipeline\\{closure}()\n#116 /home/nexttopu/pay.nexttopup.com/core/vendor/laravel/framework/src/Illuminate/Pipeline/Pipeline.php(183): Illuminate\\Http\\Middleware\\HandleCors->handle()\n#117 /home/nexttopu/pay.nexttopup.com/core/vendor/laravel/framework/src/Illuminate/Http/Middleware/TrustProxies.php(39): Illuminate\\Pipeline\\Pipeline->Illuminate\\Pipeline\\{closure}()\n#118 /home/nexttopu/pay.nexttopup.com/core/vendor/laravel/framework/src/Illuminate/Pipeline/Pipeline.php(183): Illuminate\\Http\\Middleware\\TrustProxies->handle()\n#119 /home/nexttopu/pay.nexttopup.com/core/app/Http/Middleware/RemoveWwwMiddleware.php(18): Illuminate\\Pipeline\\Pipeline->Illuminate\\Pipeline\\{closure}()\n#120 /home/nexttopu/pay.nexttopup.com/core/vendor/laravel/framework/src/Illuminate/Pipeline/Pipeline.php(183): App\\Http\\Middleware\\RemoveWwwMiddleware->handle()\n#121 /home/nexttopu/pay.nexttopup.com/core/vendor/laravel/framework/src/Illuminate/Pipeline/Pipeline.php(119): Illuminate\\Pipeline\\Pipeline->Illuminate\\Pipeline\\{closure}()\n#122 /home/nexttopu/pay.nexttopup.com/core/vendor/laravel/framework/src/Illuminate/Foundation/Http/Kernel.php(175): Illuminate\\Pipeline\\Pipeline->then()\n#123 /home/nexttopu/pay.nexttopup.com/core/vendor/laravel/framework/src/Illuminate/Foundation/Http/Kernel.php(144): Illuminate\\Foundation\\Http\\Kernel->sendRequestThroughRouter()\n#124 /home/nexttopu/pay.nexttopup.com/index.php(87): Illuminate\\Foundation\\Http\\Kernel->handle()\n#125 {main}', '2025-05-13 15:20:05'),
(83, '5f5be243-86ce-4fd2-8e43-67700c443ce6', 'database', 'default', '{\"uuid\":\"5f5be243-86ce-4fd2-8e43-67700c443ce6\",\"displayName\":\"App\\\\Mail\\\\OrderPlaced\",\"job\":\"Illuminate\\\\Queue\\\\CallQueuedHandler@call\",\"maxTries\":null,\"maxExceptions\":null,\"failOnTimeout\":false,\"backoff\":null,\"timeout\":null,\"retryUntil\":null,\"data\":{\"commandName\":\"Illuminate\\\\Mail\\\\SendQueuedMailable\",\"command\":\"O:34:\\\"Illuminate\\\\Mail\\\\SendQueuedMailable\\\":15:{s:8:\\\"mailable\\\";O:20:\\\"App\\\\Mail\\\\OrderPlaced\\\":3:{s:5:\\\"order\\\";O:45:\\\"Illuminate\\\\Contracts\\\\Database\\\\ModelIdentifier\\\":5:{s:5:\\\"class\\\";s:16:\\\"App\\\\Models\\\\Order\\\";s:2:\\\"id\\\";i:30;s:9:\\\"relations\\\";a:3:{i:0;s:4:\\\"user\\\";i:1;s:9:\\\"variation\\\";i:2;s:7:\\\"product\\\";}s:10:\\\"connection\\\";s:5:\\\"mysql\\\";s:15:\\\"collectionClass\\\";N;}s:2:\\\"to\\\";a:1:{i:0;a:2:{s:4:\\\"name\\\";N;s:7:\\\"address\\\";s:12:\\\"rx@gmail.com\\\";}}s:6:\\\"mailer\\\";s:4:\\\"smtp\\\";}s:5:\\\"tries\\\";N;s:7:\\\"timeout\\\";N;s:13:\\\"maxExceptions\\\";N;s:17:\\\"shouldBeEncrypted\\\";b:0;s:10:\\\"connection\\\";N;s:5:\\\"queue\\\";N;s:15:\\\"chainConnection\\\";N;s:10:\\\"chainQueue\\\";N;s:19:\\\"chainCatchCallbacks\\\";N;s:5:\\\"delay\\\";N;s:11:\\\"afterCommit\\\";N;s:10:\\\"middleware\\\";a:0:{}s:7:\\\"chained\\\";a:0:{}s:3:\\\"job\\\";N;}\"}}', 'Symfony\\Component\\Mime\\Exception\\RfcComplianceException: Email \"demo\" does not comply with addr-spec of RFC 2822. in /home/nexttopu/pay.nexttopup.com/core/vendor/symfony/mime/Address.php:54\nStack trace:\n#0 /home/nexttopu/pay.nexttopup.com/core/vendor/laravel/framework/src/Illuminate/Mail/Message.php(58): Symfony\\Component\\Mime\\Address->__construct()\n#1 /home/nexttopu/pay.nexttopup.com/core/vendor/laravel/framework/src/Illuminate/Mail/Mailer.php(547): Illuminate\\Mail\\Message->from()\n#2 /home/nexttopu/pay.nexttopup.com/core/vendor/laravel/framework/src/Illuminate/Mail/Mailer.php(311): Illuminate\\Mail\\Mailer->createMessage()\n#3 /home/nexttopu/pay.nexttopup.com/core/vendor/laravel/framework/src/Illuminate/Mail/Mailable.php(213): Illuminate\\Mail\\Mailer->send()\n#4 /home/nexttopu/pay.nexttopup.com/core/vendor/laravel/framework/src/Illuminate/Support/Traits/Localizable.php(19): Illuminate\\Mail\\Mailable->Illuminate\\Mail\\{closure}()\n#5 /home/nexttopu/pay.nexttopup.com/core/vendor/laravel/framework/src/Illuminate/Mail/Mailable.php(214): Illuminate\\Mail\\Mailable->withLocale()\n#6 /home/nexttopu/pay.nexttopup.com/core/vendor/laravel/framework/src/Illuminate/Mail/SendQueuedMailable.php(83): Illuminate\\Mail\\Mailable->send()\n#7 /home/nexttopu/pay.nexttopup.com/core/vendor/laravel/framework/src/Illuminate/Container/BoundMethod.php(36): Illuminate\\Mail\\SendQueuedMailable->handle()\n#8 /home/nexttopu/pay.nexttopup.com/core/vendor/laravel/framework/src/Illuminate/Container/Util.php(41): Illuminate\\Container\\BoundMethod::Illuminate\\Container\\{closure}()\n#9 /home/nexttopu/pay.nexttopup.com/core/vendor/laravel/framework/src/Illuminate/Container/BoundMethod.php(93): Illuminate\\Container\\Util::unwrapIfClosure()\n#10 /home/nexttopu/pay.nexttopup.com/core/vendor/laravel/framework/src/Illuminate/Container/BoundMethod.php(37): Illuminate\\Container\\BoundMethod::callBoundMethod()\n#11 /home/nexttopu/pay.nexttopup.com/core/vendor/laravel/framework/src/Illuminate/Container/Container.php(662): Illuminate\\Container\\BoundMethod::call()\n#12 /home/nexttopu/pay.nexttopup.com/core/vendor/laravel/framework/src/Illuminate/Bus/Dispatcher.php(128): Illuminate\\Container\\Container->call()\n#13 /home/nexttopu/pay.nexttopup.com/core/vendor/laravel/framework/src/Illuminate/Pipeline/Pipeline.php(144): Illuminate\\Bus\\Dispatcher->Illuminate\\Bus\\{closure}()\n#14 /home/nexttopu/pay.nexttopup.com/core/vendor/laravel/framework/src/Illuminate/Pipeline/Pipeline.php(119): Illuminate\\Pipeline\\Pipeline->Illuminate\\Pipeline\\{closure}()\n#15 /home/nexttopu/pay.nexttopup.com/core/vendor/laravel/framework/src/Illuminate/Bus/Dispatcher.php(132): Illuminate\\Pipeline\\Pipeline->then()\n#16 /home/nexttopu/pay.nexttopup.com/core/vendor/laravel/framework/src/Illuminate/Queue/CallQueuedHandler.php(124): Illuminate\\Bus\\Dispatcher->dispatchNow()\n#17 /home/nexttopu/pay.nexttopup.com/core/vendor/laravel/framework/src/Illuminate/Pipeline/Pipeline.php(144): Illuminate\\Queue\\CallQueuedHandler->Illuminate\\Queue\\{closure}()\n#18 /home/nexttopu/pay.nexttopup.com/core/vendor/laravel/framework/src/Illuminate/Pipeline/Pipeline.php(119): Illuminate\\Pipeline\\Pipeline->Illuminate\\Pipeline\\{closure}()\n#19 /home/nexttopu/pay.nexttopup.com/core/vendor/laravel/framework/src/Illuminate/Queue/CallQueuedHandler.php(126): Illuminate\\Pipeline\\Pipeline->then()\n#20 /home/nexttopu/pay.nexttopup.com/core/vendor/laravel/framework/src/Illuminate/Queue/CallQueuedHandler.php(70): Illuminate\\Queue\\CallQueuedHandler->dispatchThroughMiddleware()\n#21 /home/nexttopu/pay.nexttopup.com/core/vendor/laravel/framework/src/Illuminate/Queue/Jobs/Job.php(102): Illuminate\\Queue\\CallQueuedHandler->call()\n#22 /home/nexttopu/pay.nexttopup.com/core/vendor/laravel/framework/src/Illuminate/Queue/Worker.php(439): Illuminate\\Queue\\Jobs\\Job->fire()\n#23 /home/nexttopu/pay.nexttopup.com/core/vendor/laravel/framework/src/Illuminate/Queue/Worker.php(389): Illuminate\\Queue\\Worker->process()\n#24 /home/nexttopu/pay.nexttopup.com/core/vendor/laravel/framework/src/Illuminate/Queue/Worker.php(176): Illuminate\\Queue\\Worker->runJob()\n#25 /home/nexttopu/pay.nexttopup.com/core/vendor/laravel/framework/src/Illuminate/Queue/Console/WorkCommand.php(138): Illuminate\\Queue\\Worker->daemon()\n#26 /home/nexttopu/pay.nexttopup.com/core/vendor/laravel/framework/src/Illuminate/Queue/Console/WorkCommand.php(121): Illuminate\\Queue\\Console\\WorkCommand->runWorker()\n#27 /home/nexttopu/pay.nexttopup.com/core/vendor/laravel/framework/src/Illuminate/Container/BoundMethod.php(36): Illuminate\\Queue\\Console\\WorkCommand->handle()\n#28 /home/nexttopu/pay.nexttopup.com/core/vendor/laravel/framework/src/Illuminate/Container/Util.php(41): Illuminate\\Container\\BoundMethod::Illuminate\\Container\\{closure}()\n#29 /home/nexttopu/pay.nexttopup.com/core/vendor/laravel/framework/src/Illuminate/Container/BoundMethod.php(93): Illuminate\\Container\\Util::unwrapIfClosure()\n#30 /home/nexttopu/pay.nexttopup.com/core/vendor/laravel/framework/src/Illuminate/Container/BoundMethod.php(37): Illuminate\\Container\\BoundMethod::callBoundMethod()\n#31 /home/nexttopu/pay.nexttopup.com/core/vendor/laravel/framework/src/Illuminate/Container/Container.php(662): Illuminate\\Container\\BoundMethod::call()\n#32 /home/nexttopu/pay.nexttopup.com/core/vendor/laravel/framework/src/Illuminate/Console/Command.php(211): Illuminate\\Container\\Container->call()\n#33 /home/nexttopu/pay.nexttopup.com/core/vendor/symfony/console/Command/Command.php(326): Illuminate\\Console\\Command->execute()\n#34 /home/nexttopu/pay.nexttopup.com/core/vendor/laravel/framework/src/Illuminate/Console/Command.php(181): Symfony\\Component\\Console\\Command\\Command->run()\n#35 /home/nexttopu/pay.nexttopup.com/core/vendor/symfony/console/Application.php(1096): Illuminate\\Console\\Command->run()\n#36 /home/nexttopu/pay.nexttopup.com/core/vendor/symfony/console/Application.php(324): Symfony\\Component\\Console\\Application->doRunCommand()\n#37 /home/nexttopu/pay.nexttopup.com/core/vendor/symfony/console/Application.php(175): Symfony\\Component\\Console\\Application->doRun()\n#38 /home/nexttopu/pay.nexttopup.com/core/vendor/laravel/framework/src/Illuminate/Console/Application.php(163): Symfony\\Component\\Console\\Application->run()\n#39 /home/nexttopu/pay.nexttopup.com/core/vendor/laravel/framework/src/Illuminate/Foundation/Console/Kernel.php(400): Illuminate\\Console\\Application->call()\n#40 /home/nexttopu/pay.nexttopup.com/core/vendor/laravel/framework/src/Illuminate/Support/Facades/Facade.php(355): Illuminate\\Foundation\\Console\\Kernel->call()\n#41 /home/nexttopu/pay.nexttopup.com/core/app/Console/Kernel.php(35): Illuminate\\Support\\Facades\\Facade::__callStatic()\n#42 /home/nexttopu/pay.nexttopup.com/core/vendor/laravel/framework/src/Illuminate/Container/BoundMethod.php(36): App\\Console\\Kernel->App\\Console\\{closure}()\n#43 /home/nexttopu/pay.nexttopup.com/core/vendor/laravel/framework/src/Illuminate/Container/BoundMethod.php(36): Closure->__invoke()\n#44 /home/nexttopu/pay.nexttopup.com/core/vendor/laravel/framework/src/Illuminate/Container/Util.php(41): Illuminate\\Container\\BoundMethod::Illuminate\\Container\\{closure}()\n#45 /home/nexttopu/pay.nexttopup.com/core/vendor/laravel/framework/src/Illuminate/Container/BoundMethod.php(93): Illuminate\\Container\\Util::unwrapIfClosure()\n#46 /home/nexttopu/pay.nexttopup.com/core/vendor/laravel/framework/src/Illuminate/Container/BoundMethod.php(37): Illuminate\\Container\\BoundMethod::callBoundMethod()\n#47 /home/nexttopu/pay.nexttopup.com/core/vendor/laravel/framework/src/Illuminate/Container/Container.php(662): Illuminate\\Container\\BoundMethod::call()\n#48 /home/nexttopu/pay.nexttopup.com/core/vendor/laravel/framework/src/Illuminate/Console/Scheduling/CallbackEvent.php(118): Illuminate\\Container\\Container->call()\n#49 /home/nexttopu/pay.nexttopup.com/core/vendor/laravel/framework/src/Illuminate/Console/Scheduling/Event.php(274): Illuminate\\Console\\Scheduling\\CallbackEvent->execute()\n#50 /home/nexttopu/pay.nexttopup.com/core/vendor/laravel/framework/src/Illuminate/Console/Scheduling/Event.php(223): Illuminate\\Console\\Scheduling\\Event->start()\n#51 /home/nexttopu/pay.nexttopup.com/core/vendor/laravel/framework/src/Illuminate/Console/Scheduling/CallbackEvent.php(77): Illuminate\\Console\\Scheduling\\Event->run()\n#52 /home/nexttopu/pay.nexttopup.com/core/vendor/laravel/framework/src/Illuminate/Console/Scheduling/ScheduleRunCommand.php(192): Illuminate\\Console\\Scheduling\\CallbackEvent->run()\n#53 /home/nexttopu/pay.nexttopup.com/core/vendor/laravel/framework/src/Illuminate/Console/View/Components/Task.php(37): Illuminate\\Console\\Scheduling\\ScheduleRunCommand->Illuminate\\Console\\Scheduling\\{closure}()\n#54 /home/nexttopu/pay.nexttopup.com/core/vendor/laravel/framework/src/Illuminate/Console/View/Components/Factory.php(58): Illuminate\\Console\\View\\Components\\Task->render()\n#55 /home/nexttopu/pay.nexttopup.com/core/vendor/laravel/framework/src/Illuminate/Console/Scheduling/ScheduleRunCommand.php(207): Illuminate\\Console\\View\\Components\\Factory->__call()\n#56 /home/nexttopu/pay.nexttopup.com/core/vendor/laravel/framework/src/Illuminate/Console/Scheduling/ScheduleRunCommand.php(131): Illuminate\\Console\\Scheduling\\ScheduleRunCommand->runEvent()\n#57 /home/nexttopu/pay.nexttopup.com/core/vendor/laravel/framework/src/Illuminate/Container/BoundMethod.php(36): Illuminate\\Console\\Scheduling\\ScheduleRunCommand->handle()\n#58 /home/nexttopu/pay.nexttopup.com/core/vendor/laravel/framework/src/Illuminate/Container/Util.php(41): Illuminate\\Container\\BoundMethod::Illuminate\\Container\\{closure}()\n#59 /home/nexttopu/pay.nexttopup.com/core/vendor/laravel/framework/src/Illuminate/Container/BoundMethod.php(93): Illuminate\\Container\\Util::unwrapIfClosure()\n#60 /home/nexttopu/pay.nexttopup.com/core/vendor/laravel/framework/src/Illuminate/Container/BoundMethod.php(37): Illuminate\\Container\\BoundMethod::callBoundMethod()\n#61 /home/nexttopu/pay.nexttopup.com/core/vendor/laravel/framework/src/Illuminate/Container/Container.php(662): Illuminate\\Container\\BoundMethod::call()\n#62 /home/nexttopu/pay.nexttopup.com/core/vendor/laravel/framework/src/Illuminate/Console/Command.php(211): Illuminate\\Container\\Container->call()\n#63 /home/nexttopu/pay.nexttopup.com/core/vendor/symfony/console/Command/Command.php(326): Illuminate\\Console\\Command->execute()\n#64 /home/nexttopu/pay.nexttopup.com/core/vendor/laravel/framework/src/Illuminate/Console/Command.php(181): Symfony\\Component\\Console\\Command\\Command->run()\n#65 /home/nexttopu/pay.nexttopup.com/core/vendor/symfony/console/Application.php(1096): Illuminate\\Console\\Command->run()\n#66 /home/nexttopu/pay.nexttopup.com/core/vendor/symfony/console/Application.php(324): Symfony\\Component\\Console\\Application->doRunCommand()\n#67 /home/nexttopu/pay.nexttopup.com/core/vendor/symfony/console/Application.php(175): Symfony\\Component\\Console\\Application->doRun()\n#68 /home/nexttopu/pay.nexttopup.com/core/vendor/laravel/framework/src/Illuminate/Console/Application.php(163): Symfony\\Component\\Console\\Application->run()\n#69 /home/nexttopu/pay.nexttopup.com/core/vendor/laravel/framework/src/Illuminate/Foundation/Console/Kernel.php(400): Illuminate\\Console\\Application->call()\n#70 /home/nexttopu/pay.nexttopup.com/core/vendor/laravel/framework/src/Illuminate/Support/Facades/Facade.php(355): Illuminate\\Foundation\\Console\\Kernel->call()\n#71 /home/nexttopu/pay.nexttopup.com/core/routes/web.php(25): Illuminate\\Support\\Facades\\Facade::__callStatic()\n#72 /home/nexttopu/pay.nexttopup.com/core/vendor/laravel/framework/src/Illuminate/Routing/CallableDispatcher.php(40): Illuminate\\Routing\\RouteFileRegistrar->{closure}()\n#73 /home/nexttopu/pay.nexttopup.com/core/vendor/laravel/framework/src/Illuminate/Routing/Route.php(237): Illuminate\\Routing\\CallableDispatcher->dispatch()\n#74 /home/nexttopu/pay.nexttopup.com/core/vendor/laravel/framework/src/Illuminate/Routing/Route.php(208): Illuminate\\Routing\\Route->runCallable()\n#75 /home/nexttopu/pay.nexttopup.com/core/vendor/laravel/framework/src/Illuminate/Routing/Router.php(806): Illuminate\\Routing\\Route->run()\n#76 /home/nexttopu/pay.nexttopup.com/core/vendor/laravel/framework/src/Illuminate/Pipeline/Pipeline.php(144): Illuminate\\Routing\\Router->Illuminate\\Routing\\{closure}()\n#77 /home/nexttopu/pay.nexttopup.com/core/vendor/rtraselbd/laravel-installer/src/Middleware/CheckInstallation.php(0): Illuminate\\Pipeline\\Pipeline->Illuminate\\Pipeline\\{closure}()\n#78 /home/nexttopu/pay.nexttopup.com/core/vendor/laravel/framework/src/Illuminate/Pipeline/Pipeline.php(183): RtRasel\\LaravelInstaller\\Middleware\\CheckInstallation->handle()\n#79 /home/nexttopu/pay.nexttopup.com/core/vendor/laravel/framework/src/Illuminate/Routing/Middleware/SubstituteBindings.php(50): Illuminate\\Pipeline\\Pipeline->Illuminate\\Pipeline\\{closure}()\n#80 /home/nexttopu/pay.nexttopup.com/core/vendor/laravel/framework/src/Illuminate/Pipeline/Pipeline.php(183): Illuminate\\Routing\\Middleware\\SubstituteBindings->handle()\n#81 /home/nexttopu/pay.nexttopup.com/core/vendor/laravel/framework/src/Illuminate/Foundation/Http/Middleware/VerifyCsrfToken.php(78): Illuminate\\Pipeline\\Pipeline->Illuminate\\Pipeline\\{closure}()\n#82 /home/nexttopu/pay.nexttopup.com/core/vendor/laravel/framework/src/Illuminate/Pipeline/Pipeline.php(183): Illuminate\\Foundation\\Http\\Middleware\\VerifyCsrfToken->handle()\n#83 /home/nexttopu/pay.nexttopup.com/core/vendor/laravel/framework/src/Illuminate/View/Middleware/ShareErrorsFromSession.php(49): Illuminate\\Pipeline\\Pipeline->Illuminate\\Pipeline\\{closure}()\n#84 /home/nexttopu/pay.nexttopup.com/core/vendor/laravel/framework/src/Illuminate/Pipeline/Pipeline.php(183): Illuminate\\View\\Middleware\\ShareErrorsFromSession->handle()\n#85 /home/nexttopu/pay.nexttopup.com/core/vendor/laravel/framework/src/Illuminate/Session/Middleware/StartSession.php(121): Illuminate\\Pipeline\\Pipeline->Illuminate\\Pipeline\\{closure}()\n#86 /home/nexttopu/pay.nexttopup.com/core/vendor/laravel/framework/src/Illuminate/Session/Middleware/StartSession.php(64): Illuminate\\Session\\Middleware\\StartSession->handleStatefulRequest()\n#87 /home/nexttopu/pay.nexttopup.com/core/vendor/laravel/framework/src/Illuminate/Pipeline/Pipeline.php(183): Illuminate\\Session\\Middleware\\StartSession->handle()\n#88 /home/nexttopu/pay.nexttopup.com/core/vendor/laravel/framework/src/Illuminate/Cookie/Middleware/AddQueuedCookiesToResponse.php(37): Illuminate\\Pipeline\\Pipeline->Illuminate\\Pipeline\\{closure}()\n#89 /home/nexttopu/pay.nexttopup.com/core/vendor/laravel/framework/src/Illuminate/Pipeline/Pipeline.php(183): Illuminate\\Cookie\\Middleware\\AddQueuedCookiesToResponse->handle()\n#90 /home/nexttopu/pay.nexttopup.com/core/vendor/laravel/framework/src/Illuminate/Cookie/Middleware/EncryptCookies.php(67): Illuminate\\Pipeline\\Pipeline->Illuminate\\Pipeline\\{closure}()\n#91 /home/nexttopu/pay.nexttopup.com/core/vendor/laravel/framework/src/Illuminate/Pipeline/Pipeline.php(183): Illuminate\\Cookie\\Middleware\\EncryptCookies->handle()\n#92 /home/nexttopu/pay.nexttopup.com/core/vendor/laravel/framework/src/Illuminate/Pipeline/Pipeline.php(119): Illuminate\\Pipeline\\Pipeline->Illuminate\\Pipeline\\{closure}()\n#93 /home/nexttopu/pay.nexttopup.com/core/vendor/laravel/framework/src/Illuminate/Routing/Router.php(807): Illuminate\\Pipeline\\Pipeline->then()\n#94 /home/nexttopu/pay.nexttopup.com/core/vendor/laravel/framework/src/Illuminate/Routing/Router.php(784): Illuminate\\Routing\\Router->runRouteWithinStack()\n#95 /home/nexttopu/pay.nexttopup.com/core/vendor/laravel/framework/src/Illuminate/Routing/Router.php(748): Illuminate\\Routing\\Router->runRoute()\n#96 /home/nexttopu/pay.nexttopup.com/core/vendor/laravel/framework/src/Illuminate/Routing/Router.php(737): Illuminate\\Routing\\Router->dispatchToRoute()\n#97 /home/nexttopu/pay.nexttopup.com/core/vendor/laravel/framework/src/Illuminate/Foundation/Http/Kernel.php(200): Illuminate\\Routing\\Router->dispatch()\n#98 /home/nexttopu/pay.nexttopup.com/core/vendor/laravel/framework/src/Illuminate/Pipeline/Pipeline.php(144): Illuminate\\Foundation\\Http\\Kernel->Illuminate\\Foundation\\Http\\{closure}()\n#99 /home/nexttopu/pay.nexttopup.com/core/vendor/livewire/livewire/src/Features/SupportDisablingBackButtonCache/DisableBackButtonCacheMiddleware.php(19): Illuminate\\Pipeline\\Pipeline->Illuminate\\Pipeline\\{closure}()\n#100 /home/nexttopu/pay.nexttopup.com/core/vendor/laravel/framework/src/Illuminate/Pipeline/Pipeline.php(183): Livewire\\Features\\SupportDisablingBackButtonCache\\DisableBackButtonCacheMiddleware->handle()\n#101 /home/nexttopu/pay.nexttopup.com/core/vendor/barryvdh/laravel-debugbar/src/Middleware/InjectDebugbar.php(59): Illuminate\\Pipeline\\Pipeline->Illuminate\\Pipeline\\{closure}()\n#102 /home/nexttopu/pay.nexttopup.com/core/vendor/laravel/framework/src/Illuminate/Pipeline/Pipeline.php(183): Barryvdh\\Debugbar\\Middleware\\InjectDebugbar->handle()\n#103 /home/nexttopu/pay.nexttopup.com/core/app/Http/Middleware/LogVisitor.php(27): Illuminate\\Pipeline\\Pipeline->Illuminate\\Pipeline\\{closure}()\n#104 /home/nexttopu/pay.nexttopup.com/core/vendor/laravel/framework/src/Illuminate/Pipeline/Pipeline.php(183): App\\Http\\Middleware\\LogVisitor->handle()\n#105 /home/nexttopu/pay.nexttopup.com/core/vendor/laravel/framework/src/Illuminate/Foundation/Http/Middleware/TransformsRequest.php(21): Illuminate\\Pipeline\\Pipeline->Illuminate\\Pipeline\\{closure}()\n#106 /home/nexttopu/pay.nexttopup.com/core/vendor/laravel/framework/src/Illuminate/Foundation/Http/Middleware/ConvertEmptyStringsToNull.php(31): Illuminate\\Foundation\\Http\\Middleware\\TransformsRequest->handle()\n#107 /home/nexttopu/pay.nexttopup.com/core/vendor/laravel/framework/src/Illuminate/Pipeline/Pipeline.php(183): Illuminate\\Foundation\\Http\\Middleware\\ConvertEmptyStringsToNull->handle()\n#108 /home/nexttopu/pay.nexttopup.com/core/vendor/laravel/framework/src/Illuminate/Foundation/Http/Middleware/TransformsRequest.php(21): Illuminate\\Pipeline\\Pipeline->Illuminate\\Pipeline\\{closure}()\n#109 /home/nexttopu/pay.nexttopup.com/core/vendor/laravel/framework/src/Illuminate/Foundation/Http/Middleware/TrimStrings.php(40): Illuminate\\Foundation\\Http\\Middleware\\TransformsRequest->handle()\n#110 /home/nexttopu/pay.nexttopup.com/core/vendor/laravel/framework/src/Illuminate/Pipeline/Pipeline.php(183): Illuminate\\Foundation\\Http\\Middleware\\TrimStrings->handle()\n#111 /home/nexttopu/pay.nexttopup.com/core/vendor/laravel/framework/src/Illuminate/Foundation/Http/Middleware/ValidatePostSize.php(27): Illuminate\\Pipeline\\Pipeline->Illuminate\\Pipeline\\{closure}()\n#112 /home/nexttopu/pay.nexttopup.com/core/vendor/laravel/framework/src/Illuminate/Pipeline/Pipeline.php(183): Illuminate\\Foundation\\Http\\Middleware\\ValidatePostSize->handle()\n#113 /home/nexttopu/pay.nexttopup.com/core/vendor/laravel/framework/src/Illuminate/Foundation/Http/Middleware/PreventRequestsDuringMaintenance.php(99): Illuminate\\Pipeline\\Pipeline->Illuminate\\Pipeline\\{closure}()\n#114 /home/nexttopu/pay.nexttopup.com/core/vendor/laravel/framework/src/Illuminate/Pipeline/Pipeline.php(183): Illuminate\\Foundation\\Http\\Middleware\\PreventRequestsDuringMaintenance->handle()\n#115 /home/nexttopu/pay.nexttopup.com/core/vendor/laravel/framework/src/Illuminate/Http/Middleware/HandleCors.php(49): Illuminate\\Pipeline\\Pipeline->Illuminate\\Pipeline\\{closure}()\n#116 /home/nexttopu/pay.nexttopup.com/core/vendor/laravel/framework/src/Illuminate/Pipeline/Pipeline.php(183): Illuminate\\Http\\Middleware\\HandleCors->handle()\n#117 /home/nexttopu/pay.nexttopup.com/core/vendor/laravel/framework/src/Illuminate/Http/Middleware/TrustProxies.php(39): Illuminate\\Pipeline\\Pipeline->Illuminate\\Pipeline\\{closure}()\n#118 /home/nexttopu/pay.nexttopup.com/core/vendor/laravel/framework/src/Illuminate/Pipeline/Pipeline.php(183): Illuminate\\Http\\Middleware\\TrustProxies->handle()\n#119 /home/nexttopu/pay.nexttopup.com/core/app/Http/Middleware/RemoveWwwMiddleware.php(18): Illuminate\\Pipeline\\Pipeline->Illuminate\\Pipeline\\{closure}()\n#120 /home/nexttopu/pay.nexttopup.com/core/vendor/laravel/framework/src/Illuminate/Pipeline/Pipeline.php(183): App\\Http\\Middleware\\RemoveWwwMiddleware->handle()\n#121 /home/nexttopu/pay.nexttopup.com/core/vendor/laravel/framework/src/Illuminate/Pipeline/Pipeline.php(119): Illuminate\\Pipeline\\Pipeline->Illuminate\\Pipeline\\{closure}()\n#122 /home/nexttopu/pay.nexttopup.com/core/vendor/laravel/framework/src/Illuminate/Foundation/Http/Kernel.php(175): Illuminate\\Pipeline\\Pipeline->then()\n#123 /home/nexttopu/pay.nexttopup.com/core/vendor/laravel/framework/src/Illuminate/Foundation/Http/Kernel.php(144): Illuminate\\Foundation\\Http\\Kernel->sendRequestThroughRouter()\n#124 /home/nexttopu/pay.nexttopup.com/index.php(87): Illuminate\\Foundation\\Http\\Kernel->handle()\n#125 {main}', '2025-05-13 15:20:05');

-- --------------------------------------------------------

--
-- Table structure for table `jobs`
--

CREATE TABLE `jobs` (
  `id` bigint(20) UNSIGNED NOT NULL,
  `queue` varchar(255) NOT NULL,
  `payload` longtext NOT NULL,
  `attempts` tinyint(3) UNSIGNED NOT NULL,
  `reserved_at` int(10) UNSIGNED DEFAULT NULL,
  `available_at` int(10) UNSIGNED NOT NULL,
  `created_at` int(10) UNSIGNED NOT NULL
) ENGINE=InnoDB DEFAULT CHARSET=utf8mb4 COLLATE=utf8mb4_unicode_ci;

--
-- Dumping data for table `jobs`
--

INSERT INTO `jobs` (`id`, `queue`, `payload`, `attempts`, `reserved_at`, `available_at`, `created_at`) VALUES
(6717, 'default', '{\"uuid\":\"caf2e890-be96-4dc7-8bf1-fec327a7c859\",\"displayName\":\"App\\\\Mail\\\\OrderPlaced\",\"job\":\"Illuminate\\\\Queue\\\\CallQueuedHandler@call\",\"maxTries\":null,\"maxExceptions\":null,\"failOnTimeout\":false,\"backoff\":null,\"timeout\":null,\"retryUntil\":null,\"data\":{\"commandName\":\"Illuminate\\\\Mail\\\\SendQueuedMailable\",\"command\":\"O:34:\\\"Illuminate\\\\Mail\\\\SendQueuedMailable\\\":15:{s:8:\\\"mailable\\\";O:20:\\\"App\\\\Mail\\\\OrderPlaced\\\":3:{s:5:\\\"order\\\";O:45:\\\"Illuminate\\\\Contracts\\\\Database\\\\ModelIdentifier\\\":5:{s:5:\\\"class\\\";s:16:\\\"App\\\\Models\\\\Order\\\";s:2:\\\"id\\\";i:31;s:9:\\\"relations\\\";a:3:{i:0;s:4:\\\"user\\\";i:1;s:9:\\\"variation\\\";i:2;s:7:\\\"product\\\";}s:10:\\\"connection\\\";s:5:\\\"mysql\\\";s:15:\\\"collectionClass\\\";N;}s:2:\\\"to\\\";a:1:{i:0;a:2:{s:4:\\\"name\\\";N;s:7:\\\"address\\\";s:14:\\\"alvi@gmail.com\\\";}}s:6:\\\"mailer\\\";s:4:\\\"smtp\\\";}s:5:\\\"tries\\\";N;s:7:\\\"timeout\\\";N;s:13:\\\"maxExceptions\\\";N;s:17:\\\"shouldBeEncrypted\\\";b:0;s:10:\\\"connection\\\";N;s:5:\\\"queue\\\";N;s:15:\\\"chainConnection\\\";N;s:10:\\\"chainQueue\\\";N;s:19:\\\"chainCatchCallbacks\\\";N;s:5:\\\"delay\\\";N;s:11:\\\"afterCommit\\\";N;s:10:\\\"middleware\\\";a:0:{}s:7:\\\"chained\\\";a:0:{}s:3:\\\"job\\\";N;}\"}}', 0, NULL, 1752578820, 1752578820),
(6718, 'default', '{\"uuid\":\"424ada11-4205-48a3-99da-265c9c25e642\",\"displayName\":\"App\\\\Mail\\\\OrderPlaced\",\"job\":\"Illuminate\\\\Queue\\\\CallQueuedHandler@call\",\"maxTries\":null,\"maxExceptions\":null,\"failOnTimeout\":false,\"backoff\":null,\"timeout\":null,\"retryUntil\":null,\"data\":{\"commandName\":\"Illuminate\\\\Mail\\\\SendQueuedMailable\",\"command\":\"O:34:\\\"Illuminate\\\\Mail\\\\SendQueuedMailable\\\":15:{s:8:\\\"mailable\\\";O:20:\\\"App\\\\Mail\\\\OrderPlaced\\\":3:{s:5:\\\"order\\\";O:45:\\\"Illuminate\\\\Contracts\\\\Database\\\\ModelIdentifier\\\":5:{s:5:\\\"class\\\";s:16:\\\"App\\\\Models\\\\Order\\\";s:2:\\\"id\\\";i:32;s:9:\\\"relations\\\";a:3:{i:0;s:4:\\\"user\\\";i:1;s:9:\\\"variation\\\";i:2;s:7:\\\"product\\\";}s:10:\\\"connection\\\";s:5:\\\"mysql\\\";s:15:\\\"collectionClass\\\";N;}s:2:\\\"to\\\";a:1:{i:0;a:2:{s:4:\\\"name\\\";N;s:7:\\\"address\\\";s:14:\\\"alvi@gmail.com\\\";}}s:6:\\\"mailer\\\";s:4:\\\"smtp\\\";}s:5:\\\"tries\\\";N;s:7:\\\"timeout\\\";N;s:13:\\\"maxExceptions\\\";N;s:17:\\\"shouldBeEncrypted\\\";b:0;s:10:\\\"connection\\\";N;s:5:\\\"queue\\\";N;s:15:\\\"chainConnection\\\";N;s:10:\\\"chainQueue\\\";N;s:19:\\\"chainCatchCallbacks\\\";N;s:5:\\\"delay\\\";N;s:11:\\\"afterCommit\\\";N;s:10:\\\"middleware\\\";a:0:{}s:7:\\\"chained\\\";a:0:{}s:3:\\\"job\\\";N;}\"}}', 0, NULL, 1752590159, 1752590159),
(6719, 'default', '{\"uuid\":\"90071ad4-b99b-40f6-a8b4-55069e2c283f\",\"displayName\":\"App\\\\Mail\\\\OrderPlaced\",\"job\":\"Illuminate\\\\Queue\\\\CallQueuedHandler@call\",\"maxTries\":null,\"maxExceptions\":null,\"failOnTimeout\":false,\"backoff\":null,\"timeout\":null,\"retryUntil\":null,\"data\":{\"commandName\":\"Illuminate\\\\Mail\\\\SendQueuedMailable\",\"command\":\"O:34:\\\"Illuminate\\\\Mail\\\\SendQueuedMailable\\\":15:{s:8:\\\"mailable\\\";O:20:\\\"App\\\\Mail\\\\OrderPlaced\\\":3:{s:5:\\\"order\\\";O:45:\\\"Illuminate\\\\Contracts\\\\Database\\\\ModelIdentifier\\\":5:{s:5:\\\"class\\\";s:16:\\\"App\\\\Models\\\\Order\\\";s:2:\\\"id\\\";i:33;s:9:\\\"relations\\\";a:3:{i:0;s:4:\\\"user\\\";i:1;s:9:\\\"variation\\\";i:2;s:7:\\\"product\\\";}s:10:\\\"connection\\\";s:5:\\\"mysql\\\";s:15:\\\"collectionClass\\\";N;}s:2:\\\"to\\\";a:1:{i:0;a:2:{s:4:\\\"name\\\";N;s:7:\\\"address\\\";s:14:\\\"alvi@gmail.com\\\";}}s:6:\\\"mailer\\\";s:4:\\\"smtp\\\";}s:5:\\\"tries\\\";N;s:7:\\\"timeout\\\";N;s:13:\\\"maxExceptions\\\";N;s:17:\\\"shouldBeEncrypted\\\";b:0;s:10:\\\"connection\\\";N;s:5:\\\"queue\\\";N;s:15:\\\"chainConnection\\\";N;s:10:\\\"chainQueue\\\";N;s:19:\\\"chainCatchCallbacks\\\";N;s:5:\\\"delay\\\";N;s:11:\\\"afterCommit\\\";N;s:10:\\\"middleware\\\";a:0:{}s:7:\\\"chained\\\";a:0:{}s:3:\\\"job\\\";N;}\"}}', 0, NULL, 1752596348, 1752596348),
(6720, 'default', '{\"uuid\":\"e50f33a9-88ab-4675-bee1-d648761742e1\",\"displayName\":\"App\\\\Mail\\\\OrderPlaced\",\"job\":\"Illuminate\\\\Queue\\\\CallQueuedHandler@call\",\"maxTries\":null,\"maxExceptions\":null,\"failOnTimeout\":false,\"backoff\":null,\"timeout\":null,\"retryUntil\":null,\"data\":{\"commandName\":\"Illuminate\\\\Mail\\\\SendQueuedMailable\",\"command\":\"O:34:\\\"Illuminate\\\\Mail\\\\SendQueuedMailable\\\":15:{s:8:\\\"mailable\\\";O:20:\\\"App\\\\Mail\\\\OrderPlaced\\\":3:{s:5:\\\"order\\\";O:45:\\\"Illuminate\\\\Contracts\\\\Database\\\\ModelIdentifier\\\":5:{s:5:\\\"class\\\";s:16:\\\"App\\\\Models\\\\Order\\\";s:2:\\\"id\\\";i:34;s:9:\\\"relations\\\";a:3:{i:0;s:4:\\\"user\\\";i:1;s:9:\\\"variation\\\";i:2;s:7:\\\"product\\\";}s:10:\\\"connection\\\";s:5:\\\"mysql\\\";s:15:\\\"collectionClass\\\";N;}s:2:\\\"to\\\";a:1:{i:0;a:2:{s:4:\\\"name\\\";N;s:7:\\\"address\\\";s:14:\\\"alvi@gmail.com\\\";}}s:6:\\\"mailer\\\";s:4:\\\"smtp\\\";}s:5:\\\"tries\\\";N;s:7:\\\"timeout\\\";N;s:13:\\\"maxExceptions\\\";N;s:17:\\\"shouldBeEncrypted\\\";b:0;s:10:\\\"connection\\\";N;s:5:\\\"queue\\\";N;s:15:\\\"chainConnection\\\";N;s:10:\\\"chainQueue\\\";N;s:19:\\\"chainCatchCallbacks\\\";N;s:5:\\\"delay\\\";N;s:11:\\\"afterCommit\\\";N;s:10:\\\"middleware\\\";a:0:{}s:7:\\\"chained\\\";a:0:{}s:3:\\\"job\\\";N;}\"}}', 0, NULL, 1752629085, 1752629085),
(6721, 'default', '{\"uuid\":\"189bd84e-6bc1-410d-89d8-08ccf9bdeccd\",\"displayName\":\"App\\\\Mail\\\\OrderPlaced\",\"job\":\"Illuminate\\\\Queue\\\\CallQueuedHandler@call\",\"maxTries\":null,\"maxExceptions\":null,\"failOnTimeout\":false,\"backoff\":null,\"timeout\":null,\"retryUntil\":null,\"data\":{\"commandName\":\"Illuminate\\\\Mail\\\\SendQueuedMailable\",\"command\":\"O:34:\\\"Illuminate\\\\Mail\\\\SendQueuedMailable\\\":15:{s:8:\\\"mailable\\\";O:20:\\\"App\\\\Mail\\\\OrderPlaced\\\":3:{s:5:\\\"order\\\";O:45:\\\"Illuminate\\\\Contracts\\\\Database\\\\ModelIdentifier\\\":5:{s:5:\\\"class\\\";s:16:\\\"App\\\\Models\\\\Order\\\";s:2:\\\"id\\\";i:49;s:9:\\\"relations\\\";a:3:{i:0;s:4:\\\"user\\\";i:1;s:9:\\\"variation\\\";i:2;s:7:\\\"product\\\";}s:10:\\\"connection\\\";s:5:\\\"mysql\\\";s:15:\\\"collectionClass\\\";N;}s:2:\\\"to\\\";a:1:{i:0;a:2:{s:4:\\\"name\\\";N;s:7:\\\"address\\\";s:14:\\\"alvi@gmail.com\\\";}}s:6:\\\"mailer\\\";s:4:\\\"smtp\\\";}s:5:\\\"tries\\\";N;s:7:\\\"timeout\\\";N;s:13:\\\"maxExceptions\\\";N;s:17:\\\"shouldBeEncrypted\\\";b:0;s:10:\\\"connection\\\";N;s:5:\\\"queue\\\";N;s:15:\\\"chainConnection\\\";N;s:10:\\\"chainQueue\\\";N;s:19:\\\"chainCatchCallbacks\\\";N;s:5:\\\"delay\\\";N;s:11:\\\"afterCommit\\\";N;s:10:\\\"middleware\\\";a:0:{}s:7:\\\"chained\\\";a:0:{}s:3:\\\"job\\\";N;}\"}}', 0, NULL, 1752651604, 1752651604),
(6722, 'default', '{\"uuid\":\"f5b37d9b-ca06-4fca-8d81-46b9298679a2\",\"displayName\":\"App\\\\Mail\\\\OrderPlaced\",\"job\":\"Illuminate\\\\Queue\\\\CallQueuedHandler@call\",\"maxTries\":null,\"maxExceptions\":null,\"failOnTimeout\":false,\"backoff\":null,\"timeout\":null,\"retryUntil\":null,\"data\":{\"commandName\":\"Illuminate\\\\Mail\\\\SendQueuedMailable\",\"command\":\"O:34:\\\"Illuminate\\\\Mail\\\\SendQueuedMailable\\\":15:{s:8:\\\"mailable\\\";O:20:\\\"App\\\\Mail\\\\OrderPlaced\\\":3:{s:5:\\\"order\\\";O:45:\\\"Illuminate\\\\Contracts\\\\Database\\\\ModelIdentifier\\\":5:{s:5:\\\"class\\\";s:16:\\\"App\\\\Models\\\\Order\\\";s:2:\\\"id\\\";i:50;s:9:\\\"relations\\\";a:3:{i:0;s:4:\\\"user\\\";i:1;s:9:\\\"variation\\\";i:2;s:7:\\\"product\\\";}s:10:\\\"connection\\\";s:5:\\\"mysql\\\";s:15:\\\"collectionClass\\\";N;}s:2:\\\"to\\\";a:1:{i:0;a:2:{s:4:\\\"name\\\";N;s:7:\\\"address\\\";s:14:\\\"alvi@gmail.com\\\";}}s:6:\\\"mailer\\\";s:4:\\\"smtp\\\";}s:5:\\\"tries\\\";N;s:7:\\\"timeout\\\";N;s:13:\\\"maxExceptions\\\";N;s:17:\\\"shouldBeEncrypted\\\";b:0;s:10:\\\"connection\\\";N;s:5:\\\"queue\\\";N;s:15:\\\"chainConnection\\\";N;s:10:\\\"chainQueue\\\";N;s:19:\\\"chainCatchCallbacks\\\";N;s:5:\\\"delay\\\";N;s:11:\\\"afterCommit\\\";N;s:10:\\\"middleware\\\";a:0:{}s:7:\\\"chained\\\";a:0:{}s:3:\\\"job\\\";N;}\"}}', 0, NULL, 1752680772, 1752680772),
(6723, 'default', '{\"uuid\":\"6681e853-ed4b-49ad-ba96-b684214d051b\",\"displayName\":\"App\\\\Mail\\\\OrderPlaced\",\"job\":\"Illuminate\\\\Queue\\\\CallQueuedHandler@call\",\"maxTries\":null,\"maxExceptions\":null,\"failOnTimeout\":false,\"backoff\":null,\"timeout\":null,\"retryUntil\":null,\"data\":{\"commandName\":\"Illuminate\\\\Mail\\\\SendQueuedMailable\",\"command\":\"O:34:\\\"Illuminate\\\\Mail\\\\SendQueuedMailable\\\":15:{s:8:\\\"mailable\\\";O:20:\\\"App\\\\Mail\\\\OrderPlaced\\\":3:{s:5:\\\"order\\\";O:45:\\\"Illuminate\\\\Contracts\\\\Database\\\\ModelIdentifier\\\":5:{s:5:\\\"class\\\";s:16:\\\"App\\\\Models\\\\Order\\\";s:2:\\\"id\\\";i:53;s:9:\\\"relations\\\";a:3:{i:0;s:4:\\\"user\\\";i:1;s:9:\\\"variation\\\";i:2;s:7:\\\"product\\\";}s:10:\\\"connection\\\";s:5:\\\"mysql\\\";s:15:\\\"collectionClass\\\";N;}s:2:\\\"to\\\";a:1:{i:0;a:2:{s:4:\\\"name\\\";N;s:7:\\\"address\\\";s:14:\\\"alvi@gmail.com\\\";}}s:6:\\\"mailer\\\";s:4:\\\"smtp\\\";}s:5:\\\"tries\\\";N;s:7:\\\"timeout\\\";N;s:13:\\\"maxExceptions\\\";N;s:17:\\\"shouldBeEncrypted\\\";b:0;s:10:\\\"connection\\\";N;s:5:\\\"queue\\\";N;s:15:\\\"chainConnection\\\";N;s:10:\\\"chainQueue\\\";N;s:19:\\\"chainCatchCallbacks\\\";N;s:5:\\\"delay\\\";N;s:11:\\\"afterCommit\\\";N;s:10:\\\"middleware\\\";a:0:{}s:7:\\\"chained\\\";a:0:{}s:3:\\\"job\\\";N;}\"}}', 0, NULL, 1753186160, 1753186160),
(6724, 'default', '{\"uuid\":\"592b41f1-cd76-45ff-9e82-5a7705eb3aa9\",\"displayName\":\"App\\\\Mail\\\\OrderPlaced\",\"job\":\"Illuminate\\\\Queue\\\\CallQueuedHandler@call\",\"maxTries\":null,\"maxExceptions\":null,\"failOnTimeout\":false,\"backoff\":null,\"timeout\":null,\"retryUntil\":null,\"data\":{\"commandName\":\"Illuminate\\\\Mail\\\\SendQueuedMailable\",\"command\":\"O:34:\\\"Illuminate\\\\Mail\\\\SendQueuedMailable\\\":15:{s:8:\\\"mailable\\\";O:20:\\\"App\\\\Mail\\\\OrderPlaced\\\":3:{s:5:\\\"order\\\";O:45:\\\"Illuminate\\\\Contracts\\\\Database\\\\ModelIdentifier\\\":5:{s:5:\\\"class\\\";s:16:\\\"App\\\\Models\\\\Order\\\";s:2:\\\"id\\\";i:54;s:9:\\\"relations\\\";a:3:{i:0;s:4:\\\"user\\\";i:1;s:9:\\\"variation\\\";i:2;s:7:\\\"product\\\";}s:10:\\\"connection\\\";s:5:\\\"mysql\\\";s:15:\\\"collectionClass\\\";N;}s:2:\\\"to\\\";a:1:{i:0;a:2:{s:4:\\\"name\\\";N;s:7:\\\"address\\\";s:14:\\\"alvi@gmail.com\\\";}}s:6:\\\"mailer\\\";s:4:\\\"smtp\\\";}s:5:\\\"tries\\\";N;s:7:\\\"timeout\\\";N;s:13:\\\"maxExceptions\\\";N;s:17:\\\"shouldBeEncrypted\\\";b:0;s:10:\\\"connection\\\";N;s:5:\\\"queue\\\";N;s:15:\\\"chainConnection\\\";N;s:10:\\\"chainQueue\\\";N;s:19:\\\"chainCatchCallbacks\\\";N;s:5:\\\"delay\\\";N;s:11:\\\"afterCommit\\\";N;s:10:\\\"middleware\\\";a:0:{}s:7:\\\"chained\\\";a:0:{}s:3:\\\"job\\\";N;}\"}}', 0, NULL, 1753194040, 1753194040),
(6725, 'default', '{\"uuid\":\"55d47ca4-68bb-48d1-ba67-61af7146cd1d\",\"displayName\":\"App\\\\Mail\\\\OrderPlaced\",\"job\":\"Illuminate\\\\Queue\\\\CallQueuedHandler@call\",\"maxTries\":null,\"maxExceptions\":null,\"failOnTimeout\":false,\"backoff\":null,\"timeout\":null,\"retryUntil\":null,\"data\":{\"commandName\":\"Illuminate\\\\Mail\\\\SendQueuedMailable\",\"command\":\"O:34:\\\"Illuminate\\\\Mail\\\\SendQueuedMailable\\\":15:{s:8:\\\"mailable\\\";O:20:\\\"App\\\\Mail\\\\OrderPlaced\\\":3:{s:5:\\\"order\\\";O:45:\\\"Illuminate\\\\Contracts\\\\Database\\\\ModelIdentifier\\\":5:{s:5:\\\"class\\\";s:16:\\\"App\\\\Models\\\\Order\\\";s:2:\\\"id\\\";i:56;s:9:\\\"relations\\\";a:3:{i:0;s:4:\\\"user\\\";i:1;s:9:\\\"variation\\\";i:2;s:7:\\\"product\\\";}s:10:\\\"connection\\\";s:5:\\\"mysql\\\";s:15:\\\"collectionClass\\\";N;}s:2:\\\"to\\\";a:1:{i:0;a:2:{s:4:\\\"name\\\";N;s:7:\\\"address\\\";s:14:\\\"alvi@gmail.com\\\";}}s:6:\\\"mailer\\\";s:4:\\\"smtp\\\";}s:5:\\\"tries\\\";N;s:7:\\\"timeout\\\";N;s:13:\\\"maxExceptions\\\";N;s:17:\\\"shouldBeEncrypted\\\";b:0;s:10:\\\"connection\\\";N;s:5:\\\"queue\\\";N;s:15:\\\"chainConnection\\\";N;s:10:\\\"chainQueue\\\";N;s:19:\\\"chainCatchCallbacks\\\";N;s:5:\\\"delay\\\";N;s:11:\\\"afterCommit\\\";N;s:10:\\\"middleware\\\";a:0:{}s:7:\\\"chained\\\";a:0:{}s:3:\\\"job\\\";N;}\"}}', 0, NULL, 1753196909, 1753196909),
(6726, 'default', '{\"uuid\":\"22cc7a6a-2a70-434d-b9e8-f07baa686942\",\"displayName\":\"App\\\\Mail\\\\OrderPlaced\",\"job\":\"Illuminate\\\\Queue\\\\CallQueuedHandler@call\",\"maxTries\":null,\"maxExceptions\":null,\"failOnTimeout\":false,\"backoff\":null,\"timeout\":null,\"retryUntil\":null,\"data\":{\"commandName\":\"Illuminate\\\\Mail\\\\SendQueuedMailable\",\"command\":\"O:34:\\\"Illuminate\\\\Mail\\\\SendQueuedMailable\\\":15:{s:8:\\\"mailable\\\";O:20:\\\"App\\\\Mail\\\\OrderPlaced\\\":3:{s:5:\\\"order\\\";O:45:\\\"Illuminate\\\\Contracts\\\\Database\\\\ModelIdentifier\\\":5:{s:5:\\\"class\\\";s:16:\\\"App\\\\Models\\\\Order\\\";s:2:\\\"id\\\";i:57;s:9:\\\"relations\\\";a:3:{i:0;s:4:\\\"user\\\";i:1;s:9:\\\"variation\\\";i:2;s:7:\\\"product\\\";}s:10:\\\"connection\\\";s:5:\\\"mysql\\\";s:15:\\\"collectionClass\\\";N;}s:2:\\\"to\\\";a:1:{i:0;a:2:{s:4:\\\"name\\\";N;s:7:\\\"address\\\";s:14:\\\"alvi@gmail.com\\\";}}s:6:\\\"mailer\\\";s:4:\\\"smtp\\\";}s:5:\\\"tries\\\";N;s:7:\\\"timeout\\\";N;s:13:\\\"maxExceptions\\\";N;s:17:\\\"shouldBeEncrypted\\\";b:0;s:10:\\\"connection\\\";N;s:5:\\\"queue\\\";N;s:15:\\\"chainConnection\\\";N;s:10:\\\"chainQueue\\\";N;s:19:\\\"chainCatchCallbacks\\\";N;s:5:\\\"delay\\\";N;s:11:\\\"afterCommit\\\";N;s:10:\\\"middleware\\\";a:0:{}s:7:\\\"chained\\\";a:0:{}s:3:\\\"job\\\";N;}\"}}', 0, NULL, 1753196942, 1753196942),
(6727, 'default', '{\"uuid\":\"7388789a-3889-4da5-94af-5e02edf90906\",\"displayName\":\"App\\\\Mail\\\\OrderPlaced\",\"job\":\"Illuminate\\\\Queue\\\\CallQueuedHandler@call\",\"maxTries\":null,\"maxExceptions\":null,\"failOnTimeout\":false,\"backoff\":null,\"timeout\":null,\"retryUntil\":null,\"data\":{\"commandName\":\"Illuminate\\\\Mail\\\\SendQueuedMailable\",\"command\":\"O:34:\\\"Illuminate\\\\Mail\\\\SendQueuedMailable\\\":15:{s:8:\\\"mailable\\\";O:20:\\\"App\\\\Mail\\\\OrderPlaced\\\":3:{s:5:\\\"order\\\";O:45:\\\"Illuminate\\\\Contracts\\\\Database\\\\ModelIdentifier\\\":5:{s:5:\\\"class\\\";s:16:\\\"App\\\\Models\\\\Order\\\";s:2:\\\"id\\\";i:58;s:9:\\\"relations\\\";a:3:{i:0;s:4:\\\"user\\\";i:1;s:9:\\\"variation\\\";i:2;s:7:\\\"product\\\";}s:10:\\\"connection\\\";s:5:\\\"mysql\\\";s:15:\\\"collectionClass\\\";N;}s:2:\\\"to\\\";a:1:{i:0;a:2:{s:4:\\\"name\\\";N;s:7:\\\"address\\\";s:14:\\\"alvi@gmail.com\\\";}}s:6:\\\"mailer\\\";s:4:\\\"smtp\\\";}s:5:\\\"tries\\\";N;s:7:\\\"timeout\\\";N;s:13:\\\"maxExceptions\\\";N;s:17:\\\"shouldBeEncrypted\\\";b:0;s:10:\\\"connection\\\";N;s:5:\\\"queue\\\";N;s:15:\\\"chainConnection\\\";N;s:10:\\\"chainQueue\\\";N;s:19:\\\"chainCatchCallbacks\\\";N;s:5:\\\"delay\\\";N;s:11:\\\"afterCommit\\\";N;s:10:\\\"middleware\\\";a:0:{}s:7:\\\"chained\\\";a:0:{}s:3:\\\"job\\\";N;}\"}}', 0, NULL, 1753217316, 1753217316),
(6728, 'default', '{\"uuid\":\"1f226669-3db0-4d7d-8719-46a4127a3407\",\"displayName\":\"App\\\\Mail\\\\OrderPlaced\",\"job\":\"Illuminate\\\\Queue\\\\CallQueuedHandler@call\",\"maxTries\":null,\"maxExceptions\":null,\"failOnTimeout\":false,\"backoff\":null,\"timeout\":null,\"retryUntil\":null,\"data\":{\"commandName\":\"Illuminate\\\\Mail\\\\SendQueuedMailable\",\"command\":\"O:34:\\\"Illuminate\\\\Mail\\\\SendQueuedMailable\\\":15:{s:8:\\\"mailable\\\";O:20:\\\"App\\\\Mail\\\\OrderPlaced\\\":3:{s:5:\\\"order\\\";O:45:\\\"Illuminate\\\\Contracts\\\\Database\\\\ModelIdentifier\\\":5:{s:5:\\\"class\\\";s:16:\\\"App\\\\Models\\\\Order\\\";s:2:\\\"id\\\";i:59;s:9:\\\"relations\\\";a:3:{i:0;s:4:\\\"user\\\";i:1;s:9:\\\"variation\\\";i:2;s:7:\\\"product\\\";}s:10:\\\"connection\\\";s:5:\\\"mysql\\\";s:15:\\\"collectionClass\\\";N;}s:2:\\\"to\\\";a:1:{i:0;a:2:{s:4:\\\"name\\\";N;s:7:\\\"address\\\";s:14:\\\"alvi@gmail.com\\\";}}s:6:\\\"mailer\\\";s:4:\\\"smtp\\\";}s:5:\\\"tries\\\";N;s:7:\\\"timeout\\\";N;s:13:\\\"maxExceptions\\\";N;s:17:\\\"shouldBeEncrypted\\\";b:0;s:10:\\\"connection\\\";N;s:5:\\\"queue\\\";N;s:15:\\\"chainConnection\\\";N;s:10:\\\"chainQueue\\\";N;s:19:\\\"chainCatchCallbacks\\\";N;s:5:\\\"delay\\\";N;s:11:\\\"afterCommit\\\";N;s:10:\\\"middleware\\\";a:0:{}s:7:\\\"chained\\\";a:0:{}s:3:\\\"job\\\";N;}\"}}', 0, NULL, 1753217348, 1753217348),
(6729, 'default', '{\"uuid\":\"e69e3031-d2c9-4b85-bd30-9b18ab633631\",\"displayName\":\"App\\\\Mail\\\\OrderPlaced\",\"job\":\"Illuminate\\\\Queue\\\\CallQueuedHandler@call\",\"maxTries\":null,\"maxExceptions\":null,\"failOnTimeout\":false,\"backoff\":null,\"timeout\":null,\"retryUntil\":null,\"data\":{\"commandName\":\"Illuminate\\\\Mail\\\\SendQueuedMailable\",\"command\":\"O:34:\\\"Illuminate\\\\Mail\\\\SendQueuedMailable\\\":15:{s:8:\\\"mailable\\\";O:20:\\\"App\\\\Mail\\\\OrderPlaced\\\":3:{s:5:\\\"order\\\";O:45:\\\"Illuminate\\\\Contracts\\\\Database\\\\ModelIdentifier\\\":5:{s:5:\\\"class\\\";s:16:\\\"App\\\\Models\\\\Order\\\";s:2:\\\"id\\\";i:60;s:9:\\\"relations\\\";a:3:{i:0;s:4:\\\"user\\\";i:1;s:9:\\\"variation\\\";i:2;s:7:\\\"product\\\";}s:10:\\\"connection\\\";s:5:\\\"mysql\\\";s:15:\\\"collectionClass\\\";N;}s:2:\\\"to\\\";a:1:{i:0;a:2:{s:4:\\\"name\\\";N;s:7:\\\"address\\\";s:14:\\\"alvi@gmail.com\\\";}}s:6:\\\"mailer\\\";s:4:\\\"smtp\\\";}s:5:\\\"tries\\\";N;s:7:\\\"timeout\\\";N;s:13:\\\"maxExceptions\\\";N;s:17:\\\"shouldBeEncrypted\\\";b:0;s:10:\\\"connection\\\";N;s:5:\\\"queue\\\";N;s:15:\\\"chainConnection\\\";N;s:10:\\\"chainQueue\\\";N;s:19:\\\"chainCatchCallbacks\\\";N;s:5:\\\"delay\\\";N;s:11:\\\"afterCommit\\\";N;s:10:\\\"middleware\\\";a:0:{}s:7:\\\"chained\\\";a:0:{}s:3:\\\"job\\\";N;}\"}}', 0, NULL, 1753266194, 1753266194),
(6730, 'default', '{\"uuid\":\"a3c8a3a8-e1f1-4cad-89ed-682f494787f8\",\"displayName\":\"App\\\\Mail\\\\OrderPlaced\",\"job\":\"Illuminate\\\\Queue\\\\CallQueuedHandler@call\",\"maxTries\":null,\"maxExceptions\":null,\"failOnTimeout\":false,\"backoff\":null,\"timeout\":null,\"retryUntil\":null,\"data\":{\"commandName\":\"Illuminate\\\\Mail\\\\SendQueuedMailable\",\"command\":\"O:34:\\\"Illuminate\\\\Mail\\\\SendQueuedMailable\\\":15:{s:8:\\\"mailable\\\";O:20:\\\"App\\\\Mail\\\\OrderPlaced\\\":3:{s:5:\\\"order\\\";O:45:\\\"Illuminate\\\\Contracts\\\\Database\\\\ModelIdentifier\\\":5:{s:5:\\\"class\\\";s:16:\\\"App\\\\Models\\\\Order\\\";s:2:\\\"id\\\";i:61;s:9:\\\"relations\\\";a:3:{i:0;s:4:\\\"user\\\";i:1;s:9:\\\"variation\\\";i:2;s:7:\\\"product\\\";}s:10:\\\"connection\\\";s:5:\\\"mysql\\\";s:15:\\\"collectionClass\\\";N;}s:2:\\\"to\\\";a:1:{i:0;a:2:{s:4:\\\"name\\\";N;s:7:\\\"address\\\";s:14:\\\"alvi@gmail.com\\\";}}s:6:\\\"mailer\\\";s:4:\\\"smtp\\\";}s:5:\\\"tries\\\";N;s:7:\\\"timeout\\\";N;s:13:\\\"maxExceptions\\\";N;s:17:\\\"shouldBeEncrypted\\\";b:0;s:10:\\\"connection\\\";N;s:5:\\\"queue\\\";N;s:15:\\\"chainConnection\\\";N;s:10:\\\"chainQueue\\\";N;s:19:\\\"chainCatchCallbacks\\\";N;s:5:\\\"delay\\\";N;s:11:\\\"afterCommit\\\";N;s:10:\\\"middleware\\\";a:0:{}s:7:\\\"chained\\\";a:0:{}s:3:\\\"job\\\";N;}\"}}', 0, NULL, 1753274062, 1753274062),
(6731, 'default', '{\"uuid\":\"15dfe185-0795-48ba-8ce2-f182108378db\",\"displayName\":\"App\\\\Mail\\\\OrderPlaced\",\"job\":\"Illuminate\\\\Queue\\\\CallQueuedHandler@call\",\"maxTries\":null,\"maxExceptions\":null,\"failOnTimeout\":false,\"backoff\":null,\"timeout\":null,\"retryUntil\":null,\"data\":{\"commandName\":\"Illuminate\\\\Mail\\\\SendQueuedMailable\",\"command\":\"O:34:\\\"Illuminate\\\\Mail\\\\SendQueuedMailable\\\":15:{s:8:\\\"mailable\\\";O:20:\\\"App\\\\Mail\\\\OrderPlaced\\\":3:{s:5:\\\"order\\\";O:45:\\\"Illuminate\\\\Contracts\\\\Database\\\\ModelIdentifier\\\":5:{s:5:\\\"class\\\";s:16:\\\"App\\\\Models\\\\Order\\\";s:2:\\\"id\\\";i:62;s:9:\\\"relations\\\";a:3:{i:0;s:4:\\\"user\\\";i:1;s:9:\\\"variation\\\";i:2;s:7:\\\"product\\\";}s:10:\\\"connection\\\";s:5:\\\"mysql\\\";s:15:\\\"collectionClass\\\";N;}s:2:\\\"to\\\";a:1:{i:0;a:2:{s:4:\\\"name\\\";N;s:7:\\\"address\\\";s:14:\\\"alvi@gmail.com\\\";}}s:6:\\\"mailer\\\";s:4:\\\"smtp\\\";}s:5:\\\"tries\\\";N;s:7:\\\"timeout\\\";N;s:13:\\\"maxExceptions\\\";N;s:17:\\\"shouldBeEncrypted\\\";b:0;s:10:\\\"connection\\\";N;s:5:\\\"queue\\\";N;s:15:\\\"chainConnection\\\";N;s:10:\\\"chainQueue\\\";N;s:19:\\\"chainCatchCallbacks\\\";N;s:5:\\\"delay\\\";N;s:11:\\\"afterCommit\\\";N;s:10:\\\"middleware\\\";a:0:{}s:7:\\\"chained\\\";a:0:{}s:3:\\\"job\\\";N;}\"}}', 0, NULL, 1753275070, 1753275070),
(6732, 'default', '{\"uuid\":\"d3962a62-a36b-48a7-8173-19660fa677c0\",\"displayName\":\"App\\\\Mail\\\\OrderPlaced\",\"job\":\"Illuminate\\\\Queue\\\\CallQueuedHandler@call\",\"maxTries\":null,\"maxExceptions\":null,\"failOnTimeout\":false,\"backoff\":null,\"timeout\":null,\"retryUntil\":null,\"data\":{\"commandName\":\"Illuminate\\\\Mail\\\\SendQueuedMailable\",\"command\":\"O:34:\\\"Illuminate\\\\Mail\\\\SendQueuedMailable\\\":15:{s:8:\\\"mailable\\\";O:20:\\\"App\\\\Mail\\\\OrderPlaced\\\":3:{s:5:\\\"order\\\";O:45:\\\"Illuminate\\\\Contracts\\\\Database\\\\ModelIdentifier\\\":5:{s:5:\\\"class\\\";s:16:\\\"App\\\\Models\\\\Order\\\";s:2:\\\"id\\\";i:63;s:9:\\\"relations\\\";a:3:{i:0;s:4:\\\"user\\\";i:1;s:9:\\\"variation\\\";i:2;s:7:\\\"product\\\";}s:10:\\\"connection\\\";s:5:\\\"mysql\\\";s:15:\\\"collectionClass\\\";N;}s:2:\\\"to\\\";a:1:{i:0;a:2:{s:4:\\\"name\\\";N;s:7:\\\"address\\\";s:14:\\\"alvi@gmail.com\\\";}}s:6:\\\"mailer\\\";s:4:\\\"smtp\\\";}s:5:\\\"tries\\\";N;s:7:\\\"timeout\\\";N;s:13:\\\"maxExceptions\\\";N;s:17:\\\"shouldBeEncrypted\\\";b:0;s:10:\\\"connection\\\";N;s:5:\\\"queue\\\";N;s:15:\\\"chainConnection\\\";N;s:10:\\\"chainQueue\\\";N;s:19:\\\"chainCatchCallbacks\\\";N;s:5:\\\"delay\\\";N;s:11:\\\"afterCommit\\\";N;s:10:\\\"middleware\\\";a:0:{}s:7:\\\"chained\\\";a:0:{}s:3:\\\"job\\\";N;}\"}}', 0, NULL, 1753301890, 1753301890),
(6733, 'default', '{\"uuid\":\"24b15b49-ce34-42b5-a6ee-9fe047e60621\",\"displayName\":\"App\\\\Mail\\\\OrderPlaced\",\"job\":\"Illuminate\\\\Queue\\\\CallQueuedHandler@call\",\"maxTries\":null,\"maxExceptions\":null,\"failOnTimeout\":false,\"backoff\":null,\"timeout\":null,\"retryUntil\":null,\"data\":{\"commandName\":\"Illuminate\\\\Mail\\\\SendQueuedMailable\",\"command\":\"O:34:\\\"Illuminate\\\\Mail\\\\SendQueuedMailable\\\":15:{s:8:\\\"mailable\\\";O:20:\\\"App\\\\Mail\\\\OrderPlaced\\\":3:{s:5:\\\"order\\\";O:45:\\\"Illuminate\\\\Contracts\\\\Database\\\\ModelIdentifier\\\":5:{s:5:\\\"class\\\";s:16:\\\"App\\\\Models\\\\Order\\\";s:2:\\\"id\\\";i:64;s:9:\\\"relations\\\";a:3:{i:0;s:4:\\\"user\\\";i:1;s:9:\\\"variation\\\";i:2;s:7:\\\"product\\\";}s:10:\\\"connection\\\";s:5:\\\"mysql\\\";s:15:\\\"collectionClass\\\";N;}s:2:\\\"to\\\";a:1:{i:0;a:2:{s:4:\\\"name\\\";N;s:7:\\\"address\\\";s:14:\\\"alvi@gmail.com\\\";}}s:6:\\\"mailer\\\";s:4:\\\"smtp\\\";}s:5:\\\"tries\\\";N;s:7:\\\"timeout\\\";N;s:13:\\\"maxExceptions\\\";N;s:17:\\\"shouldBeEncrypted\\\";b:0;s:10:\\\"connection\\\";N;s:5:\\\"queue\\\";N;s:15:\\\"chainConnection\\\";N;s:10:\\\"chainQueue\\\";N;s:19:\\\"chainCatchCallbacks\\\";N;s:5:\\\"delay\\\";N;s:11:\\\"afterCommit\\\";N;s:10:\\\"middleware\\\";a:0:{}s:7:\\\"chained\\\";a:0:{}s:3:\\\"job\\\";N;}\"}}', 0, NULL, 1753422201, 1753422201),
(6734, 'default', '{\"uuid\":\"481f941c-ccfa-4ac8-af6c-6ecf16eb9662\",\"displayName\":\"App\\\\Mail\\\\OrderPlaced\",\"job\":\"Illuminate\\\\Queue\\\\CallQueuedHandler@call\",\"maxTries\":null,\"maxExceptions\":null,\"failOnTimeout\":false,\"backoff\":null,\"timeout\":null,\"retryUntil\":null,\"data\":{\"commandName\":\"Illuminate\\\\Mail\\\\SendQueuedMailable\",\"command\":\"O:34:\\\"Illuminate\\\\Mail\\\\SendQueuedMailable\\\":15:{s:8:\\\"mailable\\\";O:20:\\\"App\\\\Mail\\\\OrderPlaced\\\":3:{s:5:\\\"order\\\";O:45:\\\"Illuminate\\\\Contracts\\\\Database\\\\ModelIdentifier\\\":5:{s:5:\\\"class\\\";s:16:\\\"App\\\\Models\\\\Order\\\";s:2:\\\"id\\\";i:65;s:9:\\\"relations\\\";a:3:{i:0;s:4:\\\"user\\\";i:1;s:9:\\\"variation\\\";i:2;s:7:\\\"product\\\";}s:10:\\\"connection\\\";s:5:\\\"mysql\\\";s:15:\\\"collectionClass\\\";N;}s:2:\\\"to\\\";a:1:{i:0;a:2:{s:4:\\\"name\\\";N;s:7:\\\"address\\\";s:14:\\\"alvi@gmail.com\\\";}}s:6:\\\"mailer\\\";s:4:\\\"smtp\\\";}s:5:\\\"tries\\\";N;s:7:\\\"timeout\\\";N;s:13:\\\"maxExceptions\\\";N;s:17:\\\"shouldBeEncrypted\\\";b:0;s:10:\\\"connection\\\";N;s:5:\\\"queue\\\";N;s:15:\\\"chainConnection\\\";N;s:10:\\\"chainQueue\\\";N;s:19:\\\"chainCatchCallbacks\\\";N;s:5:\\\"delay\\\";N;s:11:\\\"afterCommit\\\";N;s:10:\\\"middleware\\\";a:0:{}s:7:\\\"chained\\\";a:0:{}s:3:\\\"job\\\";N;}\"}}', 0, NULL, 1753422275, 1753422275),
(6735, 'default', '{\"uuid\":\"8ff5e206-0ac4-45ec-b359-fa64623d91b3\",\"displayName\":\"App\\\\Mail\\\\OrderPlaced\",\"job\":\"Illuminate\\\\Queue\\\\CallQueuedHandler@call\",\"maxTries\":null,\"maxExceptions\":null,\"failOnTimeout\":false,\"backoff\":null,\"timeout\":null,\"retryUntil\":null,\"data\":{\"commandName\":\"Illuminate\\\\Mail\\\\SendQueuedMailable\",\"command\":\"O:34:\\\"Illuminate\\\\Mail\\\\SendQueuedMailable\\\":15:{s:8:\\\"mailable\\\";O:20:\\\"App\\\\Mail\\\\OrderPlaced\\\":3:{s:5:\\\"order\\\";O:45:\\\"Illuminate\\\\Contracts\\\\Database\\\\ModelIdentifier\\\":5:{s:5:\\\"class\\\";s:16:\\\"App\\\\Models\\\\Order\\\";s:2:\\\"id\\\";i:66;s:9:\\\"relations\\\";a:3:{i:0;s:4:\\\"user\\\";i:1;s:9:\\\"variation\\\";i:2;s:7:\\\"product\\\";}s:10:\\\"connection\\\";s:5:\\\"mysql\\\";s:15:\\\"collectionClass\\\";N;}s:2:\\\"to\\\";a:1:{i:0;a:2:{s:4:\\\"name\\\";N;s:7:\\\"address\\\";s:14:\\\"alvi@gmail.com\\\";}}s:6:\\\"mailer\\\";s:4:\\\"smtp\\\";}s:5:\\\"tries\\\";N;s:7:\\\"timeout\\\";N;s:13:\\\"maxExceptions\\\";N;s:17:\\\"shouldBeEncrypted\\\";b:0;s:10:\\\"connection\\\";N;s:5:\\\"queue\\\";N;s:15:\\\"chainConnection\\\";N;s:10:\\\"chainQueue\\\";N;s:19:\\\"chainCatchCallbacks\\\";N;s:5:\\\"delay\\\";N;s:11:\\\"afterCommit\\\";N;s:10:\\\"middleware\\\";a:0:{}s:7:\\\"chained\\\";a:0:{}s:3:\\\"job\\\";N;}\"}}', 0, NULL, 1753422313, 1753422313),
(6736, 'default', '{\"uuid\":\"139b8a8b-565b-4734-8ab1-ed46fe9913cb\",\"displayName\":\"App\\\\Mail\\\\OrderPlaced\",\"job\":\"Illuminate\\\\Queue\\\\CallQueuedHandler@call\",\"maxTries\":null,\"maxExceptions\":null,\"failOnTimeout\":false,\"backoff\":null,\"timeout\":null,\"retryUntil\":null,\"data\":{\"commandName\":\"Illuminate\\\\Mail\\\\SendQueuedMailable\",\"command\":\"O:34:\\\"Illuminate\\\\Mail\\\\SendQueuedMailable\\\":15:{s:8:\\\"mailable\\\";O:20:\\\"App\\\\Mail\\\\OrderPlaced\\\":3:{s:5:\\\"order\\\";O:45:\\\"Illuminate\\\\Contracts\\\\Database\\\\ModelIdentifier\\\":5:{s:5:\\\"class\\\";s:16:\\\"App\\\\Models\\\\Order\\\";s:2:\\\"id\\\";i:67;s:9:\\\"relations\\\";a:3:{i:0;s:4:\\\"user\\\";i:1;s:9:\\\"variation\\\";i:2;s:7:\\\"product\\\";}s:10:\\\"connection\\\";s:5:\\\"mysql\\\";s:15:\\\"collectionClass\\\";N;}s:2:\\\"to\\\";a:1:{i:0;a:2:{s:4:\\\"name\\\";N;s:7:\\\"address\\\";s:14:\\\"alvi@gmail.com\\\";}}s:6:\\\"mailer\\\";s:4:\\\"smtp\\\";}s:5:\\\"tries\\\";N;s:7:\\\"timeout\\\";N;s:13:\\\"maxExceptions\\\";N;s:17:\\\"shouldBeEncrypted\\\";b:0;s:10:\\\"connection\\\";N;s:5:\\\"queue\\\";N;s:15:\\\"chainConnection\\\";N;s:10:\\\"chainQueue\\\";N;s:19:\\\"chainCatchCallbacks\\\";N;s:5:\\\"delay\\\";N;s:11:\\\"afterCommit\\\";N;s:10:\\\"middleware\\\";a:0:{}s:7:\\\"chained\\\";a:0:{}s:3:\\\"job\\\";N;}\"}}', 0, NULL, 1753422468, 1753422468),
(6737, 'default', '{\"uuid\":\"cfce4f0e-7047-4d42-adc6-36f9f774a1b7\",\"displayName\":\"App\\\\Mail\\\\OrderPlaced\",\"job\":\"Illuminate\\\\Queue\\\\CallQueuedHandler@call\",\"maxTries\":null,\"maxExceptions\":null,\"failOnTimeout\":false,\"backoff\":null,\"timeout\":null,\"retryUntil\":null,\"data\":{\"commandName\":\"Illuminate\\\\Mail\\\\SendQueuedMailable\",\"command\":\"O:34:\\\"Illuminate\\\\Mail\\\\SendQueuedMailable\\\":15:{s:8:\\\"mailable\\\";O:20:\\\"App\\\\Mail\\\\OrderPlaced\\\":3:{s:5:\\\"order\\\";O:45:\\\"Illuminate\\\\Contracts\\\\Database\\\\ModelIdentifier\\\":5:{s:5:\\\"class\\\";s:16:\\\"App\\\\Models\\\\Order\\\";s:2:\\\"id\\\";i:68;s:9:\\\"relations\\\";a:3:{i:0;s:4:\\\"user\\\";i:1;s:9:\\\"variation\\\";i:2;s:7:\\\"product\\\";}s:10:\\\"connection\\\";s:5:\\\"mysql\\\";s:15:\\\"collectionClass\\\";N;}s:2:\\\"to\\\";a:1:{i:0;a:2:{s:4:\\\"name\\\";N;s:7:\\\"address\\\";s:14:\\\"alvi@gmail.com\\\";}}s:6:\\\"mailer\\\";s:4:\\\"smtp\\\";}s:5:\\\"tries\\\";N;s:7:\\\"timeout\\\";N;s:13:\\\"maxExceptions\\\";N;s:17:\\\"shouldBeEncrypted\\\";b:0;s:10:\\\"connection\\\";N;s:5:\\\"queue\\\";N;s:15:\\\"chainConnection\\\";N;s:10:\\\"chainQueue\\\";N;s:19:\\\"chainCatchCallbacks\\\";N;s:5:\\\"delay\\\";N;s:11:\\\"afterCommit\\\";N;s:10:\\\"middleware\\\";a:0:{}s:7:\\\"chained\\\";a:0:{}s:3:\\\"job\\\";N;}\"}}', 0, NULL, 1753422496, 1753422496),
(6738, 'default', '{\"uuid\":\"f81f2939-75f5-43db-92f2-9a7ea1c676de\",\"displayName\":\"App\\\\Mail\\\\OrderPlaced\",\"job\":\"Illuminate\\\\Queue\\\\CallQueuedHandler@call\",\"maxTries\":null,\"maxExceptions\":null,\"failOnTimeout\":false,\"backoff\":null,\"timeout\":null,\"retryUntil\":null,\"data\":{\"commandName\":\"Illuminate\\\\Mail\\\\SendQueuedMailable\",\"command\":\"O:34:\\\"Illuminate\\\\Mail\\\\SendQueuedMailable\\\":15:{s:8:\\\"mailable\\\";O:20:\\\"App\\\\Mail\\\\OrderPlaced\\\":3:{s:5:\\\"order\\\";O:45:\\\"Illuminate\\\\Contracts\\\\Database\\\\ModelIdentifier\\\":5:{s:5:\\\"class\\\";s:16:\\\"App\\\\Models\\\\Order\\\";s:2:\\\"id\\\";i:69;s:9:\\\"relations\\\";a:3:{i:0;s:4:\\\"user\\\";i:1;s:9:\\\"variation\\\";i:2;s:7:\\\"product\\\";}s:10:\\\"connection\\\";s:5:\\\"mysql\\\";s:15:\\\"collectionClass\\\";N;}s:2:\\\"to\\\";a:1:{i:0;a:2:{s:4:\\\"name\\\";N;s:7:\\\"address\\\";s:14:\\\"alvi@gmail.com\\\";}}s:6:\\\"mailer\\\";s:4:\\\"smtp\\\";}s:5:\\\"tries\\\";N;s:7:\\\"timeout\\\";N;s:13:\\\"maxExceptions\\\";N;s:17:\\\"shouldBeEncrypted\\\";b:0;s:10:\\\"connection\\\";N;s:5:\\\"queue\\\";N;s:15:\\\"chainConnection\\\";N;s:10:\\\"chainQueue\\\";N;s:19:\\\"chainCatchCallbacks\\\";N;s:5:\\\"delay\\\";N;s:11:\\\"afterCommit\\\";N;s:10:\\\"middleware\\\";a:0:{}s:7:\\\"chained\\\";a:0:{}s:3:\\\"job\\\";N;}\"}}', 0, NULL, 1753592663, 1753592663),
(6739, 'default', '{\"uuid\":\"4131bfbb-7779-4d88-84af-73f296976863\",\"displayName\":\"App\\\\Mail\\\\OrderPlaced\",\"job\":\"Illuminate\\\\Queue\\\\CallQueuedHandler@call\",\"maxTries\":null,\"maxExceptions\":null,\"failOnTimeout\":false,\"backoff\":null,\"timeout\":null,\"retryUntil\":null,\"data\":{\"commandName\":\"Illuminate\\\\Mail\\\\SendQueuedMailable\",\"command\":\"O:34:\\\"Illuminate\\\\Mail\\\\SendQueuedMailable\\\":15:{s:8:\\\"mailable\\\";O:20:\\\"App\\\\Mail\\\\OrderPlaced\\\":3:{s:5:\\\"order\\\";O:45:\\\"Illuminate\\\\Contracts\\\\Database\\\\ModelIdentifier\\\":5:{s:5:\\\"class\\\";s:16:\\\"App\\\\Models\\\\Order\\\";s:2:\\\"id\\\";i:73;s:9:\\\"relations\\\";a:3:{i:0;s:4:\\\"user\\\";i:1;s:9:\\\"variation\\\";i:2;s:7:\\\"product\\\";}s:10:\\\"connection\\\";s:5:\\\"mysql\\\";s:15:\\\"collectionClass\\\";N;}s:2:\\\"to\\\";a:1:{i:0;a:2:{s:4:\\\"name\\\";N;s:7:\\\"address\\\";s:15:\\\"admin@gmail.com\\\";}}s:6:\\\"mailer\\\";s:4:\\\"smtp\\\";}s:5:\\\"tries\\\";N;s:7:\\\"timeout\\\";N;s:13:\\\"maxExceptions\\\";N;s:17:\\\"shouldBeEncrypted\\\";b:0;s:10:\\\"connection\\\";N;s:5:\\\"queue\\\";N;s:15:\\\"chainConnection\\\";N;s:10:\\\"chainQueue\\\";N;s:19:\\\"chainCatchCallbacks\\\";N;s:5:\\\"delay\\\";N;s:11:\\\"afterCommit\\\";N;s:10:\\\"middleware\\\";a:0:{}s:7:\\\"chained\\\";a:0:{}s:3:\\\"job\\\";N;}\"}}', 0, NULL, 1753785245, 1753785245),
(6740, 'default', '{\"uuid\":\"f98cc9af-fe55-4854-b7f8-ad5ead133027\",\"displayName\":\"App\\\\Mail\\\\OrderPlaced\",\"job\":\"Illuminate\\\\Queue\\\\CallQueuedHandler@call\",\"maxTries\":null,\"maxExceptions\":null,\"failOnTimeout\":false,\"backoff\":null,\"timeout\":null,\"retryUntil\":null,\"data\":{\"commandName\":\"Illuminate\\\\Mail\\\\SendQueuedMailable\",\"command\":\"O:34:\\\"Illuminate\\\\Mail\\\\SendQueuedMailable\\\":15:{s:8:\\\"mailable\\\";O:20:\\\"App\\\\Mail\\\\OrderPlaced\\\":3:{s:5:\\\"order\\\";O:45:\\\"Illuminate\\\\Contracts\\\\Database\\\\ModelIdentifier\\\":5:{s:5:\\\"class\\\";s:16:\\\"App\\\\Models\\\\Order\\\";s:2:\\\"id\\\";i:74;s:9:\\\"relations\\\";a:3:{i:0;s:4:\\\"user\\\";i:1;s:9:\\\"variation\\\";i:2;s:7:\\\"product\\\";}s:10:\\\"connection\\\";s:5:\\\"mysql\\\";s:15:\\\"collectionClass\\\";N;}s:2:\\\"to\\\";a:1:{i:0;a:2:{s:4:\\\"name\\\";N;s:7:\\\"address\\\";s:15:\\\"admin@gmail.com\\\";}}s:6:\\\"mailer\\\";s:4:\\\"smtp\\\";}s:5:\\\"tries\\\";N;s:7:\\\"timeout\\\";N;s:13:\\\"maxExceptions\\\";N;s:17:\\\"shouldBeEncrypted\\\";b:0;s:10:\\\"connection\\\";N;s:5:\\\"queue\\\";N;s:15:\\\"chainConnection\\\";N;s:10:\\\"chainQueue\\\";N;s:19:\\\"chainCatchCallbacks\\\";N;s:5:\\\"delay\\\";N;s:11:\\\"afterCommit\\\";N;s:10:\\\"middleware\\\";a:0:{}s:7:\\\"chained\\\";a:0:{}s:3:\\\"job\\\";N;}\"}}', 0, NULL, 1753785272, 1753785272),
(6741, 'default', '{\"uuid\":\"6d2bd445-932f-41b0-8525-7940ff04c917\",\"displayName\":\"App\\\\Mail\\\\OrderPlaced\",\"job\":\"Illuminate\\\\Queue\\\\CallQueuedHandler@call\",\"maxTries\":null,\"maxExceptions\":null,\"failOnTimeout\":false,\"backoff\":null,\"timeout\":null,\"retryUntil\":null,\"data\":{\"commandName\":\"Illuminate\\\\Mail\\\\SendQueuedMailable\",\"command\":\"O:34:\\\"Illuminate\\\\Mail\\\\SendQueuedMailable\\\":15:{s:8:\\\"mailable\\\";O:20:\\\"App\\\\Mail\\\\OrderPlaced\\\":3:{s:5:\\\"order\\\";O:45:\\\"Illuminate\\\\Contracts\\\\Database\\\\ModelIdentifier\\\":5:{s:5:\\\"class\\\";s:16:\\\"App\\\\Models\\\\Order\\\";s:2:\\\"id\\\";i:75;s:9:\\\"relations\\\";a:3:{i:0;s:4:\\\"user\\\";i:1;s:9:\\\"variation\\\";i:2;s:7:\\\"product\\\";}s:10:\\\"connection\\\";s:5:\\\"mysql\\\";s:15:\\\"collectionClass\\\";N;}s:2:\\\"to\\\";a:1:{i:0;a:2:{s:4:\\\"name\\\";N;s:7:\\\"address\\\";s:15:\\\"admin@gmail.com\\\";}}s:6:\\\"mailer\\\";s:4:\\\"smtp\\\";}s:5:\\\"tries\\\";N;s:7:\\\"timeout\\\";N;s:13:\\\"maxExceptions\\\";N;s:17:\\\"shouldBeEncrypted\\\";b:0;s:10:\\\"connection\\\";N;s:5:\\\"queue\\\";N;s:15:\\\"chainConnection\\\";N;s:10:\\\"chainQueue\\\";N;s:19:\\\"chainCatchCallbacks\\\";N;s:5:\\\"delay\\\";N;s:11:\\\"afterCommit\\\";N;s:10:\\\"middleware\\\";a:0:{}s:7:\\\"chained\\\";a:0:{}s:3:\\\"job\\\";N;}\"}}', 0, NULL, 1753785349, 1753785349),
(6742, 'default', '{\"uuid\":\"117063d0-542a-43f1-9d1b-c1641a9eabb8\",\"displayName\":\"App\\\\Mail\\\\OrderPlaced\",\"job\":\"Illuminate\\\\Queue\\\\CallQueuedHandler@call\",\"maxTries\":null,\"maxExceptions\":null,\"failOnTimeout\":false,\"backoff\":null,\"timeout\":null,\"retryUntil\":null,\"data\":{\"commandName\":\"Illuminate\\\\Mail\\\\SendQueuedMailable\",\"command\":\"O:34:\\\"Illuminate\\\\Mail\\\\SendQueuedMailable\\\":15:{s:8:\\\"mailable\\\";O:20:\\\"App\\\\Mail\\\\OrderPlaced\\\":3:{s:5:\\\"order\\\";O:45:\\\"Illuminate\\\\Contracts\\\\Database\\\\ModelIdentifier\\\":5:{s:5:\\\"class\\\";s:16:\\\"App\\\\Models\\\\Order\\\";s:2:\\\"id\\\";i:76;s:9:\\\"relations\\\";a:3:{i:0;s:4:\\\"user\\\";i:1;s:9:\\\"variation\\\";i:2;s:7:\\\"product\\\";}s:10:\\\"connection\\\";s:5:\\\"mysql\\\";s:15:\\\"collectionClass\\\";N;}s:2:\\\"to\\\";a:1:{i:0;a:2:{s:4:\\\"name\\\";N;s:7:\\\"address\\\";s:15:\\\"admin@gmail.com\\\";}}s:6:\\\"mailer\\\";s:4:\\\"smtp\\\";}s:5:\\\"tries\\\";N;s:7:\\\"timeout\\\";N;s:13:\\\"maxExceptions\\\";N;s:17:\\\"shouldBeEncrypted\\\";b:0;s:10:\\\"connection\\\";N;s:5:\\\"queue\\\";N;s:15:\\\"chainConnection\\\";N;s:10:\\\"chainQueue\\\";N;s:19:\\\"chainCatchCallbacks\\\";N;s:5:\\\"delay\\\";N;s:11:\\\"afterCommit\\\";N;s:10:\\\"middleware\\\";a:0:{}s:7:\\\"chained\\\";a:0:{}s:3:\\\"job\\\";N;}\"}}', 0, NULL, 1753785371, 1753785371),
(6743, 'default', '{\"uuid\":\"e300bea0-adf4-4952-90ca-2bd611bcc989\",\"displayName\":\"App\\\\Mail\\\\OrderPlaced\",\"job\":\"Illuminate\\\\Queue\\\\CallQueuedHandler@call\",\"maxTries\":null,\"maxExceptions\":null,\"failOnTimeout\":false,\"backoff\":null,\"timeout\":null,\"retryUntil\":null,\"data\":{\"commandName\":\"Illuminate\\\\Mail\\\\SendQueuedMailable\",\"command\":\"O:34:\\\"Illuminate\\\\Mail\\\\SendQueuedMailable\\\":15:{s:8:\\\"mailable\\\";O:20:\\\"App\\\\Mail\\\\OrderPlaced\\\":3:{s:5:\\\"order\\\";O:45:\\\"Illuminate\\\\Contracts\\\\Database\\\\ModelIdentifier\\\":5:{s:5:\\\"class\\\";s:16:\\\"App\\\\Models\\\\Order\\\";s:2:\\\"id\\\";i:77;s:9:\\\"relations\\\";a:3:{i:0;s:4:\\\"user\\\";i:1;s:9:\\\"variation\\\";i:2;s:7:\\\"product\\\";}s:10:\\\"connection\\\";s:5:\\\"mysql\\\";s:15:\\\"collectionClass\\\";N;}s:2:\\\"to\\\";a:1:{i:0;a:2:{s:4:\\\"name\\\";N;s:7:\\\"address\\\";s:15:\\\"admin@gmail.com\\\";}}s:6:\\\"mailer\\\";s:4:\\\"smtp\\\";}s:5:\\\"tries\\\";N;s:7:\\\"timeout\\\";N;s:13:\\\"maxExceptions\\\";N;s:17:\\\"shouldBeEncrypted\\\";b:0;s:10:\\\"connection\\\";N;s:5:\\\"queue\\\";N;s:15:\\\"chainConnection\\\";N;s:10:\\\"chainQueue\\\";N;s:19:\\\"chainCatchCallbacks\\\";N;s:5:\\\"delay\\\";N;s:11:\\\"afterCommit\\\";N;s:10:\\\"middleware\\\";a:0:{}s:7:\\\"chained\\\";a:0:{}s:3:\\\"job\\\";N;}\"}}', 0, NULL, 1753785395, 1753785395),
(6744, 'default', '{\"uuid\":\"0e0c9659-c1f1-4501-9f72-612cb7bac0a0\",\"displayName\":\"App\\\\Mail\\\\OrderPlaced\",\"job\":\"Illuminate\\\\Queue\\\\CallQueuedHandler@call\",\"maxTries\":null,\"maxExceptions\":null,\"failOnTimeout\":false,\"backoff\":null,\"timeout\":null,\"retryUntil\":null,\"data\":{\"commandName\":\"Illuminate\\\\Mail\\\\SendQueuedMailable\",\"command\":\"O:34:\\\"Illuminate\\\\Mail\\\\SendQueuedMailable\\\":15:{s:8:\\\"mailable\\\";O:20:\\\"App\\\\Mail\\\\OrderPlaced\\\":3:{s:5:\\\"order\\\";O:45:\\\"Illuminate\\\\Contracts\\\\Database\\\\ModelIdentifier\\\":5:{s:5:\\\"class\\\";s:16:\\\"App\\\\Models\\\\Order\\\";s:2:\\\"id\\\";i:79;s:9:\\\"relations\\\";a:3:{i:0;s:4:\\\"user\\\";i:1;s:9:\\\"variation\\\";i:2;s:7:\\\"product\\\";}s:10:\\\"connection\\\";s:5:\\\"mysql\\\";s:15:\\\"collectionClass\\\";N;}s:2:\\\"to\\\";a:1:{i:0;a:2:{s:4:\\\"name\\\";N;s:7:\\\"address\\\";s:20:\\\"mjubayarsk@gmail.com\\\";}}s:6:\\\"mailer\\\";s:4:\\\"smtp\\\";}s:5:\\\"tries\\\";N;s:7:\\\"timeout\\\";N;s:13:\\\"maxExceptions\\\";N;s:17:\\\"shouldBeEncrypted\\\";b:0;s:10:\\\"connection\\\";N;s:5:\\\"queue\\\";N;s:15:\\\"chainConnection\\\";N;s:10:\\\"chainQueue\\\";N;s:19:\\\"chainCatchCallbacks\\\";N;s:5:\\\"delay\\\";N;s:11:\\\"afterCommit\\\";N;s:10:\\\"middleware\\\";a:0:{}s:7:\\\"chained\\\";a:0:{}s:3:\\\"job\\\";N;}\"}}', 0, NULL, 1754632561, 1754632561),
(6745, 'default', '{\"uuid\":\"c8490155-5057-44fd-8d5b-1e6daf6299a6\",\"displayName\":\"App\\\\Mail\\\\OrderPlaced\",\"job\":\"Illuminate\\\\Queue\\\\CallQueuedHandler@call\",\"maxTries\":null,\"maxExceptions\":null,\"failOnTimeout\":false,\"backoff\":null,\"timeout\":null,\"retryUntil\":null,\"data\":{\"commandName\":\"Illuminate\\\\Mail\\\\SendQueuedMailable\",\"command\":\"O:34:\\\"Illuminate\\\\Mail\\\\SendQueuedMailable\\\":15:{s:8:\\\"mailable\\\";O:20:\\\"App\\\\Mail\\\\OrderPlaced\\\":3:{s:5:\\\"order\\\";O:45:\\\"Illuminate\\\\Contracts\\\\Database\\\\ModelIdentifier\\\":5:{s:5:\\\"class\\\";s:16:\\\"App\\\\Models\\\\Order\\\";s:2:\\\"id\\\";i:80;s:9:\\\"relations\\\";a:3:{i:0;s:4:\\\"user\\\";i:1;s:9:\\\"variation\\\";i:2;s:7:\\\"product\\\";}s:10:\\\"connection\\\";s:5:\\\"mysql\\\";s:15:\\\"collectionClass\\\";N;}s:2:\\\"to\\\";a:1:{i:0;a:2:{s:4:\\\"name\\\";N;s:7:\\\"address\\\";s:20:\\\"mjubayarsk@gmail.com\\\";}}s:6:\\\"mailer\\\";s:4:\\\"smtp\\\";}s:5:\\\"tries\\\";N;s:7:\\\"timeout\\\";N;s:13:\\\"maxExceptions\\\";N;s:17:\\\"shouldBeEncrypted\\\";b:0;s:10:\\\"connection\\\";N;s:5:\\\"queue\\\";N;s:15:\\\"chainConnection\\\";N;s:10:\\\"chainQueue\\\";N;s:19:\\\"chainCatchCallbacks\\\";N;s:5:\\\"delay\\\";N;s:11:\\\"afterCommit\\\";N;s:10:\\\"middleware\\\";a:0:{}s:7:\\\"chained\\\";a:0:{}s:3:\\\"job\\\";N;}\"}}', 0, NULL, 1754632703, 1754632703),
(6746, 'default', '{\"uuid\":\"0a3dd0d0-47e2-4860-9b19-2d8abcc75526\",\"displayName\":\"App\\\\Mail\\\\OrderPlaced\",\"job\":\"Illuminate\\\\Queue\\\\CallQueuedHandler@call\",\"maxTries\":null,\"maxExceptions\":null,\"failOnTimeout\":false,\"backoff\":null,\"timeout\":null,\"retryUntil\":null,\"data\":{\"commandName\":\"Illuminate\\\\Mail\\\\SendQueuedMailable\",\"command\":\"O:34:\\\"Illuminate\\\\Mail\\\\SendQueuedMailable\\\":15:{s:8:\\\"mailable\\\";O:20:\\\"App\\\\Mail\\\\OrderPlaced\\\":3:{s:5:\\\"order\\\";O:45:\\\"Illuminate\\\\Contracts\\\\Database\\\\ModelIdentifier\\\":5:{s:5:\\\"class\\\";s:16:\\\"App\\\\Models\\\\Order\\\";s:2:\\\"id\\\";i:81;s:9:\\\"relations\\\";a:3:{i:0;s:4:\\\"user\\\";i:1;s:9:\\\"variation\\\";i:2;s:7:\\\"product\\\";}s:10:\\\"connection\\\";s:5:\\\"mysql\\\";s:15:\\\"collectionClass\\\";N;}s:2:\\\"to\\\";a:1:{i:0;a:2:{s:4:\\\"name\\\";N;s:7:\\\"address\\\";s:20:\\\"mjubayarsk@gmail.com\\\";}}s:6:\\\"mailer\\\";s:4:\\\"smtp\\\";}s:5:\\\"tries\\\";N;s:7:\\\"timeout\\\";N;s:13:\\\"maxExceptions\\\";N;s:17:\\\"shouldBeEncrypted\\\";b:0;s:10:\\\"connection\\\";N;s:5:\\\"queue\\\";N;s:15:\\\"chainConnection\\\";N;s:10:\\\"chainQueue\\\";N;s:19:\\\"chainCatchCallbacks\\\";N;s:5:\\\"delay\\\";N;s:11:\\\"afterCommit\\\";N;s:10:\\\"middleware\\\";a:0:{}s:7:\\\"chained\\\";a:0:{}s:3:\\\"job\\\";N;}\"}}', 0, NULL, 1754632917, 1754632917),
(6747, 'default', '{\"uuid\":\"9fbb5219-f894-47d6-9dab-2b346c3b7fdf\",\"displayName\":\"App\\\\Mail\\\\OrderPlaced\",\"job\":\"Illuminate\\\\Queue\\\\CallQueuedHandler@call\",\"maxTries\":null,\"maxExceptions\":null,\"failOnTimeout\":false,\"backoff\":null,\"timeout\":null,\"retryUntil\":null,\"data\":{\"commandName\":\"Illuminate\\\\Mail\\\\SendQueuedMailable\",\"command\":\"O:34:\\\"Illuminate\\\\Mail\\\\SendQueuedMailable\\\":15:{s:8:\\\"mailable\\\";O:20:\\\"App\\\\Mail\\\\OrderPlaced\\\":3:{s:5:\\\"order\\\";O:45:\\\"Illuminate\\\\Contracts\\\\Database\\\\ModelIdentifier\\\":5:{s:5:\\\"class\\\";s:16:\\\"App\\\\Models\\\\Order\\\";s:2:\\\"id\\\";i:82;s:9:\\\"relations\\\";a:3:{i:0;s:4:\\\"user\\\";i:1;s:9:\\\"variation\\\";i:2;s:7:\\\"product\\\";}s:10:\\\"connection\\\";s:5:\\\"mysql\\\";s:15:\\\"collectionClass\\\";N;}s:2:\\\"to\\\";a:1:{i:0;a:2:{s:4:\\\"name\\\";N;s:7:\\\"address\\\";s:20:\\\"mjubayarsk@gmail.com\\\";}}s:6:\\\"mailer\\\";s:4:\\\"smtp\\\";}s:5:\\\"tries\\\";N;s:7:\\\"timeout\\\";N;s:13:\\\"maxExceptions\\\";N;s:17:\\\"shouldBeEncrypted\\\";b:0;s:10:\\\"connection\\\";N;s:5:\\\"queue\\\";N;s:15:\\\"chainConnection\\\";N;s:10:\\\"chainQueue\\\";N;s:19:\\\"chainCatchCallbacks\\\";N;s:5:\\\"delay\\\";N;s:11:\\\"afterCommit\\\";N;s:10:\\\"middleware\\\";a:0:{}s:7:\\\"chained\\\";a:0:{}s:3:\\\"job\\\";N;}\"}}', 0, NULL, 1754633528, 1754633528),
(6748, 'default', '{\"uuid\":\"184a6f73-ae2d-4256-9d5e-f7042618cee4\",\"displayName\":\"App\\\\Mail\\\\OrderPlaced\",\"job\":\"Illuminate\\\\Queue\\\\CallQueuedHandler@call\",\"maxTries\":null,\"maxExceptions\":null,\"failOnTimeout\":false,\"backoff\":null,\"timeout\":null,\"retryUntil\":null,\"data\":{\"commandName\":\"Illuminate\\\\Mail\\\\SendQueuedMailable\",\"command\":\"O:34:\\\"Illuminate\\\\Mail\\\\SendQueuedMailable\\\":15:{s:8:\\\"mailable\\\";O:20:\\\"App\\\\Mail\\\\OrderPlaced\\\":3:{s:5:\\\"order\\\";O:45:\\\"Illuminate\\\\Contracts\\\\Database\\\\ModelIdentifier\\\":5:{s:5:\\\"class\\\";s:16:\\\"App\\\\Models\\\\Order\\\";s:2:\\\"id\\\";i:83;s:9:\\\"relations\\\";a:3:{i:0;s:4:\\\"user\\\";i:1;s:9:\\\"variation\\\";i:2;s:7:\\\"product\\\";}s:10:\\\"connection\\\";s:5:\\\"mysql\\\";s:15:\\\"collectionClass\\\";N;}s:2:\\\"to\\\";a:1:{i:0;a:2:{s:4:\\\"name\\\";N;s:7:\\\"address\\\";s:20:\\\"mjubayarsk@gmail.com\\\";}}s:6:\\\"mailer\\\";s:4:\\\"smtp\\\";}s:5:\\\"tries\\\";N;s:7:\\\"timeout\\\";N;s:13:\\\"maxExceptions\\\";N;s:17:\\\"shouldBeEncrypted\\\";b:0;s:10:\\\"connection\\\";N;s:5:\\\"queue\\\";N;s:15:\\\"chainConnection\\\";N;s:10:\\\"chainQueue\\\";N;s:19:\\\"chainCatchCallbacks\\\";N;s:5:\\\"delay\\\";N;s:11:\\\"afterCommit\\\";N;s:10:\\\"middleware\\\";a:0:{}s:7:\\\"chained\\\";a:0:{}s:3:\\\"job\\\";N;}\"}}', 0, NULL, 1754633539, 1754633539),
(6749, 'default', '{\"uuid\":\"13d124f3-fdb1-4715-9407-ae0b69e5ec4f\",\"displayName\":\"App\\\\Mail\\\\OrderPlaced\",\"job\":\"Illuminate\\\\Queue\\\\CallQueuedHandler@call\",\"maxTries\":null,\"maxExceptions\":null,\"failOnTimeout\":false,\"backoff\":null,\"timeout\":null,\"retryUntil\":null,\"data\":{\"commandName\":\"Illuminate\\\\Mail\\\\SendQueuedMailable\",\"command\":\"O:34:\\\"Illuminate\\\\Mail\\\\SendQueuedMailable\\\":15:{s:8:\\\"mailable\\\";O:20:\\\"App\\\\Mail\\\\OrderPlaced\\\":3:{s:5:\\\"order\\\";O:45:\\\"Illuminate\\\\Contracts\\\\Database\\\\ModelIdentifier\\\":5:{s:5:\\\"class\\\";s:16:\\\"App\\\\Models\\\\Order\\\";s:2:\\\"id\\\";i:84;s:9:\\\"relations\\\";a:3:{i:0;s:4:\\\"user\\\";i:1;s:9:\\\"variation\\\";i:2;s:7:\\\"product\\\";}s:10:\\\"connection\\\";s:5:\\\"mysql\\\";s:15:\\\"collectionClass\\\";N;}s:2:\\\"to\\\";a:1:{i:0;a:2:{s:4:\\\"name\\\";N;s:7:\\\"address\\\";s:20:\\\"mjubayarsk@gmail.com\\\";}}s:6:\\\"mailer\\\";s:4:\\\"smtp\\\";}s:5:\\\"tries\\\";N;s:7:\\\"timeout\\\";N;s:13:\\\"maxExceptions\\\";N;s:17:\\\"shouldBeEncrypted\\\";b:0;s:10:\\\"connection\\\";N;s:5:\\\"queue\\\";N;s:15:\\\"chainConnection\\\";N;s:10:\\\"chainQueue\\\";N;s:19:\\\"chainCatchCallbacks\\\";N;s:5:\\\"delay\\\";N;s:11:\\\"afterCommit\\\";N;s:10:\\\"middleware\\\";a:0:{}s:7:\\\"chained\\\";a:0:{}s:3:\\\"job\\\";N;}\"}}', 0, NULL, 1754633581, 1754633581),
(6750, 'default', '{\"uuid\":\"337dd721-395b-4518-85a9-815d0f382e93\",\"displayName\":\"App\\\\Mail\\\\OrderPlaced\",\"job\":\"Illuminate\\\\Queue\\\\CallQueuedHandler@call\",\"maxTries\":null,\"maxExceptions\":null,\"failOnTimeout\":false,\"backoff\":null,\"timeout\":null,\"retryUntil\":null,\"data\":{\"commandName\":\"Illuminate\\\\Mail\\\\SendQueuedMailable\",\"command\":\"O:34:\\\"Illuminate\\\\Mail\\\\SendQueuedMailable\\\":15:{s:8:\\\"mailable\\\";O:20:\\\"App\\\\Mail\\\\OrderPlaced\\\":3:{s:5:\\\"order\\\";O:45:\\\"Illuminate\\\\Contracts\\\\Database\\\\ModelIdentifier\\\":5:{s:5:\\\"class\\\";s:16:\\\"App\\\\Models\\\\Order\\\";s:2:\\\"id\\\";i:86;s:9:\\\"relations\\\";a:3:{i:0;s:4:\\\"user\\\";i:1;s:9:\\\"variation\\\";i:2;s:7:\\\"product\\\";}s:10:\\\"connection\\\";s:5:\\\"mysql\\\";s:15:\\\"collectionClass\\\";N;}s:2:\\\"to\\\";a:1:{i:0;a:2:{s:4:\\\"name\\\";N;s:7:\\\"address\\\";s:20:\\\"mjubayarsk@gmail.com\\\";}}s:6:\\\"mailer\\\";s:4:\\\"smtp\\\";}s:5:\\\"tries\\\";N;s:7:\\\"timeout\\\";N;s:13:\\\"maxExceptions\\\";N;s:17:\\\"shouldBeEncrypted\\\";b:0;s:10:\\\"connection\\\";N;s:5:\\\"queue\\\";N;s:15:\\\"chainConnection\\\";N;s:10:\\\"chainQueue\\\";N;s:19:\\\"chainCatchCallbacks\\\";N;s:5:\\\"delay\\\";N;s:11:\\\"afterCommit\\\";N;s:10:\\\"middleware\\\";a:0:{}s:7:\\\"chained\\\";a:0:{}s:3:\\\"job\\\";N;}\"}}', 0, NULL, 1754712318, 1754712318),
(6751, 'default', '{\"uuid\":\"8cca558d-cfcc-4965-92d3-871cc2c1946c\",\"displayName\":\"App\\\\Mail\\\\OrderPlaced\",\"job\":\"Illuminate\\\\Queue\\\\CallQueuedHandler@call\",\"maxTries\":null,\"maxExceptions\":null,\"failOnTimeout\":false,\"backoff\":null,\"timeout\":null,\"retryUntil\":null,\"data\":{\"commandName\":\"Illuminate\\\\Mail\\\\SendQueuedMailable\",\"command\":\"O:34:\\\"Illuminate\\\\Mail\\\\SendQueuedMailable\\\":15:{s:8:\\\"mailable\\\";O:20:\\\"App\\\\Mail\\\\OrderPlaced\\\":3:{s:5:\\\"order\\\";O:45:\\\"Illuminate\\\\Contracts\\\\Database\\\\ModelIdentifier\\\":5:{s:5:\\\"class\\\";s:16:\\\"App\\\\Models\\\\Order\\\";s:2:\\\"id\\\";i:86;s:9:\\\"relations\\\";a:3:{i:0;s:4:\\\"user\\\";i:1;s:9:\\\"variation\\\";i:2;s:7:\\\"product\\\";}s:10:\\\"connection\\\";s:5:\\\"mysql\\\";s:15:\\\"collectionClass\\\";N;}s:2:\\\"to\\\";a:1:{i:0;a:2:{s:4:\\\"name\\\";N;s:7:\\\"address\\\";s:20:\\\"smalltarip@gmail.com\\\";}}s:6:\\\"mailer\\\";s:4:\\\"smtp\\\";}s:5:\\\"tries\\\";N;s:7:\\\"timeout\\\";N;s:13:\\\"maxExceptions\\\";N;s:17:\\\"shouldBeEncrypted\\\";b:0;s:10:\\\"connection\\\";N;s:5:\\\"queue\\\";N;s:15:\\\"chainConnection\\\";N;s:10:\\\"chainQueue\\\";N;s:19:\\\"chainCatchCallbacks\\\";N;s:5:\\\"delay\\\";N;s:11:\\\"afterCommit\\\";N;s:10:\\\"middleware\\\";a:0:{}s:7:\\\"chained\\\";a:0:{}s:3:\\\"job\\\";N;}\"}}', 0, NULL, 1754712318, 1754712318),
(6752, 'default', '{\"uuid\":\"b3976f4a-c836-4b75-8063-f12d44f4805f\",\"displayName\":\"App\\\\Mail\\\\OrderPlaced\",\"job\":\"Illuminate\\\\Queue\\\\CallQueuedHandler@call\",\"maxTries\":null,\"maxExceptions\":null,\"failOnTimeout\":false,\"backoff\":null,\"timeout\":null,\"retryUntil\":null,\"data\":{\"commandName\":\"Illuminate\\\\Mail\\\\SendQueuedMailable\",\"command\":\"O:34:\\\"Illuminate\\\\Mail\\\\SendQueuedMailable\\\":15:{s:8:\\\"mailable\\\";O:20:\\\"App\\\\Mail\\\\OrderPlaced\\\":3:{s:5:\\\"order\\\";O:45:\\\"Illuminate\\\\Contracts\\\\Database\\\\ModelIdentifier\\\":5:{s:5:\\\"class\\\";s:16:\\\"App\\\\Models\\\\Order\\\";s:2:\\\"id\\\";i:87;s:9:\\\"relations\\\";a:3:{i:0;s:4:\\\"user\\\";i:1;s:9:\\\"variation\\\";i:2;s:7:\\\"product\\\";}s:10:\\\"connection\\\";s:5:\\\"mysql\\\";s:15:\\\"collectionClass\\\";N;}s:2:\\\"to\\\";a:1:{i:0;a:2:{s:4:\\\"name\\\";N;s:7:\\\"address\\\";s:20:\\\"mjubayarsk@gmail.com\\\";}}s:6:\\\"mailer\\\";s:4:\\\"smtp\\\";}s:5:\\\"tries\\\";N;s:7:\\\"timeout\\\";N;s:13:\\\"maxExceptions\\\";N;s:17:\\\"shouldBeEncrypted\\\";b:0;s:10:\\\"connection\\\";N;s:5:\\\"queue\\\";N;s:15:\\\"chainConnection\\\";N;s:10:\\\"chainQueue\\\";N;s:19:\\\"chainCatchCallbacks\\\";N;s:5:\\\"delay\\\";N;s:11:\\\"afterCommit\\\";N;s:10:\\\"middleware\\\";a:0:{}s:7:\\\"chained\\\";a:0:{}s:3:\\\"job\\\";N;}\"}}', 0, NULL, 1754712349, 1754712349);
INSERT INTO `jobs` (`id`, `queue`, `payload`, `attempts`, `reserved_at`, `available_at`, `created_at`) VALUES
(6753, 'default', '{\"uuid\":\"2fa8d060-435f-43d8-be1a-fba0db5fc90a\",\"displayName\":\"App\\\\Mail\\\\OrderPlaced\",\"job\":\"Illuminate\\\\Queue\\\\CallQueuedHandler@call\",\"maxTries\":null,\"maxExceptions\":null,\"failOnTimeout\":false,\"backoff\":null,\"timeout\":null,\"retryUntil\":null,\"data\":{\"commandName\":\"Illuminate\\\\Mail\\\\SendQueuedMailable\",\"command\":\"O:34:\\\"Illuminate\\\\Mail\\\\SendQueuedMailable\\\":15:{s:8:\\\"mailable\\\";O:20:\\\"App\\\\Mail\\\\OrderPlaced\\\":3:{s:5:\\\"order\\\";O:45:\\\"Illuminate\\\\Contracts\\\\Database\\\\ModelIdentifier\\\":5:{s:5:\\\"class\\\";s:16:\\\"App\\\\Models\\\\Order\\\";s:2:\\\"id\\\";i:87;s:9:\\\"relations\\\";a:3:{i:0;s:4:\\\"user\\\";i:1;s:9:\\\"variation\\\";i:2;s:7:\\\"product\\\";}s:10:\\\"connection\\\";s:5:\\\"mysql\\\";s:15:\\\"collectionClass\\\";N;}s:2:\\\"to\\\";a:1:{i:0;a:2:{s:4:\\\"name\\\";N;s:7:\\\"address\\\";s:20:\\\"smalltarip@gmail.com\\\";}}s:6:\\\"mailer\\\";s:4:\\\"smtp\\\";}s:5:\\\"tries\\\";N;s:7:\\\"timeout\\\";N;s:13:\\\"maxExceptions\\\";N;s:17:\\\"shouldBeEncrypted\\\";b:0;s:10:\\\"connection\\\";N;s:5:\\\"queue\\\";N;s:15:\\\"chainConnection\\\";N;s:10:\\\"chainQueue\\\";N;s:19:\\\"chainCatchCallbacks\\\";N;s:5:\\\"delay\\\";N;s:11:\\\"afterCommit\\\";N;s:10:\\\"middleware\\\";a:0:{}s:7:\\\"chained\\\";a:0:{}s:3:\\\"job\\\";N;}\"}}', 0, NULL, 1754712349, 1754712349),
(6754, 'default', '{\"uuid\":\"cdead448-387f-40eb-981c-e627c40ac4bb\",\"displayName\":\"App\\\\Mail\\\\OrderPlaced\",\"job\":\"Illuminate\\\\Queue\\\\CallQueuedHandler@call\",\"maxTries\":null,\"maxExceptions\":null,\"failOnTimeout\":false,\"backoff\":null,\"timeout\":null,\"retryUntil\":null,\"data\":{\"commandName\":\"Illuminate\\\\Mail\\\\SendQueuedMailable\",\"command\":\"O:34:\\\"Illuminate\\\\Mail\\\\SendQueuedMailable\\\":15:{s:8:\\\"mailable\\\";O:20:\\\"App\\\\Mail\\\\OrderPlaced\\\":3:{s:5:\\\"order\\\";O:45:\\\"Illuminate\\\\Contracts\\\\Database\\\\ModelIdentifier\\\":5:{s:5:\\\"class\\\";s:16:\\\"App\\\\Models\\\\Order\\\";s:2:\\\"id\\\";i:88;s:9:\\\"relations\\\";a:3:{i:0;s:4:\\\"user\\\";i:1;s:9:\\\"variation\\\";i:2;s:7:\\\"product\\\";}s:10:\\\"connection\\\";s:5:\\\"mysql\\\";s:15:\\\"collectionClass\\\";N;}s:2:\\\"to\\\";a:1:{i:0;a:2:{s:4:\\\"name\\\";N;s:7:\\\"address\\\";s:20:\\\"mjubayarsk@gmail.com\\\";}}s:6:\\\"mailer\\\";s:4:\\\"smtp\\\";}s:5:\\\"tries\\\";N;s:7:\\\"timeout\\\";N;s:13:\\\"maxExceptions\\\";N;s:17:\\\"shouldBeEncrypted\\\";b:0;s:10:\\\"connection\\\";N;s:5:\\\"queue\\\";N;s:15:\\\"chainConnection\\\";N;s:10:\\\"chainQueue\\\";N;s:19:\\\"chainCatchCallbacks\\\";N;s:5:\\\"delay\\\";N;s:11:\\\"afterCommit\\\";N;s:10:\\\"middleware\\\";a:0:{}s:7:\\\"chained\\\";a:0:{}s:3:\\\"job\\\";N;}\"}}', 0, NULL, 1754712369, 1754712369),
(6755, 'default', '{\"uuid\":\"e63bba42-08f3-4985-84a7-420617ae5370\",\"displayName\":\"App\\\\Mail\\\\OrderPlaced\",\"job\":\"Illuminate\\\\Queue\\\\CallQueuedHandler@call\",\"maxTries\":null,\"maxExceptions\":null,\"failOnTimeout\":false,\"backoff\":null,\"timeout\":null,\"retryUntil\":null,\"data\":{\"commandName\":\"Illuminate\\\\Mail\\\\SendQueuedMailable\",\"command\":\"O:34:\\\"Illuminate\\\\Mail\\\\SendQueuedMailable\\\":15:{s:8:\\\"mailable\\\";O:20:\\\"App\\\\Mail\\\\OrderPlaced\\\":3:{s:5:\\\"order\\\";O:45:\\\"Illuminate\\\\Contracts\\\\Database\\\\ModelIdentifier\\\":5:{s:5:\\\"class\\\";s:16:\\\"App\\\\Models\\\\Order\\\";s:2:\\\"id\\\";i:88;s:9:\\\"relations\\\";a:3:{i:0;s:4:\\\"user\\\";i:1;s:9:\\\"variation\\\";i:2;s:7:\\\"product\\\";}s:10:\\\"connection\\\";s:5:\\\"mysql\\\";s:15:\\\"collectionClass\\\";N;}s:2:\\\"to\\\";a:1:{i:0;a:2:{s:4:\\\"name\\\";N;s:7:\\\"address\\\";s:20:\\\"smalltarip@gmail.com\\\";}}s:6:\\\"mailer\\\";s:4:\\\"smtp\\\";}s:5:\\\"tries\\\";N;s:7:\\\"timeout\\\";N;s:13:\\\"maxExceptions\\\";N;s:17:\\\"shouldBeEncrypted\\\";b:0;s:10:\\\"connection\\\";N;s:5:\\\"queue\\\";N;s:15:\\\"chainConnection\\\";N;s:10:\\\"chainQueue\\\";N;s:19:\\\"chainCatchCallbacks\\\";N;s:5:\\\"delay\\\";N;s:11:\\\"afterCommit\\\";N;s:10:\\\"middleware\\\";a:0:{}s:7:\\\"chained\\\";a:0:{}s:3:\\\"job\\\";N;}\"}}', 0, NULL, 1754712369, 1754712369),
(6756, 'default', '{\"uuid\":\"4c52dabf-baa1-4a32-8b9a-9ddb7b4e3894\",\"displayName\":\"App\\\\Mail\\\\OrderPlaced\",\"job\":\"Illuminate\\\\Queue\\\\CallQueuedHandler@call\",\"maxTries\":null,\"maxExceptions\":null,\"failOnTimeout\":false,\"backoff\":null,\"timeout\":null,\"retryUntil\":null,\"data\":{\"commandName\":\"Illuminate\\\\Mail\\\\SendQueuedMailable\",\"command\":\"O:34:\\\"Illuminate\\\\Mail\\\\SendQueuedMailable\\\":15:{s:8:\\\"mailable\\\";O:20:\\\"App\\\\Mail\\\\OrderPlaced\\\":3:{s:5:\\\"order\\\";O:45:\\\"Illuminate\\\\Contracts\\\\Database\\\\ModelIdentifier\\\":5:{s:5:\\\"class\\\";s:16:\\\"App\\\\Models\\\\Order\\\";s:2:\\\"id\\\";i:89;s:9:\\\"relations\\\";a:3:{i:0;s:4:\\\"user\\\";i:1;s:9:\\\"variation\\\";i:2;s:7:\\\"product\\\";}s:10:\\\"connection\\\";s:5:\\\"mysql\\\";s:15:\\\"collectionClass\\\";N;}s:2:\\\"to\\\";a:1:{i:0;a:2:{s:4:\\\"name\\\";N;s:7:\\\"address\\\";s:20:\\\"mjubayarsk@gmail.com\\\";}}s:6:\\\"mailer\\\";s:4:\\\"smtp\\\";}s:5:\\\"tries\\\";N;s:7:\\\"timeout\\\";N;s:13:\\\"maxExceptions\\\";N;s:17:\\\"shouldBeEncrypted\\\";b:0;s:10:\\\"connection\\\";N;s:5:\\\"queue\\\";N;s:15:\\\"chainConnection\\\";N;s:10:\\\"chainQueue\\\";N;s:19:\\\"chainCatchCallbacks\\\";N;s:5:\\\"delay\\\";N;s:11:\\\"afterCommit\\\";N;s:10:\\\"middleware\\\";a:0:{}s:7:\\\"chained\\\";a:0:{}s:3:\\\"job\\\";N;}\"}}', 0, NULL, 1754712392, 1754712392),
(6757, 'default', '{\"uuid\":\"bd42cb72-1371-456f-8073-76e7b0a31196\",\"displayName\":\"App\\\\Mail\\\\OrderPlaced\",\"job\":\"Illuminate\\\\Queue\\\\CallQueuedHandler@call\",\"maxTries\":null,\"maxExceptions\":null,\"failOnTimeout\":false,\"backoff\":null,\"timeout\":null,\"retryUntil\":null,\"data\":{\"commandName\":\"Illuminate\\\\Mail\\\\SendQueuedMailable\",\"command\":\"O:34:\\\"Illuminate\\\\Mail\\\\SendQueuedMailable\\\":15:{s:8:\\\"mailable\\\";O:20:\\\"App\\\\Mail\\\\OrderPlaced\\\":3:{s:5:\\\"order\\\";O:45:\\\"Illuminate\\\\Contracts\\\\Database\\\\ModelIdentifier\\\":5:{s:5:\\\"class\\\";s:16:\\\"App\\\\Models\\\\Order\\\";s:2:\\\"id\\\";i:89;s:9:\\\"relations\\\";a:3:{i:0;s:4:\\\"user\\\";i:1;s:9:\\\"variation\\\";i:2;s:7:\\\"product\\\";}s:10:\\\"connection\\\";s:5:\\\"mysql\\\";s:15:\\\"collectionClass\\\";N;}s:2:\\\"to\\\";a:1:{i:0;a:2:{s:4:\\\"name\\\";N;s:7:\\\"address\\\";s:20:\\\"smalltarip@gmail.com\\\";}}s:6:\\\"mailer\\\";s:4:\\\"smtp\\\";}s:5:\\\"tries\\\";N;s:7:\\\"timeout\\\";N;s:13:\\\"maxExceptions\\\";N;s:17:\\\"shouldBeEncrypted\\\";b:0;s:10:\\\"connection\\\";N;s:5:\\\"queue\\\";N;s:15:\\\"chainConnection\\\";N;s:10:\\\"chainQueue\\\";N;s:19:\\\"chainCatchCallbacks\\\";N;s:5:\\\"delay\\\";N;s:11:\\\"afterCommit\\\";N;s:10:\\\"middleware\\\";a:0:{}s:7:\\\"chained\\\";a:0:{}s:3:\\\"job\\\";N;}\"}}', 0, NULL, 1754712392, 1754712392),
(6758, 'default', '{\"uuid\":\"80ae2380-a4ef-4eb6-b02d-4ab76d65efc0\",\"displayName\":\"App\\\\Mail\\\\OrderPlaced\",\"job\":\"Illuminate\\\\Queue\\\\CallQueuedHandler@call\",\"maxTries\":null,\"maxExceptions\":null,\"failOnTimeout\":false,\"backoff\":null,\"timeout\":null,\"retryUntil\":null,\"data\":{\"commandName\":\"Illuminate\\\\Mail\\\\SendQueuedMailable\",\"command\":\"O:34:\\\"Illuminate\\\\Mail\\\\SendQueuedMailable\\\":15:{s:8:\\\"mailable\\\";O:20:\\\"App\\\\Mail\\\\OrderPlaced\\\":3:{s:5:\\\"order\\\";O:45:\\\"Illuminate\\\\Contracts\\\\Database\\\\ModelIdentifier\\\":5:{s:5:\\\"class\\\";s:16:\\\"App\\\\Models\\\\Order\\\";s:2:\\\"id\\\";i:90;s:9:\\\"relations\\\";a:3:{i:0;s:4:\\\"user\\\";i:1;s:9:\\\"variation\\\";i:2;s:7:\\\"product\\\";}s:10:\\\"connection\\\";s:5:\\\"mysql\\\";s:15:\\\"collectionClass\\\";N;}s:2:\\\"to\\\";a:1:{i:0;a:2:{s:4:\\\"name\\\";N;s:7:\\\"address\\\";s:20:\\\"mjubayarsk@gmail.com\\\";}}s:6:\\\"mailer\\\";s:4:\\\"smtp\\\";}s:5:\\\"tries\\\";N;s:7:\\\"timeout\\\";N;s:13:\\\"maxExceptions\\\";N;s:17:\\\"shouldBeEncrypted\\\";b:0;s:10:\\\"connection\\\";N;s:5:\\\"queue\\\";N;s:15:\\\"chainConnection\\\";N;s:10:\\\"chainQueue\\\";N;s:19:\\\"chainCatchCallbacks\\\";N;s:5:\\\"delay\\\";N;s:11:\\\"afterCommit\\\";N;s:10:\\\"middleware\\\";a:0:{}s:7:\\\"chained\\\";a:0:{}s:3:\\\"job\\\";N;}\"}}', 0, NULL, 1754712582, 1754712582),
(6759, 'default', '{\"uuid\":\"0f8fcefd-021b-4905-89d4-0988320f70f8\",\"displayName\":\"App\\\\Mail\\\\OrderPlaced\",\"job\":\"Illuminate\\\\Queue\\\\CallQueuedHandler@call\",\"maxTries\":null,\"maxExceptions\":null,\"failOnTimeout\":false,\"backoff\":null,\"timeout\":null,\"retryUntil\":null,\"data\":{\"commandName\":\"Illuminate\\\\Mail\\\\SendQueuedMailable\",\"command\":\"O:34:\\\"Illuminate\\\\Mail\\\\SendQueuedMailable\\\":15:{s:8:\\\"mailable\\\";O:20:\\\"App\\\\Mail\\\\OrderPlaced\\\":3:{s:5:\\\"order\\\";O:45:\\\"Illuminate\\\\Contracts\\\\Database\\\\ModelIdentifier\\\":5:{s:5:\\\"class\\\";s:16:\\\"App\\\\Models\\\\Order\\\";s:2:\\\"id\\\";i:90;s:9:\\\"relations\\\";a:3:{i:0;s:4:\\\"user\\\";i:1;s:9:\\\"variation\\\";i:2;s:7:\\\"product\\\";}s:10:\\\"connection\\\";s:5:\\\"mysql\\\";s:15:\\\"collectionClass\\\";N;}s:2:\\\"to\\\";a:1:{i:0;a:2:{s:4:\\\"name\\\";N;s:7:\\\"address\\\";s:20:\\\"smalltarip@gmail.com\\\";}}s:6:\\\"mailer\\\";s:4:\\\"smtp\\\";}s:5:\\\"tries\\\";N;s:7:\\\"timeout\\\";N;s:13:\\\"maxExceptions\\\";N;s:17:\\\"shouldBeEncrypted\\\";b:0;s:10:\\\"connection\\\";N;s:5:\\\"queue\\\";N;s:15:\\\"chainConnection\\\";N;s:10:\\\"chainQueue\\\";N;s:19:\\\"chainCatchCallbacks\\\";N;s:5:\\\"delay\\\";N;s:11:\\\"afterCommit\\\";N;s:10:\\\"middleware\\\";a:0:{}s:7:\\\"chained\\\";a:0:{}s:3:\\\"job\\\";N;}\"}}', 0, NULL, 1754712582, 1754712582),
(6760, 'default', '{\"uuid\":\"9faecef0-3253-422e-afe2-3cf073736995\",\"displayName\":\"App\\\\Mail\\\\OrderPlaced\",\"job\":\"Illuminate\\\\Queue\\\\CallQueuedHandler@call\",\"maxTries\":null,\"maxExceptions\":null,\"failOnTimeout\":false,\"backoff\":null,\"timeout\":null,\"retryUntil\":null,\"data\":{\"commandName\":\"Illuminate\\\\Mail\\\\SendQueuedMailable\",\"command\":\"O:34:\\\"Illuminate\\\\Mail\\\\SendQueuedMailable\\\":15:{s:8:\\\"mailable\\\";O:20:\\\"App\\\\Mail\\\\OrderPlaced\\\":3:{s:5:\\\"order\\\";O:45:\\\"Illuminate\\\\Contracts\\\\Database\\\\ModelIdentifier\\\":5:{s:5:\\\"class\\\";s:16:\\\"App\\\\Models\\\\Order\\\";s:2:\\\"id\\\";i:94;s:9:\\\"relations\\\";a:3:{i:0;s:4:\\\"user\\\";i:1;s:9:\\\"variation\\\";i:2;s:7:\\\"product\\\";}s:10:\\\"connection\\\";s:5:\\\"mysql\\\";s:15:\\\"collectionClass\\\";N;}s:2:\\\"to\\\";a:1:{i:0;a:2:{s:4:\\\"name\\\";N;s:7:\\\"address\\\";s:20:\\\"mjubayarsk@gmail.com\\\";}}s:6:\\\"mailer\\\";s:4:\\\"smtp\\\";}s:5:\\\"tries\\\";N;s:7:\\\"timeout\\\";N;s:13:\\\"maxExceptions\\\";N;s:17:\\\"shouldBeEncrypted\\\";b:0;s:10:\\\"connection\\\";N;s:5:\\\"queue\\\";N;s:15:\\\"chainConnection\\\";N;s:10:\\\"chainQueue\\\";N;s:19:\\\"chainCatchCallbacks\\\";N;s:5:\\\"delay\\\";N;s:11:\\\"afterCommit\\\";N;s:10:\\\"middleware\\\";a:0:{}s:7:\\\"chained\\\";a:0:{}s:3:\\\"job\\\";N;}\"}}', 0, NULL, 1754741763, 1754741763),
(6761, 'default', '{\"uuid\":\"5125a1fc-283b-4b7c-9fba-8e3105c04339\",\"displayName\":\"App\\\\Mail\\\\OrderPlaced\",\"job\":\"Illuminate\\\\Queue\\\\CallQueuedHandler@call\",\"maxTries\":null,\"maxExceptions\":null,\"failOnTimeout\":false,\"backoff\":null,\"timeout\":null,\"retryUntil\":null,\"data\":{\"commandName\":\"Illuminate\\\\Mail\\\\SendQueuedMailable\",\"command\":\"O:34:\\\"Illuminate\\\\Mail\\\\SendQueuedMailable\\\":15:{s:8:\\\"mailable\\\";O:20:\\\"App\\\\Mail\\\\OrderPlaced\\\":3:{s:5:\\\"order\\\";O:45:\\\"Illuminate\\\\Contracts\\\\Database\\\\ModelIdentifier\\\":5:{s:5:\\\"class\\\";s:16:\\\"App\\\\Models\\\\Order\\\";s:2:\\\"id\\\";i:94;s:9:\\\"relations\\\";a:3:{i:0;s:4:\\\"user\\\";i:1;s:9:\\\"variation\\\";i:2;s:7:\\\"product\\\";}s:10:\\\"connection\\\";s:5:\\\"mysql\\\";s:15:\\\"collectionClass\\\";N;}s:2:\\\"to\\\";a:1:{i:0;a:2:{s:4:\\\"name\\\";N;s:7:\\\"address\\\";s:20:\\\"smalltarip@gmail.com\\\";}}s:6:\\\"mailer\\\";s:4:\\\"smtp\\\";}s:5:\\\"tries\\\";N;s:7:\\\"timeout\\\";N;s:13:\\\"maxExceptions\\\";N;s:17:\\\"shouldBeEncrypted\\\";b:0;s:10:\\\"connection\\\";N;s:5:\\\"queue\\\";N;s:15:\\\"chainConnection\\\";N;s:10:\\\"chainQueue\\\";N;s:19:\\\"chainCatchCallbacks\\\";N;s:5:\\\"delay\\\";N;s:11:\\\"afterCommit\\\";N;s:10:\\\"middleware\\\";a:0:{}s:7:\\\"chained\\\";a:0:{}s:3:\\\"job\\\";N;}\"}}', 0, NULL, 1754741763, 1754741763),
(6762, 'default', '{\"uuid\":\"d2e85906-830a-4e05-bda3-4bd09077b210\",\"displayName\":\"App\\\\Mail\\\\OrderPlaced\",\"job\":\"Illuminate\\\\Queue\\\\CallQueuedHandler@call\",\"maxTries\":null,\"maxExceptions\":null,\"failOnTimeout\":false,\"backoff\":null,\"timeout\":null,\"retryUntil\":null,\"data\":{\"commandName\":\"Illuminate\\\\Mail\\\\SendQueuedMailable\",\"command\":\"O:34:\\\"Illuminate\\\\Mail\\\\SendQueuedMailable\\\":15:{s:8:\\\"mailable\\\";O:20:\\\"App\\\\Mail\\\\OrderPlaced\\\":3:{s:5:\\\"order\\\";O:45:\\\"Illuminate\\\\Contracts\\\\Database\\\\ModelIdentifier\\\":5:{s:5:\\\"class\\\";s:16:\\\"App\\\\Models\\\\Order\\\";s:2:\\\"id\\\";i:95;s:9:\\\"relations\\\";a:3:{i:0;s:4:\\\"user\\\";i:1;s:9:\\\"variation\\\";i:2;s:7:\\\"product\\\";}s:10:\\\"connection\\\";s:5:\\\"mysql\\\";s:15:\\\"collectionClass\\\";N;}s:2:\\\"to\\\";a:1:{i:0;a:2:{s:4:\\\"name\\\";N;s:7:\\\"address\\\";s:20:\\\"mjubayarsk@gmail.com\\\";}}s:6:\\\"mailer\\\";s:4:\\\"smtp\\\";}s:5:\\\"tries\\\";N;s:7:\\\"timeout\\\";N;s:13:\\\"maxExceptions\\\";N;s:17:\\\"shouldBeEncrypted\\\";b:0;s:10:\\\"connection\\\";N;s:5:\\\"queue\\\";N;s:15:\\\"chainConnection\\\";N;s:10:\\\"chainQueue\\\";N;s:19:\\\"chainCatchCallbacks\\\";N;s:5:\\\"delay\\\";N;s:11:\\\"afterCommit\\\";N;s:10:\\\"middleware\\\";a:0:{}s:7:\\\"chained\\\";a:0:{}s:3:\\\"job\\\";N;}\"}}', 0, NULL, 1754742878, 1754742878),
(6763, 'default', '{\"uuid\":\"90848abb-650c-4920-a4b3-5892fcdeea2b\",\"displayName\":\"App\\\\Mail\\\\OrderPlaced\",\"job\":\"Illuminate\\\\Queue\\\\CallQueuedHandler@call\",\"maxTries\":null,\"maxExceptions\":null,\"failOnTimeout\":false,\"backoff\":null,\"timeout\":null,\"retryUntil\":null,\"data\":{\"commandName\":\"Illuminate\\\\Mail\\\\SendQueuedMailable\",\"command\":\"O:34:\\\"Illuminate\\\\Mail\\\\SendQueuedMailable\\\":15:{s:8:\\\"mailable\\\";O:20:\\\"App\\\\Mail\\\\OrderPlaced\\\":3:{s:5:\\\"order\\\";O:45:\\\"Illuminate\\\\Contracts\\\\Database\\\\ModelIdentifier\\\":5:{s:5:\\\"class\\\";s:16:\\\"App\\\\Models\\\\Order\\\";s:2:\\\"id\\\";i:95;s:9:\\\"relations\\\";a:3:{i:0;s:4:\\\"user\\\";i:1;s:9:\\\"variation\\\";i:2;s:7:\\\"product\\\";}s:10:\\\"connection\\\";s:5:\\\"mysql\\\";s:15:\\\"collectionClass\\\";N;}s:2:\\\"to\\\";a:1:{i:0;a:2:{s:4:\\\"name\\\";N;s:7:\\\"address\\\";s:20:\\\"smalltarip@gmail.com\\\";}}s:6:\\\"mailer\\\";s:4:\\\"smtp\\\";}s:5:\\\"tries\\\";N;s:7:\\\"timeout\\\";N;s:13:\\\"maxExceptions\\\";N;s:17:\\\"shouldBeEncrypted\\\";b:0;s:10:\\\"connection\\\";N;s:5:\\\"queue\\\";N;s:15:\\\"chainConnection\\\";N;s:10:\\\"chainQueue\\\";N;s:19:\\\"chainCatchCallbacks\\\";N;s:5:\\\"delay\\\";N;s:11:\\\"afterCommit\\\";N;s:10:\\\"middleware\\\";a:0:{}s:7:\\\"chained\\\";a:0:{}s:3:\\\"job\\\";N;}\"}}', 0, NULL, 1754742878, 1754742878),
(6764, 'default', '{\"uuid\":\"416b5c4e-05bf-4722-a4e8-705e3c86f7ae\",\"displayName\":\"App\\\\Mail\\\\OrderPlaced\",\"job\":\"Illuminate\\\\Queue\\\\CallQueuedHandler@call\",\"maxTries\":null,\"maxExceptions\":null,\"failOnTimeout\":false,\"backoff\":null,\"timeout\":null,\"retryUntil\":null,\"data\":{\"commandName\":\"Illuminate\\\\Mail\\\\SendQueuedMailable\",\"command\":\"O:34:\\\"Illuminate\\\\Mail\\\\SendQueuedMailable\\\":15:{s:8:\\\"mailable\\\";O:20:\\\"App\\\\Mail\\\\OrderPlaced\\\":3:{s:5:\\\"order\\\";O:45:\\\"Illuminate\\\\Contracts\\\\Database\\\\ModelIdentifier\\\":5:{s:5:\\\"class\\\";s:16:\\\"App\\\\Models\\\\Order\\\";s:2:\\\"id\\\";i:96;s:9:\\\"relations\\\";a:3:{i:0;s:4:\\\"user\\\";i:1;s:9:\\\"variation\\\";i:2;s:7:\\\"product\\\";}s:10:\\\"connection\\\";s:5:\\\"mysql\\\";s:15:\\\"collectionClass\\\";N;}s:2:\\\"to\\\";a:1:{i:0;a:2:{s:4:\\\"name\\\";N;s:7:\\\"address\\\";s:20:\\\"mjubayarsk@gmail.com\\\";}}s:6:\\\"mailer\\\";s:4:\\\"smtp\\\";}s:5:\\\"tries\\\";N;s:7:\\\"timeout\\\";N;s:13:\\\"maxExceptions\\\";N;s:17:\\\"shouldBeEncrypted\\\";b:0;s:10:\\\"connection\\\";N;s:5:\\\"queue\\\";N;s:15:\\\"chainConnection\\\";N;s:10:\\\"chainQueue\\\";N;s:19:\\\"chainCatchCallbacks\\\";N;s:5:\\\"delay\\\";N;s:11:\\\"afterCommit\\\";N;s:10:\\\"middleware\\\";a:0:{}s:7:\\\"chained\\\";a:0:{}s:3:\\\"job\\\";N;}\"}}', 0, NULL, 1754742992, 1754742992),
(6765, 'default', '{\"uuid\":\"d047839b-2e11-4c1d-b47a-ea2b06c06884\",\"displayName\":\"App\\\\Mail\\\\OrderPlaced\",\"job\":\"Illuminate\\\\Queue\\\\CallQueuedHandler@call\",\"maxTries\":null,\"maxExceptions\":null,\"failOnTimeout\":false,\"backoff\":null,\"timeout\":null,\"retryUntil\":null,\"data\":{\"commandName\":\"Illuminate\\\\Mail\\\\SendQueuedMailable\",\"command\":\"O:34:\\\"Illuminate\\\\Mail\\\\SendQueuedMailable\\\":15:{s:8:\\\"mailable\\\";O:20:\\\"App\\\\Mail\\\\OrderPlaced\\\":3:{s:5:\\\"order\\\";O:45:\\\"Illuminate\\\\Contracts\\\\Database\\\\ModelIdentifier\\\":5:{s:5:\\\"class\\\";s:16:\\\"App\\\\Models\\\\Order\\\";s:2:\\\"id\\\";i:96;s:9:\\\"relations\\\";a:3:{i:0;s:4:\\\"user\\\";i:1;s:9:\\\"variation\\\";i:2;s:7:\\\"product\\\";}s:10:\\\"connection\\\";s:5:\\\"mysql\\\";s:15:\\\"collectionClass\\\";N;}s:2:\\\"to\\\";a:1:{i:0;a:2:{s:4:\\\"name\\\";N;s:7:\\\"address\\\";s:20:\\\"smalltarip@gmail.com\\\";}}s:6:\\\"mailer\\\";s:4:\\\"smtp\\\";}s:5:\\\"tries\\\";N;s:7:\\\"timeout\\\";N;s:13:\\\"maxExceptions\\\";N;s:17:\\\"shouldBeEncrypted\\\";b:0;s:10:\\\"connection\\\";N;s:5:\\\"queue\\\";N;s:15:\\\"chainConnection\\\";N;s:10:\\\"chainQueue\\\";N;s:19:\\\"chainCatchCallbacks\\\";N;s:5:\\\"delay\\\";N;s:11:\\\"afterCommit\\\";N;s:10:\\\"middleware\\\";a:0:{}s:7:\\\"chained\\\";a:0:{}s:3:\\\"job\\\";N;}\"}}', 0, NULL, 1754742992, 1754742992),
(6766, 'default', '{\"uuid\":\"f7e7e15f-fe4f-4328-8ee7-9a81ecb74bc7\",\"displayName\":\"App\\\\Mail\\\\OrderPlaced\",\"job\":\"Illuminate\\\\Queue\\\\CallQueuedHandler@call\",\"maxTries\":null,\"maxExceptions\":null,\"failOnTimeout\":false,\"backoff\":null,\"timeout\":null,\"retryUntil\":null,\"data\":{\"commandName\":\"Illuminate\\\\Mail\\\\SendQueuedMailable\",\"command\":\"O:34:\\\"Illuminate\\\\Mail\\\\SendQueuedMailable\\\":15:{s:8:\\\"mailable\\\";O:20:\\\"App\\\\Mail\\\\OrderPlaced\\\":3:{s:5:\\\"order\\\";O:45:\\\"Illuminate\\\\Contracts\\\\Database\\\\ModelIdentifier\\\":5:{s:5:\\\"class\\\";s:16:\\\"App\\\\Models\\\\Order\\\";s:2:\\\"id\\\";i:97;s:9:\\\"relations\\\";a:3:{i:0;s:4:\\\"user\\\";i:1;s:9:\\\"variation\\\";i:2;s:7:\\\"product\\\";}s:10:\\\"connection\\\";s:5:\\\"mysql\\\";s:15:\\\"collectionClass\\\";N;}s:2:\\\"to\\\";a:1:{i:0;a:2:{s:4:\\\"name\\\";N;s:7:\\\"address\\\";s:20:\\\"mjubayarsk@gmail.com\\\";}}s:6:\\\"mailer\\\";s:4:\\\"smtp\\\";}s:5:\\\"tries\\\";N;s:7:\\\"timeout\\\";N;s:13:\\\"maxExceptions\\\";N;s:17:\\\"shouldBeEncrypted\\\";b:0;s:10:\\\"connection\\\";N;s:5:\\\"queue\\\";N;s:15:\\\"chainConnection\\\";N;s:10:\\\"chainQueue\\\";N;s:19:\\\"chainCatchCallbacks\\\";N;s:5:\\\"delay\\\";N;s:11:\\\"afterCommit\\\";N;s:10:\\\"middleware\\\";a:0:{}s:7:\\\"chained\\\";a:0:{}s:3:\\\"job\\\";N;}\"}}', 0, NULL, 1754743765, 1754743765),
(6767, 'default', '{\"uuid\":\"40cc70aa-cd56-41e5-8376-080d57e1d321\",\"displayName\":\"App\\\\Mail\\\\OrderPlaced\",\"job\":\"Illuminate\\\\Queue\\\\CallQueuedHandler@call\",\"maxTries\":null,\"maxExceptions\":null,\"failOnTimeout\":false,\"backoff\":null,\"timeout\":null,\"retryUntil\":null,\"data\":{\"commandName\":\"Illuminate\\\\Mail\\\\SendQueuedMailable\",\"command\":\"O:34:\\\"Illuminate\\\\Mail\\\\SendQueuedMailable\\\":15:{s:8:\\\"mailable\\\";O:20:\\\"App\\\\Mail\\\\OrderPlaced\\\":3:{s:5:\\\"order\\\";O:45:\\\"Illuminate\\\\Contracts\\\\Database\\\\ModelIdentifier\\\":5:{s:5:\\\"class\\\";s:16:\\\"App\\\\Models\\\\Order\\\";s:2:\\\"id\\\";i:97;s:9:\\\"relations\\\";a:3:{i:0;s:4:\\\"user\\\";i:1;s:9:\\\"variation\\\";i:2;s:7:\\\"product\\\";}s:10:\\\"connection\\\";s:5:\\\"mysql\\\";s:15:\\\"collectionClass\\\";N;}s:2:\\\"to\\\";a:1:{i:0;a:2:{s:4:\\\"name\\\";N;s:7:\\\"address\\\";s:20:\\\"smalltarip@gmail.com\\\";}}s:6:\\\"mailer\\\";s:4:\\\"smtp\\\";}s:5:\\\"tries\\\";N;s:7:\\\"timeout\\\";N;s:13:\\\"maxExceptions\\\";N;s:17:\\\"shouldBeEncrypted\\\";b:0;s:10:\\\"connection\\\";N;s:5:\\\"queue\\\";N;s:15:\\\"chainConnection\\\";N;s:10:\\\"chainQueue\\\";N;s:19:\\\"chainCatchCallbacks\\\";N;s:5:\\\"delay\\\";N;s:11:\\\"afterCommit\\\";N;s:10:\\\"middleware\\\";a:0:{}s:7:\\\"chained\\\";a:0:{}s:3:\\\"job\\\";N;}\"}}', 0, NULL, 1754743765, 1754743765),
(6768, 'default', '{\"uuid\":\"02c8564e-a138-46cc-acef-9ae1b76161d6\",\"displayName\":\"App\\\\Mail\\\\OrderPlaced\",\"job\":\"Illuminate\\\\Queue\\\\CallQueuedHandler@call\",\"maxTries\":null,\"maxExceptions\":null,\"failOnTimeout\":false,\"backoff\":null,\"timeout\":null,\"retryUntil\":null,\"data\":{\"commandName\":\"Illuminate\\\\Mail\\\\SendQueuedMailable\",\"command\":\"O:34:\\\"Illuminate\\\\Mail\\\\SendQueuedMailable\\\":15:{s:8:\\\"mailable\\\";O:20:\\\"App\\\\Mail\\\\OrderPlaced\\\":3:{s:5:\\\"order\\\";O:45:\\\"Illuminate\\\\Contracts\\\\Database\\\\ModelIdentifier\\\":5:{s:5:\\\"class\\\";s:16:\\\"App\\\\Models\\\\Order\\\";s:2:\\\"id\\\";i:98;s:9:\\\"relations\\\";a:3:{i:0;s:4:\\\"user\\\";i:1;s:9:\\\"variation\\\";i:2;s:7:\\\"product\\\";}s:10:\\\"connection\\\";s:5:\\\"mysql\\\";s:15:\\\"collectionClass\\\";N;}s:2:\\\"to\\\";a:1:{i:0;a:2:{s:4:\\\"name\\\";N;s:7:\\\"address\\\";s:20:\\\"mjubayarsk@gmail.com\\\";}}s:6:\\\"mailer\\\";s:4:\\\"smtp\\\";}s:5:\\\"tries\\\";N;s:7:\\\"timeout\\\";N;s:13:\\\"maxExceptions\\\";N;s:17:\\\"shouldBeEncrypted\\\";b:0;s:10:\\\"connection\\\";N;s:5:\\\"queue\\\";N;s:15:\\\"chainConnection\\\";N;s:10:\\\"chainQueue\\\";N;s:19:\\\"chainCatchCallbacks\\\";N;s:5:\\\"delay\\\";N;s:11:\\\"afterCommit\\\";N;s:10:\\\"middleware\\\";a:0:{}s:7:\\\"chained\\\";a:0:{}s:3:\\\"job\\\";N;}\"}}', 0, NULL, 1754748369, 1754748369),
(6769, 'default', '{\"uuid\":\"691f2f14-10de-49ad-8a95-e6de878286d4\",\"displayName\":\"App\\\\Mail\\\\OrderPlaced\",\"job\":\"Illuminate\\\\Queue\\\\CallQueuedHandler@call\",\"maxTries\":null,\"maxExceptions\":null,\"failOnTimeout\":false,\"backoff\":null,\"timeout\":null,\"retryUntil\":null,\"data\":{\"commandName\":\"Illuminate\\\\Mail\\\\SendQueuedMailable\",\"command\":\"O:34:\\\"Illuminate\\\\Mail\\\\SendQueuedMailable\\\":15:{s:8:\\\"mailable\\\";O:20:\\\"App\\\\Mail\\\\OrderPlaced\\\":3:{s:5:\\\"order\\\";O:45:\\\"Illuminate\\\\Contracts\\\\Database\\\\ModelIdentifier\\\":5:{s:5:\\\"class\\\";s:16:\\\"App\\\\Models\\\\Order\\\";s:2:\\\"id\\\";i:98;s:9:\\\"relations\\\";a:3:{i:0;s:4:\\\"user\\\";i:1;s:9:\\\"variation\\\";i:2;s:7:\\\"product\\\";}s:10:\\\"connection\\\";s:5:\\\"mysql\\\";s:15:\\\"collectionClass\\\";N;}s:2:\\\"to\\\";a:1:{i:0;a:2:{s:4:\\\"name\\\";N;s:7:\\\"address\\\";s:20:\\\"smalltarip@gmail.com\\\";}}s:6:\\\"mailer\\\";s:4:\\\"smtp\\\";}s:5:\\\"tries\\\";N;s:7:\\\"timeout\\\";N;s:13:\\\"maxExceptions\\\";N;s:17:\\\"shouldBeEncrypted\\\";b:0;s:10:\\\"connection\\\";N;s:5:\\\"queue\\\";N;s:15:\\\"chainConnection\\\";N;s:10:\\\"chainQueue\\\";N;s:19:\\\"chainCatchCallbacks\\\";N;s:5:\\\"delay\\\";N;s:11:\\\"afterCommit\\\";N;s:10:\\\"middleware\\\";a:0:{}s:7:\\\"chained\\\";a:0:{}s:3:\\\"job\\\";N;}\"}}', 0, NULL, 1754748369, 1754748369),
(6770, 'default', '{\"uuid\":\"1c8de84b-6854-4ec7-804b-086498354f1b\",\"displayName\":\"App\\\\Mail\\\\OrderPlaced\",\"job\":\"Illuminate\\\\Queue\\\\CallQueuedHandler@call\",\"maxTries\":null,\"maxExceptions\":null,\"failOnTimeout\":false,\"backoff\":null,\"timeout\":null,\"retryUntil\":null,\"data\":{\"commandName\":\"Illuminate\\\\Mail\\\\SendQueuedMailable\",\"command\":\"O:34:\\\"Illuminate\\\\Mail\\\\SendQueuedMailable\\\":15:{s:8:\\\"mailable\\\";O:20:\\\"App\\\\Mail\\\\OrderPlaced\\\":3:{s:5:\\\"order\\\";O:45:\\\"Illuminate\\\\Contracts\\\\Database\\\\ModelIdentifier\\\":5:{s:5:\\\"class\\\";s:16:\\\"App\\\\Models\\\\Order\\\";s:2:\\\"id\\\";i:99;s:9:\\\"relations\\\";a:3:{i:0;s:4:\\\"user\\\";i:1;s:9:\\\"variation\\\";i:2;s:7:\\\"product\\\";}s:10:\\\"connection\\\";s:5:\\\"mysql\\\";s:15:\\\"collectionClass\\\";N;}s:2:\\\"to\\\";a:1:{i:0;a:2:{s:4:\\\"name\\\";N;s:7:\\\"address\\\";s:20:\\\"mjubayarsk@gmail.com\\\";}}s:6:\\\"mailer\\\";s:4:\\\"smtp\\\";}s:5:\\\"tries\\\";N;s:7:\\\"timeout\\\";N;s:13:\\\"maxExceptions\\\";N;s:17:\\\"shouldBeEncrypted\\\";b:0;s:10:\\\"connection\\\";N;s:5:\\\"queue\\\";N;s:15:\\\"chainConnection\\\";N;s:10:\\\"chainQueue\\\";N;s:19:\\\"chainCatchCallbacks\\\";N;s:5:\\\"delay\\\";N;s:11:\\\"afterCommit\\\";N;s:10:\\\"middleware\\\";a:0:{}s:7:\\\"chained\\\";a:0:{}s:3:\\\"job\\\";N;}\"}}', 0, NULL, 1754748434, 1754748434),
(6771, 'default', '{\"uuid\":\"a1d6e47e-521d-4f92-8e95-010cc8ac43da\",\"displayName\":\"App\\\\Mail\\\\OrderPlaced\",\"job\":\"Illuminate\\\\Queue\\\\CallQueuedHandler@call\",\"maxTries\":null,\"maxExceptions\":null,\"failOnTimeout\":false,\"backoff\":null,\"timeout\":null,\"retryUntil\":null,\"data\":{\"commandName\":\"Illuminate\\\\Mail\\\\SendQueuedMailable\",\"command\":\"O:34:\\\"Illuminate\\\\Mail\\\\SendQueuedMailable\\\":15:{s:8:\\\"mailable\\\";O:20:\\\"App\\\\Mail\\\\OrderPlaced\\\":3:{s:5:\\\"order\\\";O:45:\\\"Illuminate\\\\Contracts\\\\Database\\\\ModelIdentifier\\\":5:{s:5:\\\"class\\\";s:16:\\\"App\\\\Models\\\\Order\\\";s:2:\\\"id\\\";i:99;s:9:\\\"relations\\\";a:3:{i:0;s:4:\\\"user\\\";i:1;s:9:\\\"variation\\\";i:2;s:7:\\\"product\\\";}s:10:\\\"connection\\\";s:5:\\\"mysql\\\";s:15:\\\"collectionClass\\\";N;}s:2:\\\"to\\\";a:1:{i:0;a:2:{s:4:\\\"name\\\";N;s:7:\\\"address\\\";s:20:\\\"smalltarip@gmail.com\\\";}}s:6:\\\"mailer\\\";s:4:\\\"smtp\\\";}s:5:\\\"tries\\\";N;s:7:\\\"timeout\\\";N;s:13:\\\"maxExceptions\\\";N;s:17:\\\"shouldBeEncrypted\\\";b:0;s:10:\\\"connection\\\";N;s:5:\\\"queue\\\";N;s:15:\\\"chainConnection\\\";N;s:10:\\\"chainQueue\\\";N;s:19:\\\"chainCatchCallbacks\\\";N;s:5:\\\"delay\\\";N;s:11:\\\"afterCommit\\\";N;s:10:\\\"middleware\\\";a:0:{}s:7:\\\"chained\\\";a:0:{}s:3:\\\"job\\\";N;}\"}}', 0, NULL, 1754748434, 1754748434),
(6772, 'default', '{\"uuid\":\"bbf052c2-ac09-40ef-ada3-833fe7a7bbc4\",\"displayName\":\"App\\\\Mail\\\\OrderPlaced\",\"job\":\"Illuminate\\\\Queue\\\\CallQueuedHandler@call\",\"maxTries\":null,\"maxExceptions\":null,\"failOnTimeout\":false,\"backoff\":null,\"timeout\":null,\"retryUntil\":null,\"data\":{\"commandName\":\"Illuminate\\\\Mail\\\\SendQueuedMailable\",\"command\":\"O:34:\\\"Illuminate\\\\Mail\\\\SendQueuedMailable\\\":15:{s:8:\\\"mailable\\\";O:20:\\\"App\\\\Mail\\\\OrderPlaced\\\":3:{s:5:\\\"order\\\";O:45:\\\"Illuminate\\\\Contracts\\\\Database\\\\ModelIdentifier\\\":5:{s:5:\\\"class\\\";s:16:\\\"App\\\\Models\\\\Order\\\";s:2:\\\"id\\\";i:100;s:9:\\\"relations\\\";a:3:{i:0;s:4:\\\"user\\\";i:1;s:9:\\\"variation\\\";i:2;s:7:\\\"product\\\";}s:10:\\\"connection\\\";s:5:\\\"mysql\\\";s:15:\\\"collectionClass\\\";N;}s:2:\\\"to\\\";a:1:{i:0;a:2:{s:4:\\\"name\\\";N;s:7:\\\"address\\\";s:20:\\\"smalltarip@gmail.com\\\";}}s:6:\\\"mailer\\\";s:4:\\\"smtp\\\";}s:5:\\\"tries\\\";N;s:7:\\\"timeout\\\";N;s:13:\\\"maxExceptions\\\";N;s:17:\\\"shouldBeEncrypted\\\";b:0;s:10:\\\"connection\\\";N;s:5:\\\"queue\\\";N;s:15:\\\"chainConnection\\\";N;s:10:\\\"chainQueue\\\";N;s:19:\\\"chainCatchCallbacks\\\";N;s:5:\\\"delay\\\";N;s:11:\\\"afterCommit\\\";N;s:10:\\\"middleware\\\";a:0:{}s:7:\\\"chained\\\";a:0:{}s:3:\\\"job\\\";N;}\"}}', 0, NULL, 1754750584, 1754750584),
(6773, 'default', '{\"uuid\":\"92d2a5c6-3d4d-402b-933e-cc9443208a00\",\"displayName\":\"App\\\\Mail\\\\OrderPlaced\",\"job\":\"Illuminate\\\\Queue\\\\CallQueuedHandler@call\",\"maxTries\":null,\"maxExceptions\":null,\"failOnTimeout\":false,\"backoff\":null,\"timeout\":null,\"retryUntil\":null,\"data\":{\"commandName\":\"Illuminate\\\\Mail\\\\SendQueuedMailable\",\"command\":\"O:34:\\\"Illuminate\\\\Mail\\\\SendQueuedMailable\\\":15:{s:8:\\\"mailable\\\";O:20:\\\"App\\\\Mail\\\\OrderPlaced\\\":3:{s:5:\\\"order\\\";O:45:\\\"Illuminate\\\\Contracts\\\\Database\\\\ModelIdentifier\\\":5:{s:5:\\\"class\\\";s:16:\\\"App\\\\Models\\\\Order\\\";s:2:\\\"id\\\";i:101;s:9:\\\"relations\\\";a:3:{i:0;s:4:\\\"user\\\";i:1;s:9:\\\"variation\\\";i:2;s:7:\\\"product\\\";}s:10:\\\"connection\\\";s:5:\\\"mysql\\\";s:15:\\\"collectionClass\\\";N;}s:2:\\\"to\\\";a:1:{i:0;a:2:{s:4:\\\"name\\\";N;s:7:\\\"address\\\";s:20:\\\"smalltarip@gmail.com\\\";}}s:6:\\\"mailer\\\";s:4:\\\"smtp\\\";}s:5:\\\"tries\\\";N;s:7:\\\"timeout\\\";N;s:13:\\\"maxExceptions\\\";N;s:17:\\\"shouldBeEncrypted\\\";b:0;s:10:\\\"connection\\\";N;s:5:\\\"queue\\\";N;s:15:\\\"chainConnection\\\";N;s:10:\\\"chainQueue\\\";N;s:19:\\\"chainCatchCallbacks\\\";N;s:5:\\\"delay\\\";N;s:11:\\\"afterCommit\\\";N;s:10:\\\"middleware\\\";a:0:{}s:7:\\\"chained\\\";a:0:{}s:3:\\\"job\\\";N;}\"}}', 0, NULL, 1754750660, 1754750660),
(6774, 'default', '{\"uuid\":\"61ae4ed1-ad63-44c2-a64e-eab04f1b940b\",\"displayName\":\"App\\\\Mail\\\\OrderPlaced\",\"job\":\"Illuminate\\\\Queue\\\\CallQueuedHandler@call\",\"maxTries\":null,\"maxExceptions\":null,\"failOnTimeout\":false,\"backoff\":null,\"timeout\":null,\"retryUntil\":null,\"data\":{\"commandName\":\"Illuminate\\\\Mail\\\\SendQueuedMailable\",\"command\":\"O:34:\\\"Illuminate\\\\Mail\\\\SendQueuedMailable\\\":15:{s:8:\\\"mailable\\\";O:20:\\\"App\\\\Mail\\\\OrderPlaced\\\":3:{s:5:\\\"order\\\";O:45:\\\"Illuminate\\\\Contracts\\\\Database\\\\ModelIdentifier\\\":5:{s:5:\\\"class\\\";s:16:\\\"App\\\\Models\\\\Order\\\";s:2:\\\"id\\\";i:102;s:9:\\\"relations\\\";a:3:{i:0;s:4:\\\"user\\\";i:1;s:9:\\\"variation\\\";i:2;s:7:\\\"product\\\";}s:10:\\\"connection\\\";s:5:\\\"mysql\\\";s:15:\\\"collectionClass\\\";N;}s:2:\\\"to\\\";a:1:{i:0;a:2:{s:4:\\\"name\\\";N;s:7:\\\"address\\\";s:20:\\\"smalltarip@gmail.com\\\";}}s:6:\\\"mailer\\\";s:4:\\\"smtp\\\";}s:5:\\\"tries\\\";N;s:7:\\\"timeout\\\";N;s:13:\\\"maxExceptions\\\";N;s:17:\\\"shouldBeEncrypted\\\";b:0;s:10:\\\"connection\\\";N;s:5:\\\"queue\\\";N;s:15:\\\"chainConnection\\\";N;s:10:\\\"chainQueue\\\";N;s:19:\\\"chainCatchCallbacks\\\";N;s:5:\\\"delay\\\";N;s:11:\\\"afterCommit\\\";N;s:10:\\\"middleware\\\";a:0:{}s:7:\\\"chained\\\";a:0:{}s:3:\\\"job\\\";N;}\"}}', 0, NULL, 1754750711, 1754750711),
(6775, 'default', '{\"uuid\":\"ad2dffa4-6374-47f4-958c-117171e20fa1\",\"displayName\":\"App\\\\Mail\\\\OrderPlaced\",\"job\":\"Illuminate\\\\Queue\\\\CallQueuedHandler@call\",\"maxTries\":null,\"maxExceptions\":null,\"failOnTimeout\":false,\"backoff\":null,\"timeout\":null,\"retryUntil\":null,\"data\":{\"commandName\":\"Illuminate\\\\Mail\\\\SendQueuedMailable\",\"command\":\"O:34:\\\"Illuminate\\\\Mail\\\\SendQueuedMailable\\\":15:{s:8:\\\"mailable\\\";O:20:\\\"App\\\\Mail\\\\OrderPlaced\\\":3:{s:5:\\\"order\\\";O:45:\\\"Illuminate\\\\Contracts\\\\Database\\\\ModelIdentifier\\\":5:{s:5:\\\"class\\\";s:16:\\\"App\\\\Models\\\\Order\\\";s:2:\\\"id\\\";i:103;s:9:\\\"relations\\\";a:3:{i:0;s:4:\\\"user\\\";i:1;s:9:\\\"variation\\\";i:2;s:7:\\\"product\\\";}s:10:\\\"connection\\\";s:5:\\\"mysql\\\";s:15:\\\"collectionClass\\\";N;}s:2:\\\"to\\\";a:1:{i:0;a:2:{s:4:\\\"name\\\";N;s:7:\\\"address\\\";s:24:\\\"developeremon2@gmail.com\\\";}}s:6:\\\"mailer\\\";s:4:\\\"smtp\\\";}s:5:\\\"tries\\\";N;s:7:\\\"timeout\\\";N;s:13:\\\"maxExceptions\\\";N;s:17:\\\"shouldBeEncrypted\\\";b:0;s:10:\\\"connection\\\";N;s:5:\\\"queue\\\";N;s:15:\\\"chainConnection\\\";N;s:10:\\\"chainQueue\\\";N;s:19:\\\"chainCatchCallbacks\\\";N;s:5:\\\"delay\\\";N;s:11:\\\"afterCommit\\\";N;s:10:\\\"middleware\\\";a:0:{}s:7:\\\"chained\\\";a:0:{}s:3:\\\"job\\\";N;}\"}}', 0, NULL, 1755608900, 1755608900),
(6776, 'default', '{\"uuid\":\"1edfc80b-60fb-4e3c-9efe-30ffe023c7e3\",\"displayName\":\"App\\\\Mail\\\\OrderPlaced\",\"job\":\"Illuminate\\\\Queue\\\\CallQueuedHandler@call\",\"maxTries\":null,\"maxExceptions\":null,\"failOnTimeout\":false,\"backoff\":null,\"timeout\":null,\"retryUntil\":null,\"data\":{\"commandName\":\"Illuminate\\\\Mail\\\\SendQueuedMailable\",\"command\":\"O:34:\\\"Illuminate\\\\Mail\\\\SendQueuedMailable\\\":15:{s:8:\\\"mailable\\\";O:20:\\\"App\\\\Mail\\\\OrderPlaced\\\":3:{s:5:\\\"order\\\";O:45:\\\"Illuminate\\\\Contracts\\\\Database\\\\ModelIdentifier\\\":5:{s:5:\\\"class\\\";s:16:\\\"App\\\\Models\\\\Order\\\";s:2:\\\"id\\\";i:104;s:9:\\\"relations\\\";a:3:{i:0;s:4:\\\"user\\\";i:1;s:9:\\\"variation\\\";i:2;s:7:\\\"product\\\";}s:10:\\\"connection\\\";s:5:\\\"mysql\\\";s:15:\\\"collectionClass\\\";N;}s:2:\\\"to\\\";a:1:{i:0;a:2:{s:4:\\\"name\\\";N;s:7:\\\"address\\\";s:24:\\\"developeremon2@gmail.com\\\";}}s:6:\\\"mailer\\\";s:4:\\\"smtp\\\";}s:5:\\\"tries\\\";N;s:7:\\\"timeout\\\";N;s:13:\\\"maxExceptions\\\";N;s:17:\\\"shouldBeEncrypted\\\";b:0;s:10:\\\"connection\\\";N;s:5:\\\"queue\\\";N;s:15:\\\"chainConnection\\\";N;s:10:\\\"chainQueue\\\";N;s:19:\\\"chainCatchCallbacks\\\";N;s:5:\\\"delay\\\";N;s:11:\\\"afterCommit\\\";N;s:10:\\\"middleware\\\";a:0:{}s:7:\\\"chained\\\";a:0:{}s:3:\\\"job\\\";N;}\"}}', 0, NULL, 1755626736, 1755626736),
(6777, 'default', '{\"uuid\":\"faaf8f31-15d8-4dd4-b507-39e5eb157d17\",\"displayName\":\"App\\\\Mail\\\\OrderPlaced\",\"job\":\"Illuminate\\\\Queue\\\\CallQueuedHandler@call\",\"maxTries\":null,\"maxExceptions\":null,\"failOnTimeout\":false,\"backoff\":null,\"timeout\":null,\"retryUntil\":null,\"data\":{\"commandName\":\"Illuminate\\\\Mail\\\\SendQueuedMailable\",\"command\":\"O:34:\\\"Illuminate\\\\Mail\\\\SendQueuedMailable\\\":15:{s:8:\\\"mailable\\\";O:20:\\\"App\\\\Mail\\\\OrderPlaced\\\":3:{s:5:\\\"order\\\";O:45:\\\"Illuminate\\\\Contracts\\\\Database\\\\ModelIdentifier\\\":5:{s:5:\\\"class\\\";s:16:\\\"App\\\\Models\\\\Order\\\";s:2:\\\"id\\\";i:105;s:9:\\\"relations\\\";a:3:{i:0;s:4:\\\"user\\\";i:1;s:9:\\\"variation\\\";i:2;s:7:\\\"product\\\";}s:10:\\\"connection\\\";s:5:\\\"mysql\\\";s:15:\\\"collectionClass\\\";N;}s:2:\\\"to\\\";a:1:{i:0;a:2:{s:4:\\\"name\\\";N;s:7:\\\"address\\\";s:24:\\\"developeremon2@gmail.com\\\";}}s:6:\\\"mailer\\\";s:4:\\\"smtp\\\";}s:5:\\\"tries\\\";N;s:7:\\\"timeout\\\";N;s:13:\\\"maxExceptions\\\";N;s:17:\\\"shouldBeEncrypted\\\";b:0;s:10:\\\"connection\\\";N;s:5:\\\"queue\\\";N;s:15:\\\"chainConnection\\\";N;s:10:\\\"chainQueue\\\";N;s:19:\\\"chainCatchCallbacks\\\";N;s:5:\\\"delay\\\";N;s:11:\\\"afterCommit\\\";N;s:10:\\\"middleware\\\";a:0:{}s:7:\\\"chained\\\";a:0:{}s:3:\\\"job\\\";N;}\"}}', 0, NULL, 1755664864, 1755664864),
(6778, 'default', '{\"uuid\":\"d5ef1ef1-fc7a-4397-b22c-7f8d08975d58\",\"displayName\":\"App\\\\Mail\\\\OrderPlaced\",\"job\":\"Illuminate\\\\Queue\\\\CallQueuedHandler@call\",\"maxTries\":null,\"maxExceptions\":null,\"failOnTimeout\":false,\"backoff\":null,\"timeout\":null,\"retryUntil\":null,\"data\":{\"commandName\":\"Illuminate\\\\Mail\\\\SendQueuedMailable\",\"command\":\"O:34:\\\"Illuminate\\\\Mail\\\\SendQueuedMailable\\\":15:{s:8:\\\"mailable\\\";O:20:\\\"App\\\\Mail\\\\OrderPlaced\\\":3:{s:5:\\\"order\\\";O:45:\\\"Illuminate\\\\Contracts\\\\Database\\\\ModelIdentifier\\\":5:{s:5:\\\"class\\\";s:16:\\\"App\\\\Models\\\\Order\\\";s:2:\\\"id\\\";i:106;s:9:\\\"relations\\\";a:3:{i:0;s:4:\\\"user\\\";i:1;s:9:\\\"variation\\\";i:2;s:7:\\\"product\\\";}s:10:\\\"connection\\\";s:5:\\\"mysql\\\";s:15:\\\"collectionClass\\\";N;}s:2:\\\"to\\\";a:1:{i:0;a:2:{s:4:\\\"name\\\";N;s:7:\\\"address\\\";s:24:\\\"developeremon2@gmail.com\\\";}}s:6:\\\"mailer\\\";s:4:\\\"smtp\\\";}s:5:\\\"tries\\\";N;s:7:\\\"timeout\\\";N;s:13:\\\"maxExceptions\\\";N;s:17:\\\"shouldBeEncrypted\\\";b:0;s:10:\\\"connection\\\";N;s:5:\\\"queue\\\";N;s:15:\\\"chainConnection\\\";N;s:10:\\\"chainQueue\\\";N;s:19:\\\"chainCatchCallbacks\\\";N;s:5:\\\"delay\\\";N;s:11:\\\"afterCommit\\\";N;s:10:\\\"middleware\\\";a:0:{}s:7:\\\"chained\\\";a:0:{}s:3:\\\"job\\\";N;}\"}}', 0, NULL, 1755670227, 1755670227),
(6779, 'default', '{\"uuid\":\"052e58d0-6d70-4714-8b37-d997a4b8d5c6\",\"displayName\":\"App\\\\Mail\\\\OrderPlaced\",\"job\":\"Illuminate\\\\Queue\\\\CallQueuedHandler@call\",\"maxTries\":null,\"maxExceptions\":null,\"failOnTimeout\":false,\"backoff\":null,\"timeout\":null,\"retryUntil\":null,\"data\":{\"commandName\":\"Illuminate\\\\Mail\\\\SendQueuedMailable\",\"command\":\"O:34:\\\"Illuminate\\\\Mail\\\\SendQueuedMailable\\\":15:{s:8:\\\"mailable\\\";O:20:\\\"App\\\\Mail\\\\OrderPlaced\\\":3:{s:5:\\\"order\\\";O:45:\\\"Illuminate\\\\Contracts\\\\Database\\\\ModelIdentifier\\\":5:{s:5:\\\"class\\\";s:16:\\\"App\\\\Models\\\\Order\\\";s:2:\\\"id\\\";i:107;s:9:\\\"relations\\\";a:3:{i:0;s:4:\\\"user\\\";i:1;s:9:\\\"variation\\\";i:2;s:7:\\\"product\\\";}s:10:\\\"connection\\\";s:5:\\\"mysql\\\";s:15:\\\"collectionClass\\\";N;}s:2:\\\"to\\\";a:1:{i:0;a:2:{s:4:\\\"name\\\";N;s:7:\\\"address\\\";s:24:\\\"developeremon2@gmail.com\\\";}}s:6:\\\"mailer\\\";s:4:\\\"smtp\\\";}s:5:\\\"tries\\\";N;s:7:\\\"timeout\\\";N;s:13:\\\"maxExceptions\\\";N;s:17:\\\"shouldBeEncrypted\\\";b:0;s:10:\\\"connection\\\";N;s:5:\\\"queue\\\";N;s:15:\\\"chainConnection\\\";N;s:10:\\\"chainQueue\\\";N;s:19:\\\"chainCatchCallbacks\\\";N;s:5:\\\"delay\\\";N;s:11:\\\"afterCommit\\\";N;s:10:\\\"middleware\\\";a:0:{}s:7:\\\"chained\\\";a:0:{}s:3:\\\"job\\\";N;}\"}}', 0, NULL, 1755670606, 1755670606),
(6780, 'default', '{\"uuid\":\"59956697-5355-41da-bc90-b360afa98d09\",\"displayName\":\"App\\\\Mail\\\\OrderPlaced\",\"job\":\"Illuminate\\\\Queue\\\\CallQueuedHandler@call\",\"maxTries\":null,\"maxExceptions\":null,\"failOnTimeout\":false,\"backoff\":null,\"timeout\":null,\"retryUntil\":null,\"data\":{\"commandName\":\"Illuminate\\\\Mail\\\\SendQueuedMailable\",\"command\":\"O:34:\\\"Illuminate\\\\Mail\\\\SendQueuedMailable\\\":15:{s:8:\\\"mailable\\\";O:20:\\\"App\\\\Mail\\\\OrderPlaced\\\":3:{s:5:\\\"order\\\";O:45:\\\"Illuminate\\\\Contracts\\\\Database\\\\ModelIdentifier\\\":5:{s:5:\\\"class\\\";s:16:\\\"App\\\\Models\\\\Order\\\";s:2:\\\"id\\\";i:108;s:9:\\\"relations\\\";a:3:{i:0;s:4:\\\"user\\\";i:1;s:9:\\\"variation\\\";i:2;s:7:\\\"product\\\";}s:10:\\\"connection\\\";s:5:\\\"mysql\\\";s:15:\\\"collectionClass\\\";N;}s:2:\\\"to\\\";a:1:{i:0;a:2:{s:4:\\\"name\\\";N;s:7:\\\"address\\\";s:24:\\\"developeremon2@gmail.com\\\";}}s:6:\\\"mailer\\\";s:4:\\\"smtp\\\";}s:5:\\\"tries\\\";N;s:7:\\\"timeout\\\";N;s:13:\\\"maxExceptions\\\";N;s:17:\\\"shouldBeEncrypted\\\";b:0;s:10:\\\"connection\\\";N;s:5:\\\"queue\\\";N;s:15:\\\"chainConnection\\\";N;s:10:\\\"chainQueue\\\";N;s:19:\\\"chainCatchCallbacks\\\";N;s:5:\\\"delay\\\";N;s:11:\\\"afterCommit\\\";N;s:10:\\\"middleware\\\";a:0:{}s:7:\\\"chained\\\";a:0:{}s:3:\\\"job\\\";N;}\"}}', 0, NULL, 1755670722, 1755670722),
(6781, 'default', '{\"uuid\":\"3675918f-880c-4414-b2b7-74503a9bcb13\",\"displayName\":\"App\\\\Mail\\\\OrderPlaced\",\"job\":\"Illuminate\\\\Queue\\\\CallQueuedHandler@call\",\"maxTries\":null,\"maxExceptions\":null,\"failOnTimeout\":false,\"backoff\":null,\"timeout\":null,\"retryUntil\":null,\"data\":{\"commandName\":\"Illuminate\\\\Mail\\\\SendQueuedMailable\",\"command\":\"O:34:\\\"Illuminate\\\\Mail\\\\SendQueuedMailable\\\":15:{s:8:\\\"mailable\\\";O:20:\\\"App\\\\Mail\\\\OrderPlaced\\\":3:{s:5:\\\"order\\\";O:45:\\\"Illuminate\\\\Contracts\\\\Database\\\\ModelIdentifier\\\":5:{s:5:\\\"class\\\";s:16:\\\"App\\\\Models\\\\Order\\\";s:2:\\\"id\\\";i:109;s:9:\\\"relations\\\";a:3:{i:0;s:4:\\\"user\\\";i:1;s:9:\\\"variation\\\";i:2;s:7:\\\"product\\\";}s:10:\\\"connection\\\";s:5:\\\"mysql\\\";s:15:\\\"collectionClass\\\";N;}s:2:\\\"to\\\";a:1:{i:0;a:2:{s:4:\\\"name\\\";N;s:7:\\\"address\\\";s:24:\\\"developeremon2@gmail.com\\\";}}s:6:\\\"mailer\\\";s:4:\\\"smtp\\\";}s:5:\\\"tries\\\";N;s:7:\\\"timeout\\\";N;s:13:\\\"maxExceptions\\\";N;s:17:\\\"shouldBeEncrypted\\\";b:0;s:10:\\\"connection\\\";N;s:5:\\\"queue\\\";N;s:15:\\\"chainConnection\\\";N;s:10:\\\"chainQueue\\\";N;s:19:\\\"chainCatchCallbacks\\\";N;s:5:\\\"delay\\\";N;s:11:\\\"afterCommit\\\";N;s:10:\\\"middleware\\\";a:0:{}s:7:\\\"chained\\\";a:0:{}s:3:\\\"job\\\";N;}\"}}', 0, NULL, 1755686092, 1755686092),
(6782, 'default', '{\"uuid\":\"2acf5de1-39d5-489e-a8c5-fd527e3a02a7\",\"displayName\":\"App\\\\Mail\\\\OrderPlaced\",\"job\":\"Illuminate\\\\Queue\\\\CallQueuedHandler@call\",\"maxTries\":null,\"maxExceptions\":null,\"failOnTimeout\":false,\"backoff\":null,\"timeout\":null,\"retryUntil\":null,\"data\":{\"commandName\":\"Illuminate\\\\Mail\\\\SendQueuedMailable\",\"command\":\"O:34:\\\"Illuminate\\\\Mail\\\\SendQueuedMailable\\\":15:{s:8:\\\"mailable\\\";O:20:\\\"App\\\\Mail\\\\OrderPlaced\\\":3:{s:5:\\\"order\\\";O:45:\\\"Illuminate\\\\Contracts\\\\Database\\\\ModelIdentifier\\\":5:{s:5:\\\"class\\\";s:16:\\\"App\\\\Models\\\\Order\\\";s:2:\\\"id\\\";i:110;s:9:\\\"relations\\\";a:3:{i:0;s:4:\\\"user\\\";i:1;s:9:\\\"variation\\\";i:2;s:7:\\\"product\\\";}s:10:\\\"connection\\\";s:5:\\\"mysql\\\";s:15:\\\"collectionClass\\\";N;}s:2:\\\"to\\\";a:1:{i:0;a:2:{s:4:\\\"name\\\";N;s:7:\\\"address\\\";s:24:\\\"developeremon2@gmail.com\\\";}}s:6:\\\"mailer\\\";s:4:\\\"smtp\\\";}s:5:\\\"tries\\\";N;s:7:\\\"timeout\\\";N;s:13:\\\"maxExceptions\\\";N;s:17:\\\"shouldBeEncrypted\\\";b:0;s:10:\\\"connection\\\";N;s:5:\\\"queue\\\";N;s:15:\\\"chainConnection\\\";N;s:10:\\\"chainQueue\\\";N;s:19:\\\"chainCatchCallbacks\\\";N;s:5:\\\"delay\\\";N;s:11:\\\"afterCommit\\\";N;s:10:\\\"middleware\\\";a:0:{}s:7:\\\"chained\\\";a:0:{}s:3:\\\"job\\\";N;}\"}}', 0, NULL, 1755686344, 1755686344),
(6783, 'default', '{\"uuid\":\"37628fc4-2921-4ae0-bab8-d2927313f7a6\",\"displayName\":\"App\\\\Mail\\\\OrderPlaced\",\"job\":\"Illuminate\\\\Queue\\\\CallQueuedHandler@call\",\"maxTries\":null,\"maxExceptions\":null,\"failOnTimeout\":false,\"backoff\":null,\"timeout\":null,\"retryUntil\":null,\"data\":{\"commandName\":\"Illuminate\\\\Mail\\\\SendQueuedMailable\",\"command\":\"O:34:\\\"Illuminate\\\\Mail\\\\SendQueuedMailable\\\":15:{s:8:\\\"mailable\\\";O:20:\\\"App\\\\Mail\\\\OrderPlaced\\\":3:{s:5:\\\"order\\\";O:45:\\\"Illuminate\\\\Contracts\\\\Database\\\\ModelIdentifier\\\":5:{s:5:\\\"class\\\";s:16:\\\"App\\\\Models\\\\Order\\\";s:2:\\\"id\\\";i:111;s:9:\\\"relations\\\";a:3:{i:0;s:4:\\\"user\\\";i:1;s:9:\\\"variation\\\";i:2;s:7:\\\"product\\\";}s:10:\\\"connection\\\";s:5:\\\"mysql\\\";s:15:\\\"collectionClass\\\";N;}s:2:\\\"to\\\";a:1:{i:0;a:2:{s:4:\\\"name\\\";N;s:7:\\\"address\\\";s:24:\\\"developeremon2@gmail.com\\\";}}s:6:\\\"mailer\\\";s:4:\\\"smtp\\\";}s:5:\\\"tries\\\";N;s:7:\\\"timeout\\\";N;s:13:\\\"maxExceptions\\\";N;s:17:\\\"shouldBeEncrypted\\\";b:0;s:10:\\\"connection\\\";N;s:5:\\\"queue\\\";N;s:15:\\\"chainConnection\\\";N;s:10:\\\"chainQueue\\\";N;s:19:\\\"chainCatchCallbacks\\\";N;s:5:\\\"delay\\\";N;s:11:\\\"afterCommit\\\";N;s:10:\\\"middleware\\\";a:0:{}s:7:\\\"chained\\\";a:0:{}s:3:\\\"job\\\";N;}\"}}', 0, NULL, 1755686486, 1755686486),
(6784, 'default', '{\"uuid\":\"4d0bc472-04f2-44e6-962d-54cf9e09a29d\",\"displayName\":\"App\\\\Mail\\\\OrderPlaced\",\"job\":\"Illuminate\\\\Queue\\\\CallQueuedHandler@call\",\"maxTries\":null,\"maxExceptions\":null,\"failOnTimeout\":false,\"backoff\":null,\"timeout\":null,\"retryUntil\":null,\"data\":{\"commandName\":\"Illuminate\\\\Mail\\\\SendQueuedMailable\",\"command\":\"O:34:\\\"Illuminate\\\\Mail\\\\SendQueuedMailable\\\":15:{s:8:\\\"mailable\\\";O:20:\\\"App\\\\Mail\\\\OrderPlaced\\\":3:{s:5:\\\"order\\\";O:45:\\\"Illuminate\\\\Contracts\\\\Database\\\\ModelIdentifier\\\":5:{s:5:\\\"class\\\";s:16:\\\"App\\\\Models\\\\Order\\\";s:2:\\\"id\\\";i:112;s:9:\\\"relations\\\";a:3:{i:0;s:4:\\\"user\\\";i:1;s:9:\\\"variation\\\";i:2;s:7:\\\"product\\\";}s:10:\\\"connection\\\";s:5:\\\"mysql\\\";s:15:\\\"collectionClass\\\";N;}s:2:\\\"to\\\";a:1:{i:0;a:2:{s:4:\\\"name\\\";N;s:7:\\\"address\\\";s:24:\\\"developeremon2@gmail.com\\\";}}s:6:\\\"mailer\\\";s:4:\\\"smtp\\\";}s:5:\\\"tries\\\";N;s:7:\\\"timeout\\\";N;s:13:\\\"maxExceptions\\\";N;s:17:\\\"shouldBeEncrypted\\\";b:0;s:10:\\\"connection\\\";N;s:5:\\\"queue\\\";N;s:15:\\\"chainConnection\\\";N;s:10:\\\"chainQueue\\\";N;s:19:\\\"chainCatchCallbacks\\\";N;s:5:\\\"delay\\\";N;s:11:\\\"afterCommit\\\";N;s:10:\\\"middleware\\\";a:0:{}s:7:\\\"chained\\\";a:0:{}s:3:\\\"job\\\";N;}\"}}', 0, NULL, 1755686591, 1755686591),
(6785, 'default', '{\"uuid\":\"b95a1031-e01c-429d-b065-726d3ea0bb4d\",\"displayName\":\"App\\\\Mail\\\\OrderPlaced\",\"job\":\"Illuminate\\\\Queue\\\\CallQueuedHandler@call\",\"maxTries\":null,\"maxExceptions\":null,\"failOnTimeout\":false,\"backoff\":null,\"timeout\":null,\"retryUntil\":null,\"data\":{\"commandName\":\"Illuminate\\\\Mail\\\\SendQueuedMailable\",\"command\":\"O:34:\\\"Illuminate\\\\Mail\\\\SendQueuedMailable\\\":15:{s:8:\\\"mailable\\\";O:20:\\\"App\\\\Mail\\\\OrderPlaced\\\":3:{s:5:\\\"order\\\";O:45:\\\"Illuminate\\\\Contracts\\\\Database\\\\ModelIdentifier\\\":5:{s:5:\\\"class\\\";s:16:\\\"App\\\\Models\\\\Order\\\";s:2:\\\"id\\\";i:113;s:9:\\\"relations\\\";a:3:{i:0;s:4:\\\"user\\\";i:1;s:9:\\\"variation\\\";i:2;s:7:\\\"product\\\";}s:10:\\\"connection\\\";s:5:\\\"mysql\\\";s:15:\\\"collectionClass\\\";N;}s:2:\\\"to\\\";a:1:{i:0;a:2:{s:4:\\\"name\\\";N;s:7:\\\"address\\\";s:24:\\\"developeremon2@gmail.com\\\";}}s:6:\\\"mailer\\\";s:4:\\\"smtp\\\";}s:5:\\\"tries\\\";N;s:7:\\\"timeout\\\";N;s:13:\\\"maxExceptions\\\";N;s:17:\\\"shouldBeEncrypted\\\";b:0;s:10:\\\"connection\\\";N;s:5:\\\"queue\\\";N;s:15:\\\"chainConnection\\\";N;s:10:\\\"chainQueue\\\";N;s:19:\\\"chainCatchCallbacks\\\";N;s:5:\\\"delay\\\";N;s:11:\\\"afterCommit\\\";N;s:10:\\\"middleware\\\";a:0:{}s:7:\\\"chained\\\";a:0:{}s:3:\\\"job\\\";N;}\"}}', 0, NULL, 1755686668, 1755686668),
(6786, 'default', '{\"uuid\":\"008ad819-3f15-40d5-a3d2-c211dd6fb996\",\"displayName\":\"App\\\\Mail\\\\OrderPlaced\",\"job\":\"Illuminate\\\\Queue\\\\CallQueuedHandler@call\",\"maxTries\":null,\"maxExceptions\":null,\"failOnTimeout\":false,\"backoff\":null,\"timeout\":null,\"retryUntil\":null,\"data\":{\"commandName\":\"Illuminate\\\\Mail\\\\SendQueuedMailable\",\"command\":\"O:34:\\\"Illuminate\\\\Mail\\\\SendQueuedMailable\\\":15:{s:8:\\\"mailable\\\";O:20:\\\"App\\\\Mail\\\\OrderPlaced\\\":3:{s:5:\\\"order\\\";O:45:\\\"Illuminate\\\\Contracts\\\\Database\\\\ModelIdentifier\\\":5:{s:5:\\\"class\\\";s:16:\\\"App\\\\Models\\\\Order\\\";s:2:\\\"id\\\";i:114;s:9:\\\"relations\\\";a:3:{i:0;s:4:\\\"user\\\";i:1;s:9:\\\"variation\\\";i:2;s:7:\\\"product\\\";}s:10:\\\"connection\\\";s:5:\\\"mysql\\\";s:15:\\\"collectionClass\\\";N;}s:2:\\\"to\\\";a:1:{i:0;a:2:{s:4:\\\"name\\\";N;s:7:\\\"address\\\";s:24:\\\"developeremon2@gmail.com\\\";}}s:6:\\\"mailer\\\";s:4:\\\"smtp\\\";}s:5:\\\"tries\\\";N;s:7:\\\"timeout\\\";N;s:13:\\\"maxExceptions\\\";N;s:17:\\\"shouldBeEncrypted\\\";b:0;s:10:\\\"connection\\\";N;s:5:\\\"queue\\\";N;s:15:\\\"chainConnection\\\";N;s:10:\\\"chainQueue\\\";N;s:19:\\\"chainCatchCallbacks\\\";N;s:5:\\\"delay\\\";N;s:11:\\\"afterCommit\\\";N;s:10:\\\"middleware\\\";a:0:{}s:7:\\\"chained\\\";a:0:{}s:3:\\\"job\\\";N;}\"}}', 0, NULL, 1755686942, 1755686942),
(6787, 'default', '{\"uuid\":\"33ca40e9-2a00-4658-8cc5-5881d4785532\",\"displayName\":\"App\\\\Mail\\\\OrderPlaced\",\"job\":\"Illuminate\\\\Queue\\\\CallQueuedHandler@call\",\"maxTries\":null,\"maxExceptions\":null,\"failOnTimeout\":false,\"backoff\":null,\"timeout\":null,\"retryUntil\":null,\"data\":{\"commandName\":\"Illuminate\\\\Mail\\\\SendQueuedMailable\",\"command\":\"O:34:\\\"Illuminate\\\\Mail\\\\SendQueuedMailable\\\":15:{s:8:\\\"mailable\\\";O:20:\\\"App\\\\Mail\\\\OrderPlaced\\\":3:{s:5:\\\"order\\\";O:45:\\\"Illuminate\\\\Contracts\\\\Database\\\\ModelIdentifier\\\":5:{s:5:\\\"class\\\";s:16:\\\"App\\\\Models\\\\Order\\\";s:2:\\\"id\\\";i:116;s:9:\\\"relations\\\";a:3:{i:0;s:4:\\\"user\\\";i:1;s:9:\\\"variation\\\";i:2;s:7:\\\"product\\\";}s:10:\\\"connection\\\";s:5:\\\"mysql\\\";s:15:\\\"collectionClass\\\";N;}s:2:\\\"to\\\";a:1:{i:0;a:2:{s:4:\\\"name\\\";N;s:7:\\\"address\\\";s:24:\\\"developeremon2@gmail.com\\\";}}s:6:\\\"mailer\\\";s:4:\\\"smtp\\\";}s:5:\\\"tries\\\";N;s:7:\\\"timeout\\\";N;s:13:\\\"maxExceptions\\\";N;s:17:\\\"shouldBeEncrypted\\\";b:0;s:10:\\\"connection\\\";N;s:5:\\\"queue\\\";N;s:15:\\\"chainConnection\\\";N;s:10:\\\"chainQueue\\\";N;s:19:\\\"chainCatchCallbacks\\\";N;s:5:\\\"delay\\\";N;s:11:\\\"afterCommit\\\";N;s:10:\\\"middleware\\\";a:0:{}s:7:\\\"chained\\\";a:0:{}s:3:\\\"job\\\";N;}\"}}', 0, NULL, 1755687485, 1755687485),
(6788, 'default', '{\"uuid\":\"0c0320d7-fb53-49a8-9787-476e509282ca\",\"displayName\":\"App\\\\Mail\\\\OrderPlaced\",\"job\":\"Illuminate\\\\Queue\\\\CallQueuedHandler@call\",\"maxTries\":null,\"maxExceptions\":null,\"failOnTimeout\":false,\"backoff\":null,\"timeout\":null,\"retryUntil\":null,\"data\":{\"commandName\":\"Illuminate\\\\Mail\\\\SendQueuedMailable\",\"command\":\"O:34:\\\"Illuminate\\\\Mail\\\\SendQueuedMailable\\\":15:{s:8:\\\"mailable\\\";O:20:\\\"App\\\\Mail\\\\OrderPlaced\\\":3:{s:5:\\\"order\\\";O:45:\\\"Illuminate\\\\Contracts\\\\Database\\\\ModelIdentifier\\\":5:{s:5:\\\"class\\\";s:16:\\\"App\\\\Models\\\\Order\\\";s:2:\\\"id\\\";i:117;s:9:\\\"relations\\\";a:3:{i:0;s:4:\\\"user\\\";i:1;s:9:\\\"variation\\\";i:2;s:7:\\\"product\\\";}s:10:\\\"connection\\\";s:5:\\\"mysql\\\";s:15:\\\"collectionClass\\\";N;}s:2:\\\"to\\\";a:1:{i:0;a:2:{s:4:\\\"name\\\";N;s:7:\\\"address\\\";s:24:\\\"developeremon2@gmail.com\\\";}}s:6:\\\"mailer\\\";s:4:\\\"smtp\\\";}s:5:\\\"tries\\\";N;s:7:\\\"timeout\\\";N;s:13:\\\"maxExceptions\\\";N;s:17:\\\"shouldBeEncrypted\\\";b:0;s:10:\\\"connection\\\";N;s:5:\\\"queue\\\";N;s:15:\\\"chainConnection\\\";N;s:10:\\\"chainQueue\\\";N;s:19:\\\"chainCatchCallbacks\\\";N;s:5:\\\"delay\\\";N;s:11:\\\"afterCommit\\\";N;s:10:\\\"middleware\\\";a:0:{}s:7:\\\"chained\\\";a:0:{}s:3:\\\"job\\\";N;}\"}}', 0, NULL, 1755687657, 1755687657);
INSERT INTO `jobs` (`id`, `queue`, `payload`, `attempts`, `reserved_at`, `available_at`, `created_at`) VALUES
(6789, 'default', '{\"uuid\":\"d4ec726c-1315-4d71-ac12-2f506967ccd9\",\"displayName\":\"App\\\\Mail\\\\OrderPlaced\",\"job\":\"Illuminate\\\\Queue\\\\CallQueuedHandler@call\",\"maxTries\":null,\"maxExceptions\":null,\"failOnTimeout\":false,\"backoff\":null,\"timeout\":null,\"retryUntil\":null,\"data\":{\"commandName\":\"Illuminate\\\\Mail\\\\SendQueuedMailable\",\"command\":\"O:34:\\\"Illuminate\\\\Mail\\\\SendQueuedMailable\\\":15:{s:8:\\\"mailable\\\";O:20:\\\"App\\\\Mail\\\\OrderPlaced\\\":3:{s:5:\\\"order\\\";O:45:\\\"Illuminate\\\\Contracts\\\\Database\\\\ModelIdentifier\\\":5:{s:5:\\\"class\\\";s:16:\\\"App\\\\Models\\\\Order\\\";s:2:\\\"id\\\";i:118;s:9:\\\"relations\\\";a:3:{i:0;s:4:\\\"user\\\";i:1;s:9:\\\"variation\\\";i:2;s:7:\\\"product\\\";}s:10:\\\"connection\\\";s:5:\\\"mysql\\\";s:15:\\\"collectionClass\\\";N;}s:2:\\\"to\\\";a:1:{i:0;a:2:{s:4:\\\"name\\\";N;s:7:\\\"address\\\";s:24:\\\"developeremon2@gmail.com\\\";}}s:6:\\\"mailer\\\";s:4:\\\"smtp\\\";}s:5:\\\"tries\\\";N;s:7:\\\"timeout\\\";N;s:13:\\\"maxExceptions\\\";N;s:17:\\\"shouldBeEncrypted\\\";b:0;s:10:\\\"connection\\\";N;s:5:\\\"queue\\\";N;s:15:\\\"chainConnection\\\";N;s:10:\\\"chainQueue\\\";N;s:19:\\\"chainCatchCallbacks\\\";N;s:5:\\\"delay\\\";N;s:11:\\\"afterCommit\\\";N;s:10:\\\"middleware\\\";a:0:{}s:7:\\\"chained\\\";a:0:{}s:3:\\\"job\\\";N;}\"}}', 0, NULL, 1755687980, 1755687980),
(6790, 'default', '{\"uuid\":\"1df2e5ad-a176-40e6-a790-6c8a3a2d371e\",\"displayName\":\"App\\\\Mail\\\\OrderPlaced\",\"job\":\"Illuminate\\\\Queue\\\\CallQueuedHandler@call\",\"maxTries\":null,\"maxExceptions\":null,\"failOnTimeout\":false,\"backoff\":null,\"timeout\":null,\"retryUntil\":null,\"data\":{\"commandName\":\"Illuminate\\\\Mail\\\\SendQueuedMailable\",\"command\":\"O:34:\\\"Illuminate\\\\Mail\\\\SendQueuedMailable\\\":15:{s:8:\\\"mailable\\\";O:20:\\\"App\\\\Mail\\\\OrderPlaced\\\":3:{s:5:\\\"order\\\";O:45:\\\"Illuminate\\\\Contracts\\\\Database\\\\ModelIdentifier\\\":5:{s:5:\\\"class\\\";s:16:\\\"App\\\\Models\\\\Order\\\";s:2:\\\"id\\\";i:119;s:9:\\\"relations\\\";a:3:{i:0;s:4:\\\"user\\\";i:1;s:9:\\\"variation\\\";i:2;s:7:\\\"product\\\";}s:10:\\\"connection\\\";s:5:\\\"mysql\\\";s:15:\\\"collectionClass\\\";N;}s:2:\\\"to\\\";a:1:{i:0;a:2:{s:4:\\\"name\\\";N;s:7:\\\"address\\\";s:24:\\\"developeremon2@gmail.com\\\";}}s:6:\\\"mailer\\\";s:4:\\\"smtp\\\";}s:5:\\\"tries\\\";N;s:7:\\\"timeout\\\";N;s:13:\\\"maxExceptions\\\";N;s:17:\\\"shouldBeEncrypted\\\";b:0;s:10:\\\"connection\\\";N;s:5:\\\"queue\\\";N;s:15:\\\"chainConnection\\\";N;s:10:\\\"chainQueue\\\";N;s:19:\\\"chainCatchCallbacks\\\";N;s:5:\\\"delay\\\";N;s:11:\\\"afterCommit\\\";N;s:10:\\\"middleware\\\";a:0:{}s:7:\\\"chained\\\";a:0:{}s:3:\\\"job\\\";N;}\"}}', 0, NULL, 1755688010, 1755688010);

-- --------------------------------------------------------

--
-- Table structure for table `media`
--

CREATE TABLE `media` (
  `id` bigint(20) UNSIGNED NOT NULL,
  `model_type` varchar(255) CHARACTER SET utf8mb4 COLLATE utf8mb4_unicode_ci NOT NULL,
  `model_id` bigint(20) UNSIGNED NOT NULL,
  `uuid` char(36) CHARACTER SET utf8mb4 COLLATE utf8mb4_unicode_ci DEFAULT NULL,
  `collection_name` varchar(255) CHARACTER SET utf8mb4 COLLATE utf8mb4_unicode_ci NOT NULL,
  `name` varchar(255) CHARACTER SET utf8mb4 COLLATE utf8mb4_unicode_ci NOT NULL,
  `file_name` varchar(255) CHARACTER SET utf8mb4 COLLATE utf8mb4_unicode_ci NOT NULL,
  `mime_type` varchar(255) CHARACTER SET utf8mb4 COLLATE utf8mb4_unicode_ci DEFAULT NULL,
  `disk` varchar(255) CHARACTER SET utf8mb4 COLLATE utf8mb4_unicode_ci NOT NULL,
  `conversions_disk` varchar(255) CHARACTER SET utf8mb4 COLLATE utf8mb4_unicode_ci DEFAULT NULL,
  `size` bigint(20) NOT NULL,
  `manipulations` longtext CHARACTER SET utf8mb4 COLLATE utf8mb4_bin NOT NULL,
  `custom_properties` longtext CHARACTER SET utf8mb4 COLLATE utf8mb4_bin NOT NULL,
  `generated_conversions` longtext CHARACTER SET utf8mb4 COLLATE utf8mb4_bin NOT NULL,
  `responsive_images` longtext CHARACTER SET utf8mb4 COLLATE utf8mb4_bin NOT NULL,
  `order_column` int(10) UNSIGNED DEFAULT NULL,
  `created_at` timestamp NULL DEFAULT NULL,
  `updated_at` timestamp NULL DEFAULT NULL
) ENGINE=InnoDB DEFAULT CHARSET=latin1 COLLATE=latin1_swedish_ci;

--
-- Dumping data for table `media`
--

INSERT INTO `media` (`id`, `model_type`, `model_id`, `uuid`, `collection_name`, `name`, `file_name`, `mime_type`, `disk`, `conversions_disk`, `size`, `manipulations`, `custom_properties`, `generated_conversions`, `responsive_images`, `order_column`, `created_at`, `updated_at`) VALUES
(85, 'App\\Models\\Slider', 7, '5181689a-3dba-4d05-84e8-e1364af37808', 'default', '1', '01K1Z7B96RJ0EJV7DW1V2HQQ1V.gif', 'image/gif', 'media', 'media', 737497, '[]', '[]', '[]', '[]', 1, '2025-08-06 08:48:15', '2025-08-06 08:48:15'),
(86, 'App\\Models\\Slider', 8, '944b09e6-7792-4b25-ad3c-3395bb94065f', 'default', '2', '01K1Z7D2YQVTY7GQYTSCPBXJQA.gif', 'image/gif', 'media', 'media', 858221, '[]', '[]', '[]', '[]', 1, '2025-08-06 08:49:15', '2025-08-06 08:49:15'),
(87, 'App\\Models\\Slider', 9, 'cd109398-a9e7-471d-9a71-d859baa7850f', 'default', '3', '01K1Z7DQT04MN6XTJ9HDP5TQHW.gif', 'image/gif', 'media', 'media', 911209, '[]', '[]', '[]', '[]', 1, '2025-08-06 08:49:36', '2025-08-06 08:49:36'),
(88, 'App\\Models\\Slider', 10, '43671872-a4d8-4638-9c81-6f4ec36563ad', 'default', '4', '01K1Z7EE4M98WKBE5BQA33YSTR.gif', 'image/gif', 'media', 'media', 784459, '[]', '[]', '[]', '[]', 1, '2025-08-06 08:49:59', '2025-08-06 08:49:59'),
(91, 'App\\Models\\Product', 11, '120f948b-00ce-4f71-ae63-c29c23f02086', 'default', '01JY1PSAH63ZB7EETT94QF3ZDK_1_1_optimized_950', '01K1ZXZ3VKPBFYQW8N6JDQSMM6.jpg', 'image/jpeg', 'media', 'media', 764816, '[]', '[]', '[]', '[]', 1, '2025-08-06 15:23:34', '2025-08-06 15:23:34'),
(101, 'App\\Models\\Product', 34, '1dc7d1c8-97ea-4739-9f84-27a1a3eacd56', 'default', 'Telegram-Premium', '01K22W5S6WCPC20JVKW6GXY5CN.avif', 'image/avif', 'media', 'media', 12493, '[]', '[]', '[]', '[]', 1, '2025-08-07 18:49:59', '2025-08-07 18:49:59'),
(105, 'App\\Models\\Product', 35, 'd7f6ecb7-169d-4a87-b2bd-eeabe4333f30', 'default', '1751350249', '01K26BYJRMW31RGXRXXKDFW3M4.jpg', 'image/jpeg', 'media', 'media', 564022, '[]', '[]', '[]', '[]', 1, '2025-08-09 06:53:23', '2025-08-09 06:53:23'),
(106, 'App\\Models\\Product', 29, 'a0a09665-7962-45e3-9e93-901e12c3a477', 'default', '1751349966', '01K26C2A0EKEP811BKGK8KZB4T.jpg', 'image/jpeg', 'media', 'media', 745993, '[]', '[]', '[]', '[]', 1, '2025-08-09 06:55:25', '2025-08-09 06:55:25'),
(107, 'App\\Models\\Product', 18, 'bc689e0b-fa6d-4a1d-b1aa-7ed8cb34f234', 'default', '1737404007', '01K26C3G53M46TWRT9V5PH5BNG.webp', 'image/webp', 'media', 'media', 9508, '[]', '[]', '[]', '[]', 1, '2025-08-09 06:56:04', '2025-08-09 06:56:04'),
(108, 'App\\Models\\Product', 17, '3058f425-0904-4cf1-9f2a-23723d5166dd', 'default', '1737404000', '01K26C4S6G6DJEKAY8ZCS4JATY.jpg', 'image/jpeg', 'media', 'media', 203396, '[]', '[]', '[]', '[]', 1, '2025-08-09 06:56:46', '2025-08-09 06:56:46'),
(109, 'App\\Models\\Product', 16, '9bbadd0c-0e10-41d3-a213-fdcc8c8d1c8e', 'default', '1748377585', '01K26C61CQC2NCHJ850HX2JY58.png', 'image/png', 'media', 'media', 107644, '[]', '[]', '[]', '[]', 1, '2025-08-09 06:57:27', '2025-08-09 06:57:27'),
(110, 'App\\Models\\Product', 14, '986a0187-d60a-4ade-b566-8b096cf558e4', 'default', '1737403978', '01K26C79NA2K1V0E5CW19SADNY.png', 'image/png', 'media', 'media', 531114, '[]', '[]', '[]', '[]', 1, '2025-08-09 06:58:09', '2025-08-09 06:58:09'),
(111, 'App\\Models\\Product', 13, '9e12e65d-0130-4a31-9b6c-cdbef5496a79', 'default', '1737403942', '01K26C8M5H8PTG9D2W1SPRSSH7.png', 'image/png', 'media', 'media', 411633, '[]', '[]', '[]', '[]', 1, '2025-08-09 06:58:52', '2025-08-09 06:58:52'),
(112, 'App\\Models\\Product', 12, '06661b6e-086e-4360-8cf8-0e8b547fe0e8', 'default', '1737404122', '01K26CAEF1KZ9518HW1C3P1JPV.png', 'image/png', 'media', 'media', 738574, '[]', '[]', '[]', '[]', 1, '2025-08-09 06:59:52', '2025-08-09 06:59:52'),
(113, 'App\\Models\\Product', 33, '95044886-60b1-4d72-a1bf-9b10ebde16f4', 'default', '1751350080', '01K26CCKTYQZV7JRP71SZA7Y7R.jpg', 'image/jpeg', 'media', 'media', 730994, '[]', '[]', '[]', '[]', 1, '2025-08-09 07:01:03', '2025-08-09 07:01:03'),
(114, 'App\\Models\\Product', 36, '286939e1-4d60-4be9-9703-fa40077fe9ae', 'default', '1751350121', '01K26CHA2Q8162ZHNTNPY9JGWD.jpg', 'image/jpeg', 'media', 'media', 651867, '[]', '[]', '[]', '[]', 1, '2025-08-09 07:03:37', '2025-08-09 07:03:37'),
(115, 'App\\Models\\Product', 37, '783283c8-ee57-46e0-8770-ea087c29692d', 'default', '1751350145', '01K26CMN01TRBRSSNHZ5F12PCS.jpg', 'image/jpeg', 'media', 'media', 636373, '[]', '[]', '[]', '[]', 1, '2025-08-09 07:05:26', '2025-08-09 07:05:26'),
(116, 'App\\Models\\Product', 38, '63981f82-1a2e-4d9c-9c54-b4dbc2615c80', 'default', '1751350154', '01K26CPB35RXT6SRSQ6ESSYZXJ.jpg', 'image/jpeg', 'media', 'media', 878551, '[]', '[]', '[]', '[]', 1, '2025-08-09 07:06:22', '2025-08-09 07:06:22'),
(117, 'App\\Models\\Product', 39, 'ac48b7d8-9bc3-46c3-a41d-c1056389e6a1', 'default', '1744123857', '01K26CQQG11RE0DCJJNG0N737F.jpg', 'image/jpeg', 'media', 'media', 193495, '[]', '[]', '[]', '[]', 1, '2025-08-09 07:07:07', '2025-08-09 07:07:07'),
(118, 'App\\Models\\Product', 40, 'fbaac9eb-e763-4d05-b141-2abda1482ea8', 'default', '1751350134', '01K26CS8G44TTJYTBHZWAVTR1G.jpg', 'image/jpeg', 'media', 'media', 963354, '[]', '[]', '[]', '[]', 1, '2025-08-09 07:07:57', '2025-08-09 07:07:57'),
(119, 'App\\Models\\Product', 41, '721100ed-1930-482e-bf25-cac59682c613', 'default', '1744126287', '01K26CWNP3NJ29B6YBHNZT2JR5.jpg', 'image/jpeg', 'media', 'media', 176845, '[]', '[]', '[]', '[]', 1, '2025-08-09 07:09:49', '2025-08-09 07:09:49'),
(120, 'App\\Models\\Product', 42, '6ed43b89-ed46-4b8a-a625-de34f0dc472f', 'default', '1751350165', '01K26CZ44NBJW0BJMYVW2SGYJG.jpg', 'image/jpeg', 'media', 'media', 703062, '[]', '[]', '[]', '[]', 1, '2025-08-09 07:11:09', '2025-08-09 07:11:09'),
(121, 'App\\Models\\Popup', 4, '10209e78-3f50-40d9-bc8e-686795bf2b4e', 'default', '8c9e5170-3245-444e-ba9c-831701e21c3a', '01K31795MAXF9YNEC52QCB6EGH.png', 'image/png', 'media', 'media', 703686, '[]', '[]', '[]', '[]', 1, '2025-08-19 14:11:17', '2025-08-19 14:11:17'),
(122, 'App\\Models\\Slider', 11, '53ff2c2b-a523-4e1f-baa5-6d1e0880b641', 'default', '8c9e5170-3245-444e-ba9c-831701e21c3a', '01K317B2V89FCHEDPCV8BK75FQ.png', 'image/png', 'media', 'media', 703686, '[]', '[]', '[]', '[]', 1, '2025-08-19 14:12:20', '2025-08-19 14:12:20');

-- --------------------------------------------------------

--
-- Table structure for table `menus`
--

CREATE TABLE `menus` (
  `id` bigint(20) UNSIGNED NOT NULL,
  `name` varchar(255) NOT NULL,
  `link` varchar(255) NOT NULL,
  `icon` text NOT NULL,
  `type` enum('user','guest','both') NOT NULL DEFAULT 'both',
  `order_column` int(11) NOT NULL DEFAULT 0,
  `status` tinyint(1) NOT NULL DEFAULT 1,
  `created_at` timestamp NULL DEFAULT NULL,
  `updated_at` timestamp NULL DEFAULT NULL
) ENGINE=InnoDB DEFAULT CHARSET=utf8mb4 COLLATE=utf8mb4_unicode_ci;

--
-- Dumping data for table `menus`
--

INSERT INTO `menus` (`id`, `name`, `link`, `icon`, `type`, `order_column`, `status`, `created_at`, `updated_at`) VALUES
(1, 'Home', '/', '<svg data-v-7cfb45cd=\"\" width=\"25\" height=\"25\" viewBox=\"0 0 42 42\" class=\"inline-block mb-1\"><g data-v-7cfb45cd=\"\" stroke=\"none\" stroke-width=\"1\" fill=\"none\" fill-rule=\"evenodd\"><path data-v-7cfb45cd=\"\" d=\"M21.0847458,3.38674884 C17.8305085,7.08474576 17.8305085,10.7827427 21.0847458,14.4807396 C24.3389831,18.1787365 24.3389831,22.5701079 21.0847458,27.6548536 L21.0847458,42 L8.06779661,41.3066256 L6,38.5331279 L6,26.2681048 L6,17.2542373 L8.88135593,12.4006163 L21.0847458,2 L21.0847458,3.38674884 Z\" fill=\"currentColor\" fill-opacity=\"0.1\"></path> <path data-v-7cfb45cd=\"\" d=\"M11,8 L33,8 L11,8 Z M39,17 L39,36 C39,39.3137085 36.3137085,42 33,42 L11,42 C7.6862915,42 5,39.3137085 5,36 L5,17 L7,17 L7,36 C7,38.209139 8.790861,40 11,40 L33,40 C35.209139,40 37,38.209139 37,36 L37,17 L39,17 Z\" fill=\"currentColor\"></path> <path data-v-7cfb45cd=\"\" d=\"M22,27 C25.3137085,27 28,29.6862915 28,33 L28,41 L16,41 L16,33 C16,29.6862915 18.6862915,27 22,27 Z\" stroke=\"currentColor\" stroke-width=\"2\" fill=\"currentColor\" fill-opacity=\"0.1\"></path> <rect data-v-7cfb45cd=\"\" fill=\"currentColor\" transform=\"translate(32.000000, 11.313708) scale(-1, 1) rotate(-45.000000) translate(-32.000000, -11.313708) \" x=\"17\" y=\"10.3137085\" width=\"30\" height=\"2\" rx=\"1\"></rect> <rect data-v-7cfb45cd=\"\" fill=\"currentColor\" transform=\"translate(12.000000, 11.313708) rotate(-45.000000) translate(-12.000000, -11.313708) \" x=\"-3\" y=\"10.3137085\" width=\"30\" height=\"2\" rx=\"1\"></rect></g></svg>', 'both', 0, 1, '2024-06-30 18:50:15', '2024-06-30 18:50:15'),
(2, 'Tutorial', '/page/tutorials', '<svg data-v-7cfb45cd=\"\" viewBox=\"0 0 24 24\" width=\"25\" height=\"25\" stroke=\"currentColor\" stroke-width=\"2\" fill=\"none\" stroke-linecap=\"round\" stroke-linejoin=\"round\" class=\"inline-block mb-1\"><path data-v-7cfb45cd=\"\" d=\"M22.54 6.42a2.78 2.78 0 0 0-1.94-2C18.88 4 12 4 12 4s-6.88 0-8.6.46a2.78 2.78 0 0 0-1.94 2A29 29 0 0 0 1 11.75a29 29 0 0 0 .46 5.33A2.78 2.78 0 0 0 3.4 19c1.72.46 8.6.46 8.6.46s6.88 0 8.6-.46a2.78 2.78 0 0 0 1.94-2 29 29 0 0 0 .46-5.25 29 29 0 0 0-.46-5.33z\"></path> <polygon data-v-7cfb45cd=\"\" points=\"9.75 15.02 15.5 11.75 9.75 8.48 9.75 15.02\"></polygon></svg>', 'guest', 0, 1, '2024-06-30 18:50:53', '2024-07-01 09:50:48'),
(3, 'Topup', '/?#topup', '<svg data-v-7cfb45cd=\"\" width=\"25\" height=\"25\" viewBox=\"0 0 42 42\" class=\"inline-block mb-1\"><g data-v-7cfb45cd=\"\" stroke=\"none\" stroke-width=\"1\" fill=\"none\" fill-rule=\"evenodd\"><path data-v-7cfb45cd=\"\" d=\"M20.5890101,0.254646884 C12.8696785,5.50211755 8.0025785,14.258415 14.1941217,18.8708225 C23.16683,25.5550669 13.3362326,40.2698884 33.1021758,38.4149164 C29.6814884,40.8311956 25.5065164,42.2507054 21,42.2507054 C9.40202025,42.2507054 0,32.8486852 0,21.2507054 C0,9.79003409 9.18071714,0.473634138 20.5890101,0.254646884 Z\" fill=\"currentColor\" opacity=\"0.1\"></path> <path data-v-7cfb45cd=\"\" d=\"M25.9500282,20.3643496 L22.4308312,38.2677802 C22.3775703,38.5387376 22.1147395,38.7152155 21.8437821,38.6619546 C21.6570955,38.6252584 21.507413,38.4857901 21.4576354,38.3021581 L16.5951895,20.3643496 L20.099732,4.44663907 C20.1385204,4.27046145 20.2692032,4.12883813 20.4417012,4.07604096 C20.7057521,3.99522179 20.9853245,4.14376046 21.0661436,4.40781135 L25.9500282,20.3643496 Z M21.3022963,22.2852638 C22.4068658,22.2852638 23.3022963,21.3898333 23.3022963,20.2852638 C23.3022963,19.1806943 22.4068658,18.2852638 21.3022963,18.2852638 C20.1977268,18.2852638 19.3022963,19.1806943 19.3022963,20.2852638 C19.3022963,21.3898333 20.1977268,22.2852638 21.3022963,22.2852638 Z\" fill=\"currentColor\" transform=\"translate(21.272609, 20.629524) rotate(-315.000000) translate(-21.272609, -20.629524) \"></path> <circle data-v-7cfb45cd=\"\" stroke=\"currentColor\" stroke-width=\"2\" cx=\"21\" cy=\"21\" r=\"20\"></circle></g></svg>', 'guest', 0, 1, '2024-06-30 18:51:37', '2024-06-30 18:51:37'),
(4, 'Add Fund', '/add-funds', '<svg data-v-7cfb45cd=\"\" width=\"25\" height=\"25\" viewBox=\"0 0 24 24\" class=\"w-6 h-6 inline-block mb-1\">\n  <g data-v-7cfb45cd=\"\" stroke=\"none\" stroke-width=\"1\" fill=\"none\" fill-rule=\"evenodd\">\n    <path data-v-7cfb45cd=\"\" fill=\"currentColor\" d=\"M3 0V3H0V5H3V8H5V5H8V3H5V0H3M10 3V5H19V7H13C11.9 7 11 7.9 11 9V15C11 16.1 11.9 17 13 17H19V19H5V10H3V19C3 20.1 3.89 21 5 21H19C20.1 21 21 20.1 21 19V16.72C21.59 16.37 22 15.74 22 15V9C22 8.26 21.59 7.63 21 7.28V5C21 3.9 20.1 3 19 3H10M13 9H20V15H13V9M16 10.5A1.5 1.5 0 0 0 14.5 12A1.5 1.5 0 0 0 16 13.5A1.5 1.5 0 0 0 17.5 12A1.5 1.5 0 0 0 16 10.5Z\"></path>\n  </g>\n</svg>', 'user', 0, 1, '2024-06-30 18:52:26', '2025-07-15 18:28:20'),
(5, 'My Orders', '/orders', '<svg data-v-7cfb45cd=\"\" width=\"25\" height=\"25\" viewBox=\"0 0 24 24\" class=\"w-6 h-6 inline-block mb-1\">\n  <g data-v-7cfb45cd=\"\" fill=\"none\" stroke-linecap=\"round\" stroke-linejoin=\"round\" stroke-width=\"2\" stroke=\"currentColor\">\n    <path data-v-7cfb45cd=\"\" d=\"M5 5a2 2 0 012-2h10a2 2 0 012 2v16l-7-3.5L5 21V5z\"></path>\n  </g>\n</svg>', 'user', 0, 1, '2024-06-30 18:52:51', '2024-06-30 18:52:51'),
(6, 'My Codes', '/codes', '<svg data-v-7cfb45cd=\"\" width=\"24\" height=\"24\" viewBox=\"0 0 24 24\" class=\"css-i6dzq1 inline-block mb-1\" stroke=\"currentColor\" stroke-width=\"2\" fill=\"none\" stroke-linecap=\"round\" stroke-linejoin=\"round\"><rect data-v-7cfb45cd=\"\" x=\"3\" y=\"3\" width=\"7\" height=\"7\"></rect> <rect data-v-7cfb45cd=\"\" x=\"14\" y=\"3\" width=\"7\" height=\"7\"></rect> <rect data-v-7cfb45cd=\"\" x=\"14\" y=\"14\" width=\"7\" height=\"7\"></rect> <rect data-v-7cfb45cd=\"\" x=\"3\" y=\"14\" width=\"7\" height=\"7\"></rect></svg>', 'user', 0, 1, '2024-06-30 18:53:13', '2024-06-30 18:53:13'),
(7, 'Account', '/account', '<svg data-v-7cfb45cd=\"\" width=\"25\" height=\"25\" viewBox=\"0 0 42 42\" class=\"inline-block mb-1\"><g data-v-7cfb45cd=\"\" stroke=\"none\" stroke-width=\"1\" fill=\"none\" fill-rule=\"evenodd\"><path data-v-7cfb45cd=\"\" d=\"M14.7118754,20.0876892 L8.03575361,20.0876892 C5.82661462,20.0876892 4.03575361,18.2968282 4.03575361,16.0876892 L4.03575361,12.031922 C4.03575361,8.1480343 6.79157254,4.90780265 10.4544842,4.15995321 C8.87553278,8.5612583 8.1226025,14.3600511 10.9452499,15.5413938 C13.710306,16.6986332 14.5947501,18.3118357 14.7118754,20.0876892 Z M14.2420017,23.8186831 C13.515543,27.1052019 12.7414284,30.2811559 18.0438552,31.7330419 L18.0438552,33.4450645 C18.0438552,35.6542035 16.2529942,37.4450645 14.0438552,37.4450645 L9.90612103,37.4450645 C6.14196811,37.4450645 3.09051926,34.3936157 3.09051926,30.6294627 L3.09051926,27.813861 C3.09051926,25.604722 4.88138026,23.813861 7.09051926,23.813861 L14.0438552,23.813861 C14.1102948,23.813861 14.1763561,23.8154808 14.2420017,23.8186831 Z M20.7553776,32.160536 C23.9336213,32.1190063 23.9061943,29.4103976 33.8698747,31.1666916 C34.7935223,31.3295026 35.9925894,31.0627305 37.3154077,30.4407183 C37.09778,34.8980343 33.4149547,38.4450645 28.9036761,38.4450645 C24.9909035,38.4450645 21.701346,35.7767637 20.7553776,32.160536 Z\" fill=\"currentColor\" opacity=\"0.1\"></path> <g data-v-7cfb45cd=\"\" transform=\"translate(2.000000, 3.000000)\"><path data-v-7cfb45cd=\"\" d=\"M8.5,1 C4.35786438,1 1,4.35786438 1,8.5 L1,13 C1,14.6568542 2.34314575,16 4,16 L13,16 C14.6568542,16 16,14.6568542 16,13 L16,4 C16,2.34314575 14.6568542,1 13,1 L8.5,1 Z\" stroke=\"currentColor\" stroke-width=\"2\"></path> <path data-v-7cfb45cd=\"\" d=\"M4,20 C2.34314575,20 1,21.3431458 1,23 L1,27.5 C1,31.6421356 4.35786438,35 8.5,35 L13,35 C14.6568542,35 16,33.6568542 16,32 L16,23 C16,21.3431458 14.6568542,20 13,20 L4,20 Z\" stroke=\"currentColor\" stroke-width=\"2\"></path> <path data-v-7cfb45cd=\"\" d=\"M23,1 C21.3431458,1 20,2.34314575 20,4 L20,13 C20,14.6568542 21.3431458,16 23,16 L32,16 C33.6568542,16 35,14.6568542 35,13 L35,8.5 C35,4.35786438 31.6421356,1 27.5,1 L23,1 Z\" stroke=\"currentColor\" stroke-width=\"2\"></path> <path data-v-7cfb45cd=\"\" d=\"M34.5825451,33.4769886 L38.3146092,33.4322291 C38.8602707,33.4256848 39.3079219,33.8627257 39.3144662,34.4083873 C39.3145136,34.4123369 39.3145372,34.4162868 39.3145372,34.4202367 L39.3145372,34.432158 C39.3145372,34.9797651 38.8740974,35.425519 38.3265296,35.4320861 L34.5944655,35.4768456 C34.048804,35.4833899 33.6011528,35.046349 33.5946085,34.5006874 C33.5945611,34.4967378 33.5945375,34.4927879 33.5945375,34.488838 L33.5945375,34.4769167 C33.5945375,33.9293096 34.0349773,33.4835557 34.5825451,33.4769886 Z\" fill=\"currentColor\" transform=\"translate(36.454537, 34.454537) rotate(-315.000000) translate(-36.454537, -34.454537) \"></path> <circle data-v-7cfb45cd=\"\" stroke=\"currentColor\" stroke-width=\"2\" cx=\"27.5\" cy=\"27.5\" r=\"7.5\"></circle></g></g></svg>', 'both', 0, 1, '2024-06-30 18:53:45', '2024-06-30 18:53:45');

-- --------------------------------------------------------

--
-- Table structure for table `migrations`
--

CREATE TABLE `migrations` (
  `id` int(10) UNSIGNED NOT NULL,
  `migration` varchar(255) NOT NULL,
  `batch` int(11) NOT NULL
) ENGINE=InnoDB DEFAULT CHARSET=utf8mb4 COLLATE=utf8mb4_unicode_ci;

--
-- Dumping data for table `migrations`
--

INSERT INTO `migrations` (`id`, `migration`, `batch`) VALUES
(1, '2014_10_12_000000_create_users_table', 1),
(2, '2014_10_12_100000_create_password_reset_tokens_table', 1),
(3, '2019_08_19_000000_create_failed_jobs_table', 1),
(4, '2019_12_14_000001_create_personal_access_tokens_table', 1),
(5, '2022_12_14_083707_create_settings_table', 1),
(6, '2024_01_05_061344_create_media_table', 1),
(7, '2024_01_05_131145_create_pages_table', 1),
(8, '2024_01_05_131543_create_popups_table', 1),
(9, '2024_01_05_153517_create_deposits_table', 1),
(10, '2024_01_05_153552_create_products_table', 1),
(11, '2024_01_05_153632_create_sliders_table', 1),
(12, '2024_01_05_153653_create_transactions_table', 1),
(13, '2024_01_05_153738_create_variations_table', 1),
(14, '2024_01_05_153813_create_vouchers_table', 1),
(15, '2024_01_05_153814_create_orders_table', 1),
(16, '2024_01_16_060402_create_general_settings', 1),
(17, '2024_03_10_112630_create_jobs_table', 1),
(18, '2024_04_23_071649_create_menus_table', 1),
(19, '2024_06_28_151327_create_auto_vouchers_table', 1);

-- --------------------------------------------------------

--
-- Table structure for table `orders`
--

CREATE TABLE `orders` (
  `id` bigint(20) UNSIGNED NOT NULL,
  `user_id` bigint(20) UNSIGNED NOT NULL,
  `product_id` bigint(20) UNSIGNED DEFAULT NULL,
  `variation_id` bigint(20) UNSIGNED DEFAULT NULL,
  `amount` decimal(16,2) NOT NULL DEFAULT 0.00,
  `delivery_message` text CHARACTER SET utf8mb4 COLLATE utf8mb4_unicode_ci DEFAULT NULL,
  `account_info` longtext CHARACTER SET utf8mb4 COLLATE utf8mb4_bin DEFAULT NULL,
  `provider_data` longtext CHARACTER SET utf8mb4 COLLATE utf8mb4_bin DEFAULT NULL,
  `voucher_code` varchar(255) CHARACTER SET utf8mb4 COLLATE utf8mb4_unicode_ci DEFAULT NULL,
  `track_id` varchar(25) CHARACTER SET utf8mb4 COLLATE utf8mb4_unicode_ci NOT NULL,
  `quantity` int(11) NOT NULL DEFAULT 1,
  `attempts` tinyint(4) NOT NULL DEFAULT 0,
  `status` enum('completed','processing','auto-processing','hold','pending','cancelled') CHARACTER SET utf8mb4 COLLATE utf8mb4_unicode_ci NOT NULL DEFAULT 'pending',
  `created_at` timestamp NULL DEFAULT NULL,
  `updated_at` timestamp NULL DEFAULT NULL,
  `deleted_at` timestamp NULL DEFAULT NULL,
  `profit` decimal(16,2) NOT NULL DEFAULT 0.00
) ENGINE=InnoDB DEFAULT CHARSET=latin1 COLLATE=latin1_swedish_ci;

--
-- Dumping data for table `orders`
--

INSERT INTO `orders` (`id`, `user_id`, `product_id`, `variation_id`, `amount`, `delivery_message`, `account_info`, `provider_data`, `voucher_code`, `track_id`, `quantity`, `attempts`, `status`, `created_at`, `updated_at`, `deleted_at`, `profit`) VALUES
(103, 3970, 11, 171, 232.00, NULL, '{\"player_id\":\"2808590532\"}', NULL, NULL, 'BDRBMZ17Z37D', 1, 0, 'completed', '2025-08-19 14:08:19', '2025-08-19 14:09:06', NULL, 11.00),
(104, 3970, 11, 182, 6278.00, NULL, '{\"player_id\":\"5491276889\"}', NULL, NULL, 'T29Z8DJ7V6SR', 1, 0, 'completed', '2025-08-19 19:05:35', '2025-08-19 19:05:53', NULL, 318.00),
(105, 3970, 11, 167, 22.00, NULL, '{\"player_id\":\"8953125576\"}', NULL, NULL, 'Y82QZWUE9YS9', 1, 0, 'processing', '2025-08-20 05:41:04', '2025-08-20 05:41:04', NULL, 3.00),
(106, 3970, 11, 167, 22.00, NULL, '{\"player_id\":\"8953125576\"}', NULL, NULL, 'T4VFX4NKHVE7', 1, 0, 'processing', '2025-08-20 07:10:27', '2025-08-20 07:10:29', NULL, 3.00),
(107, 3970, 11, 167, 22.00, NULL, '{\"player_id\":\"8953125576\"}', NULL, NULL, 'XXOG4F48KYEX', 1, 0, 'processing', '2025-08-20 07:16:46', '2025-08-20 07:16:47', NULL, 3.00),
(108, 3970, 11, 167, 22.00, NULL, '{\"player_id\":\"8953125576\"}', NULL, '[\"UPBD-Q-S-01078150 8564-6979-1137-2133\"]', '8EWAGP674UTG', 1, 0, 'auto-processing', '2025-08-20 07:18:42', '2025-08-20 07:18:42', NULL, 3.00),
(109, 3970, 11, 167, 22.00, NULL, '{\"player_id\":\"8953125576\"}', NULL, NULL, '1J8324XJPYMJ', 1, 0, 'processing', '2025-08-20 08:34:51', '2025-08-20 08:34:51', NULL, 3.00),
(110, 3970, 11, 167, 22.00, NULL, '{\"player_id\":\"8953125576\"}', NULL, '[\"UPBD-Q-S-01078150 8564-6979-1137-2133\"]', 'QZA3WDGWQDNB', 1, 0, 'auto-processing', '2025-08-20 08:39:04', '2025-08-20 08:39:04', NULL, 3.00),
(111, 3970, 11, 167, 22.00, NULL, '{\"player_id\":\"8953125576\"}', NULL, 'Consumed Voucher', 'SKCH2QN5JHGN', 1, 0, 'processing', '2025-08-20 08:41:25', '2025-08-20 08:41:29', NULL, 3.00),
(112, 3970, 13, 151, 745.00, NULL, '{\"player_id\":\"8953125576\"}', NULL, NULL, 'HPOZP42UMYXT', 1, 0, 'processing', '2025-08-20 08:43:10', '2025-08-20 08:43:10', NULL, 12.00),
(113, 3970, 11, 184, 735.00, NULL, '{\"player_id\":\"8953125576\"}', NULL, '[\"UPBD-Q-S-01076196 1244-4597-7744-9134\"]', 'BB1YVWUPTPJ1', 1, 0, 'completed', '2025-08-20 08:44:27', '2025-08-20 08:44:31', NULL, 2.00),
(114, 3970, 13, 155, 1520.00, NULL, '{\"player_id\":\"5491276889\"}', NULL, NULL, 'S6ZX213T4X8Y', 1, 0, 'processing', '2025-08-20 08:49:02', '2025-08-20 08:49:02', NULL, 54.00),
(115, 3970, 11, 182, 6278.00, NULL, '{\"player_id\":\"8953125576\"}', NULL, NULL, 'P7PTNAN1VWJJ', 1, 0, 'pending', '2025-08-20 08:56:37', '2025-08-20 08:56:37', NULL, 318.00),
(116, 3970, 11, 182, 6278.00, NULL, '{\"player_id\":\"8953125576\"}', NULL, NULL, 'U12RF6MMRCSX', 1, 0, 'processing', '2025-08-20 08:58:04', '2025-08-20 08:58:04', NULL, 318.00),
(117, 3970, 11, 167, 22.00, NULL, '{\"player_id\":\"8953125576\"}', NULL, 'Consumed Voucher', 'PJHJCVB67E2B', 1, 0, 'processing', '2025-08-20 09:00:56', '2025-08-20 09:01:08', NULL, 3.00),
(118, 3970, 11, 183, 149.00, NULL, '{\"player_id\":\"5491276889\"}', NULL, NULL, 'H87DD2EN4RMO', 1, 0, 'processing', '2025-08-20 09:06:19', '2025-08-20 09:06:19', NULL, 1.00),
(119, 3970, 13, 150, 152.00, NULL, '{\"player_id\":\"5491276889\"}', NULL, NULL, 'OUSY53F7RNRU', 1, 0, 'processing', '2025-08-20 09:06:49', '2025-08-20 09:06:49', NULL, 4.00);

-- --------------------------------------------------------

--
-- Table structure for table `pages`
--

CREATE TABLE `pages` (
  `id` bigint(20) UNSIGNED NOT NULL,
  `title` varchar(255) NOT NULL,
  `slug` varchar(255) NOT NULL,
  `content` text NOT NULL,
  `order_column` int(11) NOT NULL DEFAULT 0,
  `status` tinyint(1) NOT NULL DEFAULT 1,
  `created_at` timestamp NULL DEFAULT NULL,
  `updated_at` timestamp NULL DEFAULT NULL
) ENGINE=InnoDB DEFAULT CHARSET=utf8mb4 COLLATE=utf8mb4_unicode_ci;

--
-- Dumping data for table `pages`
--

INSERT INTO `pages` (`id`, `title`, `slug`, `content`, `order_column`, `status`, `created_at`, `updated_at`) VALUES
(2, 'Tutorial', 'tutorials', '<h2>কিভাবে আমাদের ওয়েবসাইটে একাউন্ট খুলবেন?</h2><p>ভিডিও দেখতে ক্লিক করুন- See Video</p><h2>কিভাবে ওয়ালেটে টাকা এড করবেন?</h2><p>ভিডিও দেখতে ক্লিক করুন- See Video</p><h2>কিভাবে ওয়ালেট ব্যবহার করে অর্ডার করবেন?</h2><p>ভিডিও দেখতে ক্লিক করুন- See Video</p><h2>কিভাবে গুগল ব্যাকআপ কোড পাবেন?</h2><p>ভিডিও দেখতে ক্লিক করুন- See Video</p><h2>কিভাবে ফেসবুক ব্যাকআপ কোড পাবেন?</h2><p>ভিডিও দেখতে ক্লিক করুন- See Video</p>', 1, 1, '2024-07-01 09:36:02', '2024-07-03 07:04:28'),
(3, 'Terms And Conditions', 'terms-and-conditions', '<h2>নিয়ম ও শর্তাবলী</h2><h3>পরিচিতিঃ-</h3><p>বিডি গেমস্ বাজার এ আপনাকে স্বাগতম। বিডি গেমস্ বাজার দ্বারা পরিচালিত এই সাইট ব্যবহার করার আগে অনুগ্রহ করে এই ব্যবহারকারীর শর্তগুলি পড়ুন। আমরা আমাদের পণ্য বিক্রয়ের উদ্দেশ্যে এই সাইটটি পরিচালনা করি। আপনি যদি আমাদের পণ্যগুলো ক্রয় করতে আগ্রহী হন তবে আমাদের শর্তাবলির সাথে সম্মত হওয়া বাধ্যতামূলক।</p><h3>প্রোডাক্ট বিক্রয়ঃ-</h3><p>বিডি গেমস্ বাজার ওয়েবসাইটে শুধুমাত্র ভার্চুয়াল বা ডিজিটাল পণ্য বিক্রয় করা হয়। এক্ষেত্রে আমরা বিভিন্ন গেমস এর মূদ্রা ক্রয় করতে বিভিন্ন রকম কারেন্সি ব্যবহার করে থাকি যেমন:(BDT/USD/AUD/RS)। এবং সেসব কারেন্সি ব্যবহার করে আমরা ব্যবহারকারীর পছন্দমতো পণ্য তাদের কাছে ভার্চুয়ালি ডেলিভার করে থাকি। এছাড়াও আমরা ব্যবহারকারীর ভার্চুয়াল ওয়ালেটে কারেন্সি ও প্রদান করে থাকি।</p><h3>ডেলিভারির সময়সীমাঃ-</h3><p>বিডি গেমস্ বাজার এর সকল ভার্চুয়াল প্রোডাক্ট অথবা ডিজিটাল প্রোডাক্ট ডেলিভারির সময়সীমা ১-১০ মিনিট। কোনো যান্ত্রিক ত্রুটি অথবা ওয়েবসাইট কর্মকর্তাদের কোনো সমস্যার কারণে ডেলিভারি সময়ে কিছুটা পরিবর্তন আসতে পারে তবে এ পরিবর্তন অবশ্যই ২৪ ঘন্টার বেশি নয়। এককথায় কোনো সমস্যা না থাকলে আমরা ১-১০ মিনিটের মধ্যে অর্ডারগুলো সম্পন্ন করে থাকি।</p><h3>রিটার্ন এবং রিফান্ড নীতিঃ-</h3><p><strong>রিফান্ড নীতি-</strong> ওয়েবসাইটের ওয়ালেটে টাকা এড করার পর সেটি দিয়ে আপনি ওয়েবসাইটের যেকোনো প্রোডাক্ট অর্ডার করতে পারবেন তবে ওয়ালেটের টাকা উত্তোলন করা সম্ভব নয়। আমাদের সিস্টেমে কোনো সমস্যা হওয়ার কারনে যদি আপনার অর্ডার এ ব্যঘাত ঘটে তাহলে আমরা সেই অর্ডারের সম্পূর্ন মূল্য আপনার ওয়েবসাইট ওয়ালেটে রিফান্ড দিয়ে দিবো। এছাড়াও আপনার গেম আইডি অথবা ডিজিটাল প্রোডাক্ট ডেলিভারির আইডি তে যদি কোনো সমস্যা থেকে থাকে এবং উক্ত সমস্যার কারণে যদি আমরা আপনার অর্ডার টি ডেলিভারি না করতে পারি তাহলেও আপনাকে আপনার প্রোডাক্ট এর সম্পূর্ণ মূল্য ওয়েবসাইট ওয়ালেটে রিফান্ড দেওয়া হবে।</p><p><strong>রিটার্ন নীতি-</strong> যেহেতু আমাদের ওয়েবসাইট পুরোপুরি ভার্চুয়াল এবং ডিজিটাল পণ্য বিক্রয় করে থাকে সেহেতু আমাদের কোনো প্রোডাক্ট রিটার্ন নেওয়া সম্ভব নয়। প্রোডাক্ট ডেলিভারির পর সম্পূর্ণ দায়ভার ওয়েবসাইট ব্যবহারকারীদের নেওয়া বাধ্যতামূলক।</p><h3>বিক্রয় পরবর্তী সেবাঃ-</h3><p>সার্ভিস এবং প্রোডাক্ট বিক্রয়ের পর আমরা ব্যবহারকারীদের প্রোডাক্ট সম্পর্কে তথ্য অথবা প্রোডাক্ট এর বিবরণ এবং প্রোডাক্ট ব্যবহার করা সম্পর্কে সহ যতটুকু সম্ভব সেবা দিয়ে থাকি। তবে প্রোডাক্ট বহির্ভূত কোনো সেবা আমরা প্রোডাক্ট বিক্রয়ের পর দিয়ে থাকি না।</p><p><br></p>', 3, 1, '2024-07-03 07:02:56', '2024-07-03 07:04:28'),
(4, 'Return And Refund Policy', 'return-and-refund-policy', '<h3>রিফান্ড পলিসিঃ-</h3><p>ওয়েবসাইটের ওয়ালেটে টাকা এড করার পর সেটি দিয়ে আপনি ওয়েবসাইটের যেকোনো প্রডাক্ট অর্ডার করতে পারবেন তবে ওয়ালেটের টাকা উত্তোলন করা সম্ভব নয়। আমাদের সিস্টেমে কোনো সমস্যা হওয়ার কারনে যদি আপনার অর্ডার এ ব্যঘাত ঘটে তাহলে আমরা সেই অর্ডারের সম্পূর্ন মূল্য আপনার ওয়েবসাইট ওয়ালেটে রিফান্ড দিয়ে দিবো। এছাড়াও আপনার গেম আইডি অথবা ডিজিটাল প্রোডাক্ট ডেলিভারির আইডি তে যদি কোনো সমস্যা থেকে থাকে এবং উক্ত সমস্যার কারণে যদি আমরা আপনার অর্ডার টি ডেলিভারি না করতে পারি তাহলেও আপনাকে আপনার প্রোডাক্ট এর সম্পূর্ণ মূল্য ওয়েবসাইট ওয়ালেটে রিফান্ড দেওয়া হবে।</p><h3>রিটার্ন পলিসিঃ-</h3><p>যেহেতু আমাদের ওয়েবসাইট পুরোপুরি ভার্চুয়াল এবং ডিজিটাল পণ্য বিক্রয় করে থাকে সেহেতু আমাদের কোনো প্রোডাক্ট রিটার্ন নেওয়া সম্ভব নয়। প্রোডাক্ট ডেলিভারির পর সম্পূর্ণ দায়ভার ওয়েবসাইট কাস্টমারের।</p><h3>সার্ভিস এবং প্রোডাক্ট বিক্রয়ের পর সেবাঃ-</h3><p>সার্ভিস এবং প্রোডাক্ট বিক্রয়ের পর আমরা আপনাকে প্রোডাক্ট সম্পর্কে তথ্য অথবা প্রোডাক্ট এর বিবরণ সহ যতটুকু সম্ভব সেবা দিয়ে থাকি। তবে নিয়ম বহির্ভূত কোনো সেবা আমরা প্রোডাক্ট বিক্রয়ের পর দিয়ে থাকি না।</p><p><br></p>', 4, 1, '2024-07-03 07:03:20', '2024-07-03 07:04:28'),
(5, 'Contact Us', 'contact-us', '<h1>Start a Conversation</h1><p><br></p><p><br></p><p>Whatsapp (+8801625083071)</p><p>No time to wait around? we us usally respond within a few minutes.</p><p><br></p><p><br></p><p>Phone</p><p>we re online right a few now, talk with are team in real time.</p><p><br></p><p>Email (mjubayarsk@gmail.com)</p><p>No time to wait around? we us usally respond within a few hours.</p><p><br></p>', 2, 1, '2024-07-03 07:04:12', '2025-08-06 09:05:28');

-- --------------------------------------------------------

--
-- Table structure for table `password_reset_tokens`
--

CREATE TABLE `password_reset_tokens` (
  `email` varchar(255) NOT NULL,
  `token` varchar(255) NOT NULL,
  `created_at` timestamp NULL DEFAULT NULL
) ENGINE=InnoDB DEFAULT CHARSET=utf8mb4 COLLATE=utf8mb4_unicode_ci;

-- --------------------------------------------------------

--
-- Table structure for table `personal_access_tokens`
--

CREATE TABLE `personal_access_tokens` (
  `id` bigint(20) UNSIGNED NOT NULL,
  `tokenable_type` varchar(255) NOT NULL,
  `tokenable_id` bigint(20) UNSIGNED NOT NULL,
  `name` varchar(255) NOT NULL,
  `token` varchar(64) NOT NULL,
  `abilities` text DEFAULT NULL,
  `last_used_at` timestamp NULL DEFAULT NULL,
  `expires_at` timestamp NULL DEFAULT NULL,
  `created_at` timestamp NULL DEFAULT NULL,
  `updated_at` timestamp NULL DEFAULT NULL
) ENGINE=InnoDB DEFAULT CHARSET=utf8mb4 COLLATE=utf8mb4_unicode_ci;

-- --------------------------------------------------------

--
-- Table structure for table `popups`
--

CREATE TABLE `popups` (
  `id` bigint(20) UNSIGNED NOT NULL,
  `url` varchar(255) DEFAULT NULL,
  `content` text DEFAULT NULL,
  `button_text` varchar(255) DEFAULT NULL,
  `type` enum('once','daily') NOT NULL DEFAULT 'once',
  `status` tinyint(1) NOT NULL DEFAULT 1,
  `created_at` timestamp NULL DEFAULT NULL,
  `updated_at` timestamp NULL DEFAULT NULL
) ENGINE=InnoDB DEFAULT CHARSET=utf8mb4 COLLATE=utf8mb4_unicode_ci;

--
-- Dumping data for table `popups`
--

INSERT INTO `popups` (`id`, `url`, `content`, `button_text`, `type`, `status`, `created_at`, `updated_at`) VALUES
(4, 'https://t.me/Developeremon2', '<p>JOIN TELEGRAM CHANNEL OR FREE DIAMOND 😍<a href=\"https://t.me/Habib_Chowdhury_6T9\"><strong style=\"text-decoration: underline;\"><em>https://t.me/</em></strong></a><strong style=\"text-decoration: underline;\"><em>Developeremon2</em></strong></p>', 'Click Here ', 'daily', 1, '2025-07-15 20:40:08', '2025-08-19 14:11:17');

-- --------------------------------------------------------

--
-- Table structure for table `products`
--

CREATE TABLE `products` (
  `id` bigint(20) UNSIGNED NOT NULL,
  `category_id` bigint(20) DEFAULT NULL,
  `title` text NOT NULL,
  `slug` varchar(255) NOT NULL,
  `content` text NOT NULL,
  `type` enum('ingame','topup','voucher') NOT NULL,
  `percentage` int(11) DEFAULT 0,
  `order_column` int(11) NOT NULL DEFAULT 0,
  `status` tinyint(1) NOT NULL DEFAULT 1,
  `created_at` timestamp NULL DEFAULT NULL,
  `updated_at` timestamp NULL DEFAULT NULL,
  `uid_checker` tinyint(1) NOT NULL DEFAULT 0,
  `uid_field_title` varchar(255) DEFAULT NULL,
  `uid_field_hint` varchar(255) DEFAULT NULL,
  `has_tutorial` tinyint(1) NOT NULL DEFAULT 0,
  `tutorial_link` varchar(1024) DEFAULT NULL,
  `tutorial_text` varchar(1024) DEFAULT NULL
) ENGINE=InnoDB DEFAULT CHARSET=utf8mb4 COLLATE=utf8mb4_unicode_ci;

--
-- Dumping data for table `products`
--

INSERT INTO `products` (`id`, `category_id`, `title`, `slug`, `content`, `type`, `percentage`, `order_column`, `status`, `created_at`, `updated_at`, `uid_checker`, `uid_field_title`, `uid_field_hint`, `has_tutorial`, `tutorial_link`, `tutorial_text`) VALUES
(11, 1, 'Uid Topup [BD SERVER]', 'free-fire-topup-bd', '<p>⦿ শুধুমাত্র Bangladesh সার্ভারে ID Code দিয়ে টপ আপ হবে।</p><p>⦿ Player ID Code ভুল দিয়ে Diamond না পেলে DADA GAMING TOPUP SHOP কর্তৃপক্ষ দায়ী নয়।</p><p>⦿ Order কমপ্লিট হওয়ার পরেও আইডিতে ডাইমন্ড না গেলে সাপোর্টে মেসেজ দিন।&nbsp;</p><p>⦿ অর্ডার Cancel হলে কি কারণে তা Cancel হয়েছে তা অর্ডার হিস্টোরিতে দেওয়া থাকে অনুগ্রহ পুর্বক দেখে পুনরায় সঠিক তথ্য দিয়ে অর্ডার করবেন ।</p>', 'topup', 0, 1, 1, '2025-05-02 10:21:27', '2025-08-06 16:04:07', 1, NULL, NULL, 0, NULL, NULL),
(12, 1, 'UNIPIN VOUCHER (BDT)', 'unipin-voucher', '<h2><strong>RULES &amp; CONDITIONS</strong><br><strong>অর্ডার করার আগে ভালো ভাবে পড়ে নিন</strong></h2><p>⦿ শুধুমাত্র BD সার্ভারে VOUCHER দিয়ে টপ আপ হবে</p><p>⦿&nbsp; কোড রিডিম করুন&nbsp; &nbsp;<strong>shop.garena.my</strong> থেকে ।</p><p>⦿ UPBD দেখালে Unipin Gift Card&nbsp; এ ব্যবহার করতে হবে</p><p>⦿ BDMB দেখালে Unipin Voucher এ ব্যবহার করতে হবে</p><p><br></p>', 'voucher', 0, 3, 1, '2025-05-02 13:26:56', '2025-08-06 15:56:09', 0, NULL, NULL, 0, NULL, NULL),
(13, 1, 'Weekly/Monthly', 'weekly-monthly', '<p>⦿ শুধুমাত্র <strong>Bangladesh</strong> সার্ভারে <strong>ID Code</strong> দিয়ে টপ আপ হবে।</p><p>⦿ <strong>Player ID</strong> ভুল দিয়ে <strong>Diamond</strong> না পেলে DADA GAMING TOPUP SHOP কর্তৃপক্ষ দায়ী নয়।</p><p>&nbsp;⦿ <strong>Order</strong> কমপ্লিট হওয়ার পরেও আইডিতে ডাইমন্ড না গেলে চেক করার জন্য <strong>ID Pass</strong> দিতে হবে।</p><p>⦿ অর্ডার <strong>Cancel</strong> হলে কি কারণে তা <strong>Cancel</strong> হয়েছে তা অর্ডার হিস্টোরিতে দেওয়া থাকে অনুগ্রহ পুর্বক দেখে পুনরায় সঠিক তথ্য দিয়ে অর্ডার করবেন।</p>', 'topup', 0, 2, 1, '2025-05-02 13:28:43', '2025-08-09 06:58:52', 1, 'UID', 'UID', 0, NULL, NULL),
(14, 1, 'Weekly Lite [BD Server]', 'weekly-lite-bd', '<h2>⦿ শুধুমাত্র <strong>Bangladesh</strong> সার্ভারে <strong>ID Code</strong> দিয়ে টপ আপ হবে।<br> <br>⦿ <strong>Player ID</strong> ভুল দিয়ে <strong>Diamond</strong> না পেলে DADA GAMING TOPUP SHOP কর্তৃপক্ষ দায়ী নয়।<br> <br>⦿ <strong>Order</strong> কমপ্লিট হওয়ার পরেও আইডিতে ডাইমন্ড না গেলে চেক করার জন্য <strong>ID Pass</strong> দিতে হবে।<br> <br>⦿ অর্ডার <strong>Cancel</strong> হলে কি কারণে তা <strong>Cancel</strong> হয়েছে তা অর্ডার হিস্টোরিতে দেওয়া থাকে অনুগ্রহ পুর্বক দেখে পুনরায় সঠিক তথ্য দিয়ে অর্ডার করবেন ।</h2><p><br></p>', 'topup', 0, 4, 1, '2025-05-02 13:29:26', '2025-08-09 06:58:09', 1, 'UID', 'UID', 0, NULL, NULL),
(16, 1, 'Level Up Pass (BD Server)', 'level-up-pass', '<p>⦿ Level Up Pass যে কোন একাউন্টে একবার নিতে পারবেন। আপনার একাউন্টে পূর্বে নেওয়া থাকলে নিতে পারবেন না।<br>⦿ Level Up Pass আপনার অ্যাকাউন্টে Available আছে কিনা সেটা চেক করে ওয়েবসাইটে অর্ডার করুন।<br>⦿ আপনার অ্যাকাউন্টে Level Up Pass না থাকলে অর্ডারটি ক্যান্সেল হবে। আপনার ওয়ালেটে টাকা ব্যাক দিয়ে দেওয়া হবে।<br>⦿ শুধুমাত্র Bangladesh সার্ভারে ID Code দিয়ে টপ আপ হবে।<br>⦿ Player ID ভুল দিয়ে Diamond না পেলে DADA GAMING TOPUP SHOP কর্তৃপক্ষ দায়ী নয়।<br>⦿ Order কমপ্লিট হওয়ার পরেও আইডিতে ডাইমন্ড না গেলে চেক করার জন্য ID Pass দিতে হবে।<br>⦿ অর্ডার Cancel হলে কি কারণে তা Cancel হয়েছে তা অর্ডার হিস্টোরিতে দেওয়া থাকে অনুগ্রহ পুর্বক দেখে পুনরায় সঠিক তথ্য দিয়ে অর্ডার করবেন</p>', 'topup', 0, 5, 1, '2025-07-15 15:14:21', '2025-08-09 06:57:27', 1, 'UID', 'UID', 0, NULL, NULL),
(17, 1, 'EVO ACCESS [UID]', 'evo-access-uid', '<p>⦿ শুধুমাত্র Bangladesh সার্ভারে ID Code দিয়ে টপ আপ হবে।<br>⦿ Player ID ভুল দিয়ে Diamond না পেলে DADA GAMING TOPUP SHOP কর্তৃপক্ষ দায়ী নয়।<br>⦿ Order কমপ্লিট হওয়ার পরেও আইডিতে ডাইমন্ড না গেলে চেক করার জন্য ID Pass দিতে হবে।<br>⦿ অর্ডার Cancel হলে কি কারণে তা Cancel হয়েছে তা অর্ডার হিস্টোরিতে দেওয়া থাকে অনুগ্রহ পুর্বক দেখে পুনরায় সঠিক তথ্য দিয়ে অর্ডার করবেন।</p>', 'topup', 0, 6, 1, '2025-07-15 15:18:18', '2025-08-09 06:56:46', 1, 'UID', 'UID', 0, NULL, NULL),
(18, 1, ' AIRDROP IDCODE', 'airdrop-id-code', '<p>⦿ এয়ার্ড্রপ শুধুমাত্র বাংলাদেশ সার্ভার এর আইডিতে হবে<br>⦿ কেউ ভুল তথ্য দিয়ে অর্ডার করেন না দয়াকরে<br>⦿ অর্ডার এ কোন সমস্যা হলে সেটি ক্যানসেল হয়ে যাবে, কি কারনে ক্যানসেল হয়েছে সেটি My Order এ বলা থাকবে এবং অর্ডার এর টাকা Wallet এ জমা হবে</p>', 'topup', 0, 7, 1, '2025-07-15 15:20:48', '2025-08-09 06:40:06', 1, 'Game (UID)', 'Game Uid', 0, NULL, NULL),
(29, 1, ' FF ID Like (Daily 100 Max)', 'ff-id-like-daily-100-max', '<p>⦿ অর্ডার করার আগে ভালোভাবে পড়ে নিন!<br>&nbsp;❌&nbsp; ভুলে ও গেস্ট আইডিতে অর্ডার করবেন না।<br>⦿ এক আইডিতে 24 ঘণ্টায় একবার&nbsp; নিতে পারবেন।&nbsp; 24 ঘণ্টার ভিতর একই আইডিতে বার বার অর্ডার করলে টাকা ফেরত দেওয়া হবে না।<br>⦿ ডেলিভারি টাইম: সাধারণত ১ মিনিটের মধ্যে ডেলিভারি দেওয়া হয়। তবে নির্ধারিত সময়ের মধ্যে না পেলে, দয়া করে আমাদের WhatsApp সাপোর্ট নম্বারে মেসেজ দিন।<br>⦿ সাপোর্ট সময়: বাংলাদেশ সময় সকাল ৯:০০ - রাত ১২:০০ (Bangladesh Time: 9 AM - 12 AM)</p>', 'topup', 0, 8, 1, '2025-07-25 04:52:41', '2025-08-09 06:55:25', 1, 'FF UID', 'UID', 0, 'https://toptenff.shop', 'কিভাবে অর্ডার করবেন?'),
(33, 7, 'YouTube Premium', 'youtube-premium', '<p>Upgrade your YouTube experience with YouTube Premium, brought to you by DADA GAMING TOPUP SHOP! Enjoy ad-free streaming, exclusive content, and more features that make watching videos on the world’s favorite platform even better.</p>', 'topup', 0, 0, 1, '2025-08-06 16:23:45', '2025-08-06 16:23:45', 0, 'ENTER GAMIL', 'ENTER GAMIL', 0, NULL, NULL),
(34, 7, 'Telegram premium', 'telegram-premium', '<p>Upgrade your Telegram experience with Telegram premium, brought to you by DADA GAMING TOP UP SHOP! Enjoy ad-free streaming, exclusive content, and more features that make watching videos on the world’s favorite platform even better.</p>', 'topup', 0, 0, 1, '2025-08-07 18:49:59', '2025-08-07 18:49:59', 0, 'User Name', 'User Name', 0, NULL, NULL),
(35, 8, 'TIKTOK LIKE/FOLLOER', 'tik-tok-like', '<p>Hello</p>', 'topup', 0, 0, 1, '2025-08-08 20:10:10', '2025-08-09 06:53:23', 0, 'Apnar Tik Tok Id link', 'Id Link TikTok', 0, NULL, NULL),
(36, 7, 'NetFlix Premium', 'netflix-premium', '<p>Null</p>', 'topup', 0, 0, 1, '2025-08-09 07:03:37', '2025-08-09 07:03:37', 0, 'জিমেইল আইডি বসান', 'জিমেইল আইডি বসান', 0, NULL, NULL),
(37, 7, 'CapCut Pro', 'capcut-pro', '<p>Null</p>', 'topup', 0, 0, 1, '2025-08-09 07:05:26', '2025-08-09 07:05:26', 1, 'জিমেইল আইডি বসান', 'জিমেইল আইডি বসান', 0, NULL, NULL),
(38, 7, 'CRUNCHY ROLL', 'crunchy-roll', '<p>Null</p>', 'topup', 0, 0, 1, '2025-08-09 07:06:22', '2025-08-09 07:06:22', 0, 'জিমেইল আইডি বসান', 'জিমেইল আইডি বসান', 0, NULL, NULL),
(39, 7, 'CHORKI', 'chorki', '<p>Null</p>', 'topup', 0, 0, 1, '2025-08-09 07:07:07', '2025-08-09 07:07:07', 0, 'জিমেইল আইডি বসান', 'জিমেইল আইডি বসান', 0, NULL, NULL),
(40, 7, 'CANVA PRO', 'canva-pro', '<p>Null</p>', 'topup', 0, 0, 1, '2025-08-09 07:07:57', '2025-08-09 07:07:57', 0, 'জিমেইল আইডি বসান', 'জিমেইল আইডি বসান', 0, NULL, NULL),
(41, 7, 'HOICHOI PREMIUM', 'hoichoi-premium', '<p>Null</p>', 'topup', 0, 0, 1, '2025-08-09 07:09:49', '2025-08-09 07:09:49', 0, 'জিমেইল আইডি বসান', 'জিমেইল আইডি বসান', 0, NULL, NULL),
(42, 7, 'ChatGpt Plus', 'chatgpt-plus', '<p>Null</p>', 'topup', 0, 0, 1, '2025-08-09 07:11:09', '2025-08-09 07:11:09', 0, 'জিমেইল আইডি বসান', 'জিমেইল আইডি বসান', 0, NULL, NULL);

-- --------------------------------------------------------

--
-- Table structure for table `settings`
--

CREATE TABLE `settings` (
  `id` bigint(20) UNSIGNED NOT NULL,
  `group` varchar(255) CHARACTER SET utf8mb4 COLLATE utf8mb4_unicode_ci NOT NULL,
  `name` varchar(255) CHARACTER SET utf8mb4 COLLATE utf8mb4_unicode_ci NOT NULL,
  `locked` tinyint(1) NOT NULL DEFAULT 0,
  `payload` longtext CHARACTER SET utf8mb4 COLLATE utf8mb4_bin NOT NULL,
  `created_at` timestamp NULL DEFAULT NULL,
  `updated_at` timestamp NULL DEFAULT NULL
) ENGINE=InnoDB DEFAULT CHARSET=latin1 COLLATE=latin1_swedish_ci;

--
-- Dumping data for table `settings`
--

INSERT INTO `settings` (`id`, `group`, `name`, `locked`, `payload`, `created_at`, `updated_at`) VALUES
(1, 'general', 'site_name', 0, '\"OUR TOPUP \"', '2024-06-30 17:25:57', '2025-08-20 07:07:17'),
(2, 'general', 'site_title', 0, '\"Buy Free Fire Diamond Top-Up in Bangladesh |  DADA GAMING TOPUP SHOP\"', '2024-06-30 17:25:57', '2025-08-20 07:07:17'),
(3, 'general', 'home_title', 0, '\"Home -  OUR TOPUP \"', '2024-06-30 17:25:57', '2025-08-20 07:07:17'),
(4, 'general', 'paginate_per_page', 0, '20', '2024-06-30 17:25:57', '2025-08-20 07:07:17'),
(5, 'general', 'logo', 0, '\"settings\\/01K316Q5Q80JNACA8YZVFQZJB2.png\"', '2024-06-30 17:25:57', '2025-08-20 07:07:17'),
(6, 'general', 'favicon', 0, '\"settings\\/01K31KTK9T1KYQ7VWJZKNYD44H.jpg\"', '2024-06-30 17:25:57', '2025-08-20 07:07:17'),
(7, 'general', 'add_money_video_link', 0, 'null', '2024-06-30 17:25:57', '2025-08-20 07:07:17'),
(8, 'general', 'backup_code_video_link', 0, 'null', '2024-06-30 17:25:57', '2025-08-20 07:07:17'),
(9, 'general', 'tutorial_video_link', 0, 'null', '2024-06-30 17:25:57', '2025-08-20 07:07:17'),
(10, 'general', 'google_client_id', 0, '\"424755656182-su0rnkpc56vn2uec5seifqelhlctalcn.apps.googleusercontent.com\"', '2024-06-30 17:25:57', '2025-08-20 07:07:17'),
(11, 'general', 'google_client_secret', 0, '\"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\"', '2024-06-30 17:25:57', '2025-08-20 07:07:17'),
(12, 'general', 'header_tags', 0, 'null', '2024-06-30 17:25:57', '2025-08-20 07:07:17'),
(13, 'general', 'footer_js', 0, 'null', '2024-06-30 17:25:57', '2025-08-20 07:07:17'),
(14, 'general', 'wallet', 0, 'true', '2024-06-30 17:25:57', '2025-08-20 07:07:17'),
(15, 'general', 'smtp_from_address', 0, '\"info@ourtopup.xyz\"', '2024-06-30 17:25:57', '2025-08-20 07:07:17'),
(16, 'general', 'smtp_host', 0, '\"mail.ourtopup.xyz\"', '2024-06-30 17:25:57', '2025-08-20 07:07:17'),
(17, 'general', 'smtp_port', 0, '\"465\"', '2024-06-30 17:25:57', '2025-08-20 07:07:17'),
(18, 'general', 'smtp_username', 0, '\"mail.ourtopup.xyz\"', '2024-06-30 17:25:57', '2025-08-20 07:07:17'),
(19, 'general', 'smtp_password', 0, '\"devhabib999bd\"', '2024-06-30 17:25:57', '2025-08-20 07:07:17'),
(20, 'general', 'uddoktapay_api_key', 0, '\"72DCsI3C9aHD9OD51r2FcphPXxMYTQJQR9670vDBR8jIlGEA5e\"', '2024-06-30 17:25:57', '2025-08-20 07:07:17'),
(21, 'general', 'uddoktapay_api_url', 0, '\"pay.paglapaybd.top\"', '2024-06-30 17:25:57', '2025-08-20 07:07:17'),
(22, 'general', 'uddoktapay_min_amount', 0, '1', '2024-06-30 17:25:57', '2025-08-20 07:07:17'),
(23, 'general', 'uddoktapay_max_amount', 0, '99999', '2024-06-30 17:25:57', '2025-08-20 07:07:17'),
(24, 'general', 'facebook_link', 0, 'null', '2024-06-30 17:25:57', '2025-08-20 07:07:17'),
(25, 'general', 'youtube_link', 0, 'null', '2024-06-30 17:25:57', '2025-08-20 07:07:17'),
(26, 'general', 'messenger_link', 0, 'null', '2024-06-30 17:25:57', '2025-08-20 07:07:17'),
(27, 'general', 'whatsapp_number', 0, 'null', '2024-06-30 17:25:57', '2025-08-20 07:07:17'),
(28, 'general', 'support_number', 0, 'null', '2024-06-30 17:25:57', '2025-08-20 07:07:17'),
(29, 'general', 'email_address', 0, '\"developeremon2@gmail.com\"', '2024-06-30 17:25:57', '2025-08-20 07:07:17'),
(30, 'general', 'support_time', 0, '\"9AM - 10PM\"', '2024-06-30 17:25:57', '2025-08-20 07:07:17'),
(31, 'general', 'background_image', 0, 'false', '2024-06-30 17:25:57', '2025-08-20 07:07:17'),
(32, 'general', 'footer_menu', 0, 'true', '2024-06-30 17:25:57', '2025-08-20 07:07:17'),
(33, 'general', 'theme_color', 0, '\"#4a8ca8\"', '2024-06-30 17:25:57', '2025-08-20 07:07:17'),
(34, 'general', 'logo_color', 0, '\"#424242\"', '2024-06-30 17:25:57', '2025-08-20 07:07:17'),
(35, 'general', 'background_color', 0, '\"#f8f9fc\"', '2024-06-30 17:25:57', '2025-08-20 07:07:17'),
(36, 'general', 'font_color', 0, '\"#1f2d85\"', '2024-06-30 17:25:57', '2025-08-20 07:07:17'),
(37, 'general', 'navigation_background_color', 0, '\"rgba(255,255,255,0.7)\"', '2024-06-30 17:25:57', '2025-08-20 07:07:17'),
(38, 'general', 'navigation_font_color', 0, '\"#1f2d85\"', '2024-06-30 17:25:57', '2025-08-20 07:07:17'),
(39, 'general', 'footer_color', 0, '\"#1f2d85\"', '2024-06-30 17:25:57', '2025-08-20 07:07:17'),
(40, 'general', 'footer_font_color', 0, '\"#ffffff\"', '2024-06-30 17:25:57', '2025-08-20 07:07:17'),
(41, 'general', 'content_box_color', 0, '\"#ffffff\"', '2024-06-30 17:25:57', '2025-08-20 07:07:17'),
(42, 'general', 'notice_background_color', 0, '\"#ff0057\"', '2024-06-30 17:25:57', '2025-08-20 07:07:17'),
(43, 'general', 'notice_font_color', 0, '\"#ffffff\"', '2024-06-30 17:25:57', '2025-08-20 07:07:17'),
(44, 'general', 'seo_description', 0, '\"\\u09ac\\u09be\\u0982\\u09b2\\u09be\\u09a6\\u09c7\\u09b6\\u09c7\\u09b0 \\u09b8\\u09c7\\u09b0\\u09be \\u09ab\\u09cd\\u09b0\\u09bf \\u09ab\\u09be\\u09af\\u09bc\\u09be\\u09b0 \\u09a1\\u09be\\u09af\\u09bc\\u09ae\\u09a8\\u09cd\\u09a1 \\u099f\\u09aa-\\u0986\\u09aa \\u09b8\\u09be\\u0987\\u099f\\u0964 \\u098f\\u0996\\u09a8\\u0987 OUR TOPUP \\u09a5\\u09c7\\u0995\\u09c7 \\u09a6\\u09cd\\u09b0\\u09c1\\u09a4 \\u0993 \\u09a8\\u09bf\\u09b0\\u09be\\u09aa\\u09a6 \\u099f\\u09aa-\\u0986\\u09aa \\u0995\\u09b0\\u09c1\\u09a8!\"', '2024-06-30 17:25:57', '2025-08-20 07:07:17'),
(45, 'general', 'seo_keywords', 0, '\"Free Fire,Topup,Id code,Free diamond,Garena,Topup garena,Fftopup,Ff topup,Ff hack,Diamond hack,Low price diamond,Free fire topup,Free fire airdrop,Garena shell,Uid topup,Weekly topup,Monthly topup,100\\u2105 bonus topup free fire,Less is more topup,Unipin voucher bd,Unipin buy,toptenff,Top Ten Ff,TOP TEN FF,toptenff.shop,free fire diamond top up bd,\\u09ab\\u09cd\\u09b0\\u09bf \\u09ab\\u09be\\u09af\\u09bc\\u09be\\u09b0 \\u09a1\\u09be\\u09af\\u09bc\\u09ae\\u09a8\\u09cd\\u09a1 \\u099f\\u09aa\\u0986\\u09aa,free fire top up Bangladesh,\\u09ab\\u09cd\\u09b0\\u09bf \\u09ab\\u09be\\u09af\\u09bc\\u09be\\u09b0 \\u0986\\u0987\\u09a1\\u09bf\\u09a4\\u09c7 \\u09a1\\u09be\\u09af\\u09bc\\u09ae\\u09a8\\u09cd\\u09a1 \\u09a8\\u09c7\\u0993\\u09af\\u09bc\\u09be,\\u09ac\\u09be\\u0982\\u09b2\\u09be\\u09a6\\u09c7\\u09b6\\u09c7 \\u09b8\\u09c7\\u09b0\\u09be \\u09ab\\u09cd\\u09b0\\u09bf \\u09ab\\u09be\\u09af\\u09bc\\u09be\\u09b0 \\u09b0\\u09bf\\u099a\\u09be\\u09b0\\u09cd\\u099c \\u09b8\\u09be\\u0987\\u099f,\\u099f\\u09aa\\u099f\\u09c7\\u09a8 \\u098f\\u09ab\\u098f\\u09ab \\u09a1\\u09be\\u09af\\u09bc\\u09ae\\u09a8\\u09cd\\u09a1 \\u0995\\u09bf\\u09a8\\u09a4\\u09c7 \\u099a\\u09be\\u0987,\\u099f\\u09aa\\u099f\\u09c7\\u09a8 \\u098f\\u09ab \\u098f\\u09ab \\u09b8\\u09be\\u0987\\u099f\\u09c7 \\u0995\\u09bf\\u09ad\\u09be\\u09ac\\u09c7 \\u09b0\\u09bf\\u099a\\u09be\\u09b0\\u09cd\\u099c \\u0995\\u09b0\\u09ac\\u09cb,\\u09ab\\u09cd\\u09b0\\u09bf \\u09ab\\u09be\\u09af\\u09bc\\u09be\\u09b0 \\u09a1\\u09be\\u09af\\u09bc\\u09ae\\u09a8\\u09cd\\u09a1 \\u099f\\u09aa\\u0986\\u09aa \\u0995\\u09bf\\u09ad\\u09be\\u09ac\\u09c7 \\u0995\\u09b0\\u09ac\\u09cb,\\u09ab\\u09cd\\u09b0\\u09bf \\u09ab\\u09be\\u09af\\u09bc\\u09be\\u09b0 \\u09b0\\u09bf\\u099a\\u09be\\u09b0\\u09cd\\u099c \\u09b8\\u09be\\u0987\\u099f \\u09ac\\u09be\\u0982\\u09b2\\u09be\\u09a6\\u09c7\\u09b6,\\u0997\\u09c7\\u09ae\\u09bf\\u0982 \\u09a1\\u09be\\u09af\\u09bc\\u09ae\\u09a8\\u09cd\\u09a1 \\u0995\\u09bf\\u09ad\\u09be\\u09ac\\u09c7 \\u0995\\u09bf\\u09a8\\u09ac\\u09cb,buy free fire diamond bd,free fire monthly membership bd,free fire weekly card bd,toptenff shop free fire top up,unipin voucher bd,top up free fire id bd,buy unipin voucher Bangladesh,dada gaming,DADA GAMING\"', '2024-06-30 17:25:57', '2025-08-20 07:07:17'),
(46, 'general', 'fb_og_image', 0, '\"settings\\/01K316TC07RJ908FM03VT5D42Z.png\"', '2024-06-30 17:25:57', '2025-08-20 07:07:17'),
(47, 'general', 'twitter_og_image', 0, '\"settings\\/01K316TC095MSYX7CHRG4FDQE6.png\"', '2024-06-30 17:25:57', '2025-08-20 07:07:17'),
(48, 'general', 'enable_notice', 0, 'true', '2024-06-30 17:25:57', '2025-08-20 07:07:17'),
(49, 'general', 'notice_title', 0, '\"Notice:\"', '2024-06-30 17:25:57', '2025-08-20 07:07:17'),
(50, 'general', 'notice_content', 0, '\"OUR TOPUP \\u09b8\\u09be\\u0987\\u099f \\u09b0\\u09be\\u09a4 \\u09a6\\u09bf\\u09a8 \\u09e8\\u09ea \\u0998\\u09a8\\u09cd\\u099f\\u09be \\u099a\\u09be\\u09b2\\u09c1 \\u09a5\\u09be\\u0995\\u09c7\\u0964 AI \\u09ac\\u099f\\u09c7\\u09b0 \\u09ae\\u09be\\u09a7\\u09cd\\u09af\\u09ae\\u09c7 \\u09ae\\u09be\\u09a4\\u09cd\\u09b0 \\u09e9\\u09e6 \\u09b8\\u09c7\\u0995\\u09c7\\u09a8\\u09cd\\u09a1\\u09c7 \\u09af\\u09c7 \\u0995\\u09cb\\u09a8 \\u0985\\u09b0\\u09cd\\u09a1\\u09be\\u09b0 \\u09a1\\u09c7\\u09b2\\u09bf\\u09ad\\u09be\\u09b0\\u09bf \\u09a6\\u09c7\\u0993\\u09af\\u09bc\\u09be \\u09b9\\u09af\\u09bc\\u0964 Topup Service [ 9 AM - 10 PM ]\"', '2024-06-30 17:25:57', '2025-08-20 07:07:17'),
(51, 'general', 'base_currency', 0, '\"BDT\"', '2024-06-30 17:25:57', '2025-08-20 07:07:17'),
(52, 'general', 'currency_symbol', 0, '\"\\u09f3\"', '2024-06-30 17:25:57', '2025-08-20 07:07:17'),
(53, 'general', 'enable_pwa', 0, 'true', '2024-06-30 17:25:57', '2025-08-20 07:07:17'),
(54, 'general', 'pwa_icon', 0, '\"settings\\/01K316VBFVRZZ2B0RE8DM87Z6A.png\"', '2024-06-30 17:25:57', '2025-08-20 07:07:17'),
(55, 'general', 'enable_uid_checker', 0, 'true', '2024-06-30 17:25:57', '2025-08-20 07:07:17'),
(56, 'general', 'enable_auto_topup', 0, 'true', '2024-06-30 17:25:57', '2025-08-20 07:07:17'),
(57, 'general', 'topup_provider', 0, '\"FreeFire\"', '2024-06-30 17:25:57', '2025-08-20 07:07:17'),
(58, 'general', 'free_fire_server_url', 0, '\"http:\\/\\/15.235.186.24:3333\\/complete\"', '2024-06-30 17:25:57', '2025-08-20 07:07:17'),
(59, 'general', 'free_fire_server_api_key', 0, '\"ANOYAUTOTOPUPAPI15\"', '2024-06-30 17:25:57', '2025-08-20 07:07:17'),
(60, 'general', 'version', 0, '\"1.1.4\"', '2024-06-30 17:25:57', '2025-08-20 07:07:17'),
(63, 'general', 'telegram_bot_token', 0, '\"8466190471:AAF7NLIAsRyfICJyw3cEQRVkoAJfDP227X0\"', NULL, '2025-08-20 07:07:17'),
(64, 'general', 'telegram_chat_id', 0, '\"5995672408\"', NULL, '2025-08-20 07:07:17'),
(8317, 'general', 'telegram_link', 0, '\"https:\\/\\/t.me\\/Developeremon2\"', NULL, '2025-08-20 07:07:17'),
(8441, 'general', 'wallet_image', 0, '\"settings\\/01K316Q5QB1N9K4JV2AARRN0VK.jpg\"', NULL, '2025-08-20 07:07:17');

-- --------------------------------------------------------

--
-- Table structure for table `sliders`
--

CREATE TABLE `sliders` (
  `id` bigint(20) UNSIGNED NOT NULL,
  `url` varchar(255) DEFAULT NULL,
  `order_column` int(11) NOT NULL DEFAULT 0,
  `status` tinyint(1) NOT NULL DEFAULT 1,
  `created_at` timestamp NULL DEFAULT NULL,
  `updated_at` timestamp NULL DEFAULT NULL
) ENGINE=InnoDB DEFAULT CHARSET=utf8mb4 COLLATE=utf8mb4_unicode_ci;

--
-- Dumping data for table `sliders`
--

INSERT INTO `sliders` (`id`, `url`, `order_column`, `status`, `created_at`, `updated_at`) VALUES
(7, 'https://t.me/Habib_Chowdhury_6T9', 0, 1, '2025-08-06 08:48:15', '2025-08-09 06:44:36'),
(8, 'https://t.me/Habib_Chowdhury_6T9', 0, 1, '2025-08-06 08:49:15', '2025-08-09 06:44:14'),
(9, 'https://t.me/Habib_Chowdhury_6T9', 0, 1, '2025-08-06 08:49:36', '2025-08-09 06:43:52'),
(10, 'https://t.me/Habib_Chowdhury_6T9', 0, 1, '2025-08-06 08:49:59', '2025-08-09 06:43:35'),
(11, 'https://t.me/Developeremon2', 0, 1, '2025-08-09 06:45:08', '2025-08-19 14:12:20');

-- --------------------------------------------------------

--
-- Table structure for table `transactions`
--

CREATE TABLE `transactions` (
  `id` bigint(20) UNSIGNED NOT NULL,
  `user_id` bigint(20) UNSIGNED NOT NULL,
  `order_id` bigint(20) UNSIGNED DEFAULT NULL,
  `deposit_id` bigint(20) UNSIGNED DEFAULT NULL,
  `amount` decimal(16,2) NOT NULL DEFAULT 0.00,
  `payment_method` varchar(55) NOT NULL,
  `transaction_id` varchar(55) NOT NULL,
  `trx_type` enum('+','-') NOT NULL DEFAULT '-',
  `remarks` text NOT NULL,
  `created_at` timestamp NULL DEFAULT NULL,
  `updated_at` timestamp NULL DEFAULT NULL
) ENGINE=InnoDB DEFAULT CHARSET=utf8mb4 COLLATE=utf8mb4_unicode_ci;

--
-- Dumping data for table `transactions`
--

INSERT INTO `transactions` (`id`, `user_id`, `order_id`, `deposit_id`, `amount`, `payment_method`, `transaction_id`, `trx_type`, `remarks`, `created_at`, `updated_at`) VALUES
(90, 3970, 103, NULL, 232.00, 'wallet', 'XZ24EMO991RQ', '-', 'Product is being purchased using the wallet, Order ID: 103', '2025-08-19 14:08:19', '2025-08-19 14:08:19'),
(91, 3970, 104, NULL, 6278.00, 'wallet', '2TUQ95F8XVF2', '-', 'Product is being purchased using the wallet, Order ID: 104', '2025-08-19 19:05:35', '2025-08-19 19:05:35'),
(92, 3970, 105, NULL, 22.00, 'wallet', '9FC4A4WRMO8X', '-', 'Product is being purchased using the wallet, Order ID: 105', '2025-08-20 05:41:04', '2025-08-20 05:41:04'),
(93, 3970, 106, NULL, 22.00, 'wallet', '18NQQRT6GE7Z', '-', 'Product is being purchased using the wallet, Order ID: 106', '2025-08-20 07:10:27', '2025-08-20 07:10:27'),
(94, 3970, 107, NULL, 22.00, 'wallet', 'HZUYW7BETBTE', '-', 'Product is being purchased using the wallet, Order ID: 107', '2025-08-20 07:16:46', '2025-08-20 07:16:46'),
(95, 3970, 108, NULL, 22.00, 'wallet', '1B3C1V2E85X4', '-', 'Product is being purchased using the wallet, Order ID: 108', '2025-08-20 07:18:42', '2025-08-20 07:18:42'),
(96, 3970, 109, NULL, 22.00, 'wallet', 'BBHUNYRMR4W8', '-', 'Product is being purchased using the wallet, Order ID: 109', '2025-08-20 08:34:51', '2025-08-20 08:34:51'),
(97, 3970, 110, NULL, 22.00, 'wallet', 'W1Z8G8KU1GN7', '-', 'Product is being purchased using the wallet, Order ID: 110', '2025-08-20 08:39:04', '2025-08-20 08:39:04'),
(98, 3970, 111, NULL, 22.00, 'wallet', 'J9Z7W2786YXX', '-', 'Product is being purchased using the wallet, Order ID: 111', '2025-08-20 08:41:25', '2025-08-20 08:41:25'),
(99, 3970, 112, NULL, 745.00, 'wallet', '7N4X9SS8Z3T5', '-', 'Product is being purchased using the wallet, Order ID: 112', '2025-08-20 08:43:10', '2025-08-20 08:43:10'),
(100, 3970, 113, NULL, 735.00, 'wallet', 'ZAQD2U82CTYH', '-', 'Product is being purchased using the wallet, Order ID: 113', '2025-08-20 08:44:27', '2025-08-20 08:44:27'),
(101, 3970, 114, NULL, 1520.00, 'wallet', 'AOSRXCK1CZUQ', '-', 'Product is being purchased using the wallet, Order ID: 114', '2025-08-20 08:49:02', '2025-08-20 08:49:02'),
(102, 3970, 116, NULL, 6278.00, 'wallet', 'EZMHGK9J6R81', '-', 'Product is being purchased using the wallet, Order ID: 116', '2025-08-20 08:58:04', '2025-08-20 08:58:04'),
(103, 3970, 117, NULL, 22.00, 'wallet', 'VU5V6NOYFTMD', '-', 'Product is being purchased using the wallet, Order ID: 117', '2025-08-20 09:00:56', '2025-08-20 09:00:56'),
(104, 3970, 118, NULL, 149.00, 'wallet', 'RFKVT61NJK1K', '-', 'Product is being purchased using the wallet, Order ID: 118', '2025-08-20 09:06:19', '2025-08-20 09:06:19'),
(105, 3970, 119, NULL, 152.00, 'wallet', '6WY8MMABPA8C', '-', 'Product is being purchased using the wallet, Order ID: 119', '2025-08-20 09:06:49', '2025-08-20 09:06:49');

-- --------------------------------------------------------

--
-- Table structure for table `users`
--

CREATE TABLE `users` (
  `id` bigint(20) UNSIGNED NOT NULL,
  `name` varchar(255) NOT NULL,
  `email` varchar(255) NOT NULL,
  `phone` varchar(255) DEFAULT NULL,
  `avatar` varchar(255) DEFAULT NULL,
  `role` enum('user','admin') NOT NULL DEFAULT 'user',
  `balance` decimal(16,2) NOT NULL DEFAULT 0.00,
  `password` varchar(255) NOT NULL,
  `email_verified_at` timestamp NULL DEFAULT NULL,
  `gauth_id` varchar(255) DEFAULT NULL,
  `remember_token` varchar(100) DEFAULT NULL,
  `is_reseller` tinyint(1) NOT NULL DEFAULT 0,
  `status` tinyint(1) NOT NULL DEFAULT 1,
  `created_at` timestamp NULL DEFAULT NULL,
  `updated_at` timestamp NULL DEFAULT NULL,
  `support_pin` varchar(4) DEFAULT NULL
) ENGINE=InnoDB DEFAULT CHARSET=utf8mb4 COLLATE=utf8mb4_unicode_ci;

--
-- Dumping data for table `users`
--

INSERT INTO `users` (`id`, `name`, `email`, `phone`, `avatar`, `role`, `balance`, `password`, `email_verified_at`, `gauth_id`, `remember_token`, `is_reseller`, `status`, `created_at`, `updated_at`, `support_pin`) VALUES
(3970, 'Developer Emon', 'developeremon2@gmail.com', '01966928970', NULL, 'admin', 3399.00, '$2y$10$a.P5PltOaJBkNvY9OYE4C.J0bu/GhfGkHFr1gJ/Pb18D4ZdEZtDuq', NULL, NULL, 'md0cwHiPPZVqOvqjpFeYl0sfnzl7m9FHvkn2jMw9z30mcpcIxR7wgecRfUNk', 0, 1, '2025-08-19 13:58:19', '2025-08-20 09:06:49', '9122');

-- --------------------------------------------------------

--
-- Table structure for table `variations`
--

CREATE TABLE `variations` (
  `id` bigint(20) UNSIGNED NOT NULL,
  `product_id` bigint(20) UNSIGNED NOT NULL,
  `title` varchar(255) NOT NULL,
  `price` decimal(16,2) NOT NULL DEFAULT 0.00,
  `stock` int(11) NOT NULL DEFAULT 0,
  `automatic` tinyint(4) NOT NULL DEFAULT 0,
  `provider` varchar(255) DEFAULT NULL,
  `provider_product_id` varchar(255) DEFAULT NULL,
  `created_at` timestamp NULL DEFAULT NULL,
  `updated_at` timestamp NULL DEFAULT NULL,
  `buy_rate` decimal(16,2) NOT NULL DEFAULT 0.00
) ENGINE=InnoDB DEFAULT CHARSET=utf8mb4 COLLATE=utf8mb4_unicode_ci;

--
-- Dumping data for table `variations`
--

INSERT INTO `variations` (`id`, `product_id`, `title`, `price`, `stock`, `automatic`, `provider`, `provider_product_id`, `created_at`, `updated_at`, `buy_rate`) VALUES
(129, 34, '3 month ', 1755.00, 999, 0, NULL, NULL, '2025-08-07 18:51:24', '2025-08-07 18:51:24', 0.00),
(131, 34, '6 month ', 2420.00, 999, 0, NULL, NULL, '2025-08-07 18:53:17', '2025-08-07 18:53:17', 0.00),
(132, 34, '1 Year ', 4230.00, 997, 0, NULL, NULL, '2025-08-07 18:56:28', '2025-08-09 16:34:38', 0.00),
(133, 17, '3 Days Evo Access', 85.00, 999, 0, NULL, NULL, '2025-08-07 18:58:40', '2025-08-07 18:58:40', 65.00),
(134, 17, '7 Days Evo Access', 130.00, 999, 0, NULL, NULL, '2025-08-07 18:59:18', '2025-08-07 18:59:18', 100.00),
(135, 17, '30 Days Evo Access', 320.00, 999, 0, NULL, NULL, '2025-08-07 19:00:15', '2025-08-07 19:00:15', 290.00),
(136, 18, '0.99$ [ 90 BDT ] Airdrop', 150.00, 999, 0, NULL, NULL, '2025-08-07 19:03:11', '2025-08-07 19:03:11', 135.00),
(137, 18, '1.99$ [ 190 BDT ] Airdrop', 310.00, 999, 0, NULL, NULL, '2025-08-07 19:04:08', '2025-08-07 19:04:08', 265.00),
(138, 18, '3.99$ [ 390 BDT ] Airdrop', 430.00, 999, 0, NULL, NULL, '2025-08-07 19:05:05', '2025-08-07 19:05:05', 385.00),
(139, 14, '1X Weekly Lite', 45.00, 999, 0, NULL, NULL, '2025-08-07 19:07:34', '2025-08-07 19:07:34', 40.00),
(140, 14, '2X Weekly Lite', 90.00, 999, 0, NULL, NULL, '2025-08-07 19:08:14', '2025-08-07 19:08:14', 80.00),
(141, 14, '3X Weekly Lite', 135.00, 999, 0, NULL, NULL, '2025-08-07 19:08:52', '2025-08-07 19:08:52', 120.00),
(142, 14, '5X Weekly Lite', 225.00, 999, 0, NULL, NULL, '2025-08-07 19:09:37', '2025-08-07 19:09:37', 200.00),
(143, 16, 'Level Up Package - Level 6', 55.00, 999, 0, NULL, NULL, '2025-08-07 19:11:05', '2025-08-07 19:11:05', 40.00),
(144, 16, 'Level Up Package - Level 10', 85.00, 999, 0, NULL, NULL, '2025-08-07 19:11:43', '2025-08-07 19:11:43', 70.00),
(145, 16, 'Level Up Package - Level 15', 85.00, 999, 0, NULL, NULL, '2025-08-07 19:12:53', '2025-08-07 19:12:53', 70.00),
(146, 16, 'Level Up Package - Level 20', 85.00, 999, 0, NULL, NULL, '2025-08-07 19:13:37', '2025-08-07 19:13:37', 70.00),
(147, 16, 'Level Up Package - Level 25', 85.00, 999, 0, NULL, NULL, '2025-08-07 19:14:27', '2025-08-07 19:14:27', 70.00),
(148, 16, 'Level Up Package - Level 30', 98.00, 999, 0, NULL, NULL, '2025-08-07 19:14:57', '2025-08-07 19:14:57', 90.00),
(149, 16, 'Level Up Pass [All Package]', 450.00, 998, 0, NULL, NULL, '2025-08-07 19:15:46', '2025-08-09 16:36:32', 375.00),
(150, 13, 'Weekly', 152.00, 998, 0, NULL, NULL, '2025-08-08 05:17:08', '2025-08-20 09:06:49', 148.00),
(151, 13, 'Monthly', 745.00, 998, 0, NULL, NULL, '2025-08-08 05:19:54', '2025-08-20 08:43:10', 733.00),
(152, 13, '2X Weekly', 304.00, 999, 0, NULL, NULL, '2025-08-08 05:21:06', '2025-08-08 05:21:06', 296.00),
(153, 13, '3X Weekly', 456.00, 999, 0, NULL, NULL, '2025-08-08 05:22:02', '2025-08-08 05:22:02', 444.00),
(154, 13, '5X Weekly', 760.00, 999, 0, NULL, NULL, '2025-08-08 05:23:27', '2025-08-08 05:23:27', 740.00),
(155, 13, '2X Monthly', 1520.00, 998, 0, NULL, NULL, '2025-08-08 05:24:11', '2025-08-20 08:49:02', 1466.00),
(156, 13, '1 Weekly + 1 Monthly', 942.00, 999, 0, NULL, NULL, '2025-08-08 05:25:12', '2025-08-08 05:25:12', 881.00),
(157, 13, '4 Weekly + 1 Monthly', 1415.00, 999, 0, NULL, NULL, '2025-08-08 05:26:24', '2025-08-08 06:44:31', 1325.00),
(158, 12, '☞︎︎︎ 20   🆄︎🅲︎', 21.00, 5, 0, NULL, NULL, '2025-08-08 05:28:23', '2025-08-08 05:29:59', 19.00),
(159, 12, '☞︎︎︎ 36  🆄︎🅲︎', 36.00, 5, 0, NULL, NULL, '2025-08-08 05:29:04', '2025-08-08 05:30:05', 34.00),
(160, 12, '☞︎︎︎ 80   🆄︎🅲︎', 76.00, 5, 0, NULL, NULL, '2025-08-08 05:29:41', '2025-08-08 05:30:10', 74.00),
(161, 12, '☞︎︎︎ 160  🆄︎🅲︎', 149.00, 5, 0, NULL, NULL, '2025-08-08 05:31:08', '2025-08-08 05:31:08', 147.00),
(162, 12, '☞︎︎︎ 161  🆄︎🅲︎ ', 152.00, 5, 0, NULL, NULL, '2025-08-08 05:31:46', '2025-08-08 05:31:46', 148.00),
(163, 12, '☞︎︎︎ 405  🆄︎🅲︎', 376.00, 5, 0, NULL, NULL, '2025-08-08 05:32:40', '2025-08-08 05:32:40', 372.00),
(164, 12, '☞︎︎︎ 800  🆄︎🅲︎', 742.00, 5, 0, NULL, NULL, '2025-08-08 05:33:33', '2025-08-08 05:33:33', 733.00),
(165, 12, '☞︎︎︎ 810  🆄︎🅲︎', 755.00, 5, 0, NULL, NULL, '2025-08-08 05:34:40', '2025-08-08 05:34:40', 743.00),
(166, 12, '☞︎︎︎ 1625 🆄︎🅲︎', 1509.00, 5, 0, NULL, NULL, '2025-08-08 05:35:20', '2025-08-08 05:35:20', 1490.00),
(167, 11, '25 Diamond', 22.00, 991, 1, 'FreeFire', '25', '2025-08-08 05:41:28', '2025-08-20 09:00:56', 19.00),
(168, 11, '50 Diamond', 38.00, 998, 0, NULL, NULL, '2025-08-08 05:43:26', '2025-08-09 18:43:03', 34.00),
(169, 11, '115 Diamond', 77.00, 999, 0, NULL, NULL, '2025-08-08 05:43:58', '2025-08-08 05:43:58', 74.00),
(170, 11, '240 Diamond', 153.00, 999, 0, NULL, NULL, '2025-08-08 05:44:43', '2025-08-08 05:44:43', 147.00),
(171, 11, '355 Diamond', 232.00, 998, 0, NULL, NULL, '2025-08-08 05:45:30', '2025-08-19 14:08:19', 221.00),
(172, 11, '480 Diamond', 306.00, 999, 0, NULL, NULL, '2025-08-08 05:46:05', '2025-08-08 05:46:05', 294.00),
(173, 11, '505 Diamond', 328.00, 998, 0, NULL, NULL, '2025-08-08 05:47:56', '2025-08-09 18:06:08', 313.00),
(174, 11, '610 Diamond', 380.00, 997, 0, NULL, NULL, '2025-08-08 06:01:10', '2025-08-09 16:49:25', 372.00),
(175, 11, '850 Diamond', 535.00, 999, 0, NULL, NULL, '2025-08-08 06:05:35', '2025-08-08 06:45:01', 519.00),
(176, 11, '1090 Diamond', 685.00, 999, 0, NULL, NULL, '2025-08-08 06:08:22', '2025-08-08 06:08:22', 666.00),
(177, 11, '1240 Diamond', 760.00, 999, 1, 'FreeFire', '1240', '2025-08-08 06:09:48', '2025-08-20 08:48:10', 755.00),
(178, 11, '1720 Diamond', 1056.00, 997, 0, NULL, NULL, '2025-08-08 06:10:42', '2025-08-09 18:07:13', 1037.00),
(179, 11, '2090 Diamond', 1380.00, 999, 0, NULL, NULL, '2025-08-08 06:13:39', '2025-08-08 06:13:39', 1262.00),
(180, 11, '2530 Diamond', 1530.00, 999, 0, NULL, NULL, '2025-08-08 06:14:36', '2025-08-08 06:14:36', 1490.00),
(181, 11, '5060 Diamond', 3080.00, 999, 0, NULL, NULL, '2025-08-08 06:15:17', '2025-08-08 06:15:17', 2980.00),
(182, 11, '10120 Diamond', 6278.00, 997, 1, 'FreeFire', '2530', '2025-08-08 06:16:07', '2025-08-20 08:58:04', 5960.00),
(183, 11, 'Weekly', 149.00, 49, 1, 'FreeFire', '161', '2025-08-08 06:16:58', '2025-08-20 09:06:19', 148.00),
(184, 11, 'Monthly', 735.00, 49, 1, 'FreeFire', '800', '2025-08-08 06:19:54', '2025-08-20 08:44:27', 733.00);

--
-- Indexes for dumped tables
--

--
-- Indexes for table `auto_vouchers`
--
ALTER TABLE `auto_vouchers`
  ADD PRIMARY KEY (`id`),
  ADD KEY `auto_vouchers_variation_id_foreign` (`variation_id`);

--
-- Indexes for table `categories`
--
ALTER TABLE `categories`
  ADD PRIMARY KEY (`id`),
  ADD UNIQUE KEY `name` (`name`),
  ADD UNIQUE KEY `slug` (`slug`),
  ADD KEY `status` (`status`);

--
-- Indexes for table `deposits`
--
ALTER TABLE `deposits`
  ADD PRIMARY KEY (`id`),
  ADD KEY `deposits_user_id_foreign` (`user_id`);

--
-- Indexes for table `failed_jobs`
--
ALTER TABLE `failed_jobs`
  ADD PRIMARY KEY (`id`),
  ADD UNIQUE KEY `failed_jobs_uuid_unique` (`uuid`);

--
-- Indexes for table `jobs`
--
ALTER TABLE `jobs`
  ADD PRIMARY KEY (`id`),
  ADD KEY `jobs_queue_index` (`queue`);

--
-- Indexes for table `media`
--
ALTER TABLE `media`
  ADD PRIMARY KEY (`id`),
  ADD UNIQUE KEY `media_uuid_unique` (`uuid`),
  ADD KEY `media_model_type_model_id_index` (`model_type`,`model_id`),
  ADD KEY `media_order_column_index` (`order_column`);

--
-- Indexes for table `menus`
--
ALTER TABLE `menus`
  ADD PRIMARY KEY (`id`);

--
-- Indexes for table `migrations`
--
ALTER TABLE `migrations`
  ADD PRIMARY KEY (`id`);

--
-- Indexes for table `orders`
--
ALTER TABLE `orders`
  ADD PRIMARY KEY (`id`),
  ADD KEY `orders_user_id_foreign` (`user_id`);

--
-- Indexes for table `pages`
--
ALTER TABLE `pages`
  ADD PRIMARY KEY (`id`),
  ADD UNIQUE KEY `pages_slug_unique` (`slug`);

--
-- Indexes for table `password_reset_tokens`
--
ALTER TABLE `password_reset_tokens`
  ADD PRIMARY KEY (`email`);

--
-- Indexes for table `personal_access_tokens`
--
ALTER TABLE `personal_access_tokens`
  ADD PRIMARY KEY (`id`),
  ADD UNIQUE KEY `personal_access_tokens_token_unique` (`token`),
  ADD KEY `personal_access_tokens_tokenable_type_tokenable_id_index` (`tokenable_type`,`tokenable_id`);

--
-- Indexes for table `popups`
--
ALTER TABLE `popups`
  ADD PRIMARY KEY (`id`);

--
-- Indexes for table `products`
--
ALTER TABLE `products`
  ADD PRIMARY KEY (`id`);

--
-- Indexes for table `settings`
--
ALTER TABLE `settings`
  ADD PRIMARY KEY (`id`),
  ADD UNIQUE KEY `settings_group_name_unique` (`group`,`name`);

--
-- Indexes for table `sliders`
--
ALTER TABLE `sliders`
  ADD PRIMARY KEY (`id`);

--
-- Indexes for table `transactions`
--
ALTER TABLE `transactions`
  ADD PRIMARY KEY (`id`),
  ADD UNIQUE KEY `transactions_transaction_id_unique` (`transaction_id`),
  ADD KEY `transactions_user_id_foreign` (`user_id`);

--
-- Indexes for table `users`
--
ALTER TABLE `users`
  ADD PRIMARY KEY (`id`),
  ADD UNIQUE KEY `users_email_unique` (`email`);

--
-- Indexes for table `variations`
--
ALTER TABLE `variations`
  ADD PRIMARY KEY (`id`),
  ADD KEY `variations_product_id_foreign` (`product_id`);

--
-- AUTO_INCREMENT for dumped tables
--

--
-- AUTO_INCREMENT for table `auto_vouchers`
--
ALTER TABLE `auto_vouchers`
  MODIFY `id` bigint(20) UNSIGNED NOT NULL AUTO_INCREMENT, AUTO_INCREMENT=4;

--
-- AUTO_INCREMENT for table `categories`
--
ALTER TABLE `categories`
  MODIFY `id` bigint(20) NOT NULL AUTO_INCREMENT, AUTO_INCREMENT=9;

--
-- AUTO_INCREMENT for table `deposits`
--
ALTER TABLE `deposits`
  MODIFY `id` bigint(20) UNSIGNED NOT NULL AUTO_INCREMENT, AUTO_INCREMENT=105;

--
-- AUTO_INCREMENT for table `failed_jobs`
--
ALTER TABLE `failed_jobs`
  MODIFY `id` bigint(20) UNSIGNED NOT NULL AUTO_INCREMENT, AUTO_INCREMENT=85;

--
-- AUTO_INCREMENT for table `jobs`
--
ALTER TABLE `jobs`
  MODIFY `id` bigint(20) UNSIGNED NOT NULL AUTO_INCREMENT, AUTO_INCREMENT=6791;

--
-- AUTO_INCREMENT for table `media`
--
ALTER TABLE `media`
  MODIFY `id` bigint(20) UNSIGNED NOT NULL AUTO_INCREMENT, AUTO_INCREMENT=123;

--
-- AUTO_INCREMENT for table `menus`
--
ALTER TABLE `menus`
  MODIFY `id` bigint(20) UNSIGNED NOT NULL AUTO_INCREMENT, AUTO_INCREMENT=8;

--
-- AUTO_INCREMENT for table `migrations`
--
ALTER TABLE `migrations`
  MODIFY `id` int(10) UNSIGNED NOT NULL AUTO_INCREMENT, AUTO_INCREMENT=20;

--
-- AUTO_INCREMENT for table `orders`
--
ALTER TABLE `orders`
  MODIFY `id` bigint(20) UNSIGNED NOT NULL AUTO_INCREMENT, AUTO_INCREMENT=120;

--
-- AUTO_INCREMENT for table `pages`
--
ALTER TABLE `pages`
  MODIFY `id` bigint(20) UNSIGNED NOT NULL AUTO_INCREMENT, AUTO_INCREMENT=6;

--
-- AUTO_INCREMENT for table `personal_access_tokens`
--
ALTER TABLE `personal_access_tokens`
  MODIFY `id` bigint(20) UNSIGNED NOT NULL AUTO_INCREMENT;

--
-- AUTO_INCREMENT for table `popups`
--
ALTER TABLE `popups`
  MODIFY `id` bigint(20) UNSIGNED NOT NULL AUTO_INCREMENT, AUTO_INCREMENT=5;

--
-- AUTO_INCREMENT for table `products`
--
ALTER TABLE `products`
  MODIFY `id` bigint(20) UNSIGNED NOT NULL AUTO_INCREMENT, AUTO_INCREMENT=43;

--
-- AUTO_INCREMENT for table `settings`
--
ALTER TABLE `settings`
  MODIFY `id` bigint(20) UNSIGNED NOT NULL AUTO_INCREMENT, AUTO_INCREMENT=8442;

--
-- AUTO_INCREMENT for table `sliders`
--
ALTER TABLE `sliders`
  MODIFY `id` bigint(20) UNSIGNED NOT NULL AUTO_INCREMENT, AUTO_INCREMENT=12;

--
-- AUTO_INCREMENT for table `transactions`
--
ALTER TABLE `transactions`
  MODIFY `id` bigint(20) UNSIGNED NOT NULL AUTO_INCREMENT, AUTO_INCREMENT=106;

--
-- AUTO_INCREMENT for table `users`
--
ALTER TABLE `users`
  MODIFY `id` bigint(20) UNSIGNED NOT NULL AUTO_INCREMENT, AUTO_INCREMENT=3971;

--
-- AUTO_INCREMENT for table `variations`
--
ALTER TABLE `variations`
  MODIFY `id` bigint(20) UNSIGNED NOT NULL AUTO_INCREMENT, AUTO_INCREMENT=192;

--
-- Constraints for dumped tables
--

--
-- Constraints for table `auto_vouchers`
--
ALTER TABLE `auto_vouchers`
  ADD CONSTRAINT `auto_vouchers_variation_id_foreign` FOREIGN KEY (`variation_id`) REFERENCES `variations` (`id`) ON DELETE CASCADE ON UPDATE CASCADE;

--
-- Constraints for table `deposits`
--
ALTER TABLE `deposits`
  ADD CONSTRAINT `deposits_user_id_foreign` FOREIGN KEY (`user_id`) REFERENCES `users` (`id`) ON DELETE CASCADE ON UPDATE CASCADE;

--
-- Constraints for table `orders`
--
ALTER TABLE `orders`
  ADD CONSTRAINT `orders_user_id_foreign` FOREIGN KEY (`user_id`) REFERENCES `users` (`id`) ON DELETE CASCADE ON UPDATE CASCADE;

--
-- Constraints for table `transactions`
--
ALTER TABLE `transactions`
  ADD CONSTRAINT `transactions_user_id_foreign` FOREIGN KEY (`user_id`) REFERENCES `users` (`id`) ON DELETE CASCADE ON UPDATE CASCADE;

--
-- Constraints for table `variations`
--
ALTER TABLE `variations`
  ADD CONSTRAINT `variations_product_id_foreign` FOREIGN KEY (`product_id`) REFERENCES `products` (`id`) ON DELETE CASCADE ON UPDATE CASCADE;
COMMIT;

